{"id":1025,"date":"2023-10-24T12:31:17","date_gmt":"2023-10-24T10:31:17","guid":{"rendered":"https:\/\/aufildespierres.com\/?post_type=product&#038;p=1025"},"modified":"2025-09-14T17:25:55","modified_gmt":"2025-09-14T15:25:55","slug":"bracelet-tanzanite-et-amethyste","status":"publish","type":"product","link":"https:\/\/aufildespierres.com\/index.php\/product\/bracelet-tanzanite-et-amethyste\/","title":{"rendered":"Bracelet Tanzanite et Am\u00e9thyste"},"content":{"rendered":"<p>Bracelet d&rsquo;exception de par la raret\u00e9 de la Tanzanite dont il n&rsquo;existe qu&rsquo;un seul gisement en Tanzanie qui a d\u00e9ja \u00e9t\u00e9 bien exploit\u00e9. Il est probable que d&rsquo;ici 10 \u00e0 20 ans il n&rsquo;y aura plus de cette pierre.<\/p>\n<p>Par ailleurs celle utilis\u00e9e sur le bracelet est de qualit\u00e9 A .<\/p>\n<p><strong>Bracelet adapt\u00e9 pour un poignet de 17 \u00e0 18 cm\u00a0<\/strong><\/p>\n<p><strong>compos\u00e9 de 3 perles d&rsquo;Am\u00e9thyste qualit\u00e9 A et 18 perles de Tanzanite A en 8mm\u00a0<\/strong><\/p>\n<p>perles d&rsquo;espacement en acier inoxydable.<\/p>\n<p><strong>TANZANITE<\/strong><\/p>\n<p>Pierre rare qui peut \u00eatre bleue ou violac\u00e9e<\/p>\n<p>Pierre associ\u00e9e aux natifs du mois de d\u00e9cembre<\/p>\n<p>Pierre du chakra de la gorge<\/p>\n<ul>\n<li>Stimule la cr\u00e9ativit\u00e9, l&rsquo;envie d&rsquo;apprendre, conseill\u00e9e aux artistes et \u00e9crivains<\/li>\n<li>Favorise la prise de parole l&rsquo;humour et la repartie et favorise un discours pos\u00e9<\/li>\n<li>Pierre qui permet de s&rsquo;accomplir en d\u00e9veloppant confiance et foi en ses capacit\u00e9s surtout intuitives<\/li>\n<li>Favorise le d\u00e9veloppement intellectuel et l&rsquo;\u00e9volution vers la sagesse<\/li>\n<li>Favorise les perceptions extra sensorielles et les capacit\u00e9s de voyance<\/li>\n<li>Soutient ou\u00efe et vue et syst\u00e8me nerveux<\/li>\n<li>Action sur le syst\u00e8me digestif et r\u00e9nal<\/li>\n<li>Pouvoir de r\u00e9g\u00e9n\u00e9ration cellulaire qui am\u00e9liore les probl\u00e8mes de peau.<\/li>\n<\/ul>\n<p>&nbsp;<\/p>\n<p><strong>l&rsquo;AMETHYSTE<\/strong><strong>\u00a0 \u00a0 \u00a0 \u00a0 \u00a0 \u00a0 \u00a0 \u00a0 \u00a0 \u00a0 \u00a0 \u00a0 \u00a0 \u00a0 \u00a0 \u00a0 \u00a0 \u00a0 \u00a0 \u00a0 \u00a0 \u00a0 \u00a0<\/strong><\/p>\n<p><strong>Cr\u00e9ativit\u00e9, imagination, \u00e9veil spirituel <\/strong><\/p>\n<p><u>Syst\u00e8me cristallin<\/u>\u00a0: Rhombo\u00e9drique\u00a0\u00a0 Groupe des Quartz<\/p>\n<p>chakra couronne et 3 eme \u0153il<\/p>\n<p><u>Duret\u00e9<\/u>\u00a0: 7<\/p>\n<p>Chakra couronne et 3 \u00e8me \u0153il<\/p>\n<p><u>Couleurs <\/u>\/ variantes\u00a0: violet mauve pale a plus soutenu<\/p>\n<p>Am\u00e9thyste lavande mauve, chevron violette avec des bandes blanches, fant\u00f4me violet \u00e0 brune<\/p>\n<p>La couleur violette est associ\u00e9e \u00e0 l&rsquo;imaginaire, les r\u00eaves.<\/p>\n<p>\u00c9galement \u00e0 l&rsquo;ouverture d&rsquo;esprit, l&rsquo;\u00e9mergence d&rsquo;id\u00e9es nouvelles et \u00e0 la cr\u00e9ativit\u00e9 .<\/p>\n<p>Elle correspondra bien aux personnes artistes de ce fait.<\/p>\n<p>Gisements\u00a0: Uruguay Br\u00e9sil Madagascar Russie Etats Unis Sri Lanka Inde Australie<\/p>\n<p>Elle augmente les perceptions plus subtiles de l&rsquo;esprit comme la clairvoyance et les intuitions.<\/p>\n<p>Si par contre vous \u00eates de nature tr\u00e8s r\u00eaveur,\u00a0 d\u00e9connect\u00e9 du r\u00e9el et que vous fuyez votre r\u00e9alit\u00e9 dans l&rsquo;imaginaire,\u00a0 que vous avez des manques de rep\u00e8res ou des difficult\u00e9s \u00e0 concevoir vos propres exp\u00e9riences cette pierre ne vous sera pas favorable.<\/p>\n<p>L&rsquo;am\u00e9thyste est tr\u00e8s connue pour ses g\u00e9odes qui outre leur beaut\u00e9 peuvent purifier \u00a0une atmosph\u00e8re en diminuant les ondes \u00e9lectromagn\u00e9tiques et \u00e9nergies n\u00e9gatives ou attaque des esprits \u00a0et all\u00e9ger des tensions.<\/p>\n<p>La g\u00e9ode d\u2019am\u00e9thyste permet de recharger les pierres violettes.<\/p>\n<p>&nbsp;<\/p>\n<p><strong>Propri\u00e9t\u00e9s psychiques :<\/strong><\/p>\n<ul>\n<li>Pierre de s\u00e9r\u00e9nit\u00e9 et m\u00e9ditation qui calme les nerveux et col\u00e9reux<\/li>\n<li>Eveille le spirituel et aide \u00e0 la concentration mentale<\/li>\n<li>Renforce la volont\u00e9 et limite les esprits born\u00e9s<\/li>\n<li>Aide \u00e0 accepter ce qui est diff\u00e9rent et \u00e9tranger \u00e0 nous<\/li>\n<li>D\u00e9veloppe sagesse, humilit\u00e9 clart\u00e9 de l\u2019esprit<\/li>\n<li>Dissipe les peurs et phobies anxi\u00e9t\u00e9 et tristesse<\/li>\n<li>Aide lors des deuils et s\u00e9parations<\/li>\n<li>Travaille sur les pulsions et \u00e9motions causant des souffrances\u00a0; permet de se contr\u00f4ler lors d\u2019un r\u00e9gime ou sous d\u00e9pendance<\/li>\n<li>Adapt\u00e9e aux personnes impulsives et excessives, \u00a0pierre de signes de feu.<\/li>\n<\/ul>\n<ul>\n<li>Favorise les communications au sein d\u2019une relation<\/li>\n<li>Stimule le pouvoir de s\u00e9duction et assurance<\/li>\n<li>Consolide les liens d\u2019une relation existante<\/li>\n<li>Pour diminuer le stress en d\u00e9but de relation, all\u00e8ge les tensions psychiques et les \u00e9motions pour \u00eatre soi -m\u00eame et plus naturel .<\/li>\n<\/ul>\n<p><strong>Propri\u00e9t\u00e9s physiques :<\/strong><\/p>\n<ul>\n<li>Peut Favoriser le sommeil si l&rsquo;insomnie est li\u00e9e \u00e0 une activit\u00e9 c\u00e9r\u00e9brale excessive, diminue les cauchemars<\/li>\n<li>Calme les maux de t\u00eate et migraines<\/li>\n<li>Relie le corps mental physique et \u00e9motionnel<\/li>\n<li>Purifie une personne ou un lieu<\/li>\n<li>Utile pour m\u00e9tabolisme, syst\u00e8me immunitaire, tension musculaire , affections respiratoires.<\/li>\n<\/ul>\n<ul>\n<li>Nettoie le sang et les fluides du corps, aide contre les compulsions et addictions (tabac , alcool ).<\/li>\n<li>L\u2019\u00e9lixir aide contre ecz\u00e9ma et psoriasis et les taches de vieillesse<\/li>\n<\/ul>\n<p>Purification\u00a0: eau douce terre encens<\/p>\n<p>Recharge : lune\u00a0 amas de quartz,\u00a0 pas de soleil qui ferait ternir les couleurs.<\/p>\n<p>Signes Astrologiques\u00a0: Sagittaire Poissons Vierge Verseau Capricorne<\/p>\n<p>Non conseill\u00e9 aux personnes atteintes de parano\u00efa et schizophr\u00e9nie.<\/p>\n<p>&nbsp;<\/p>\n<p>&nbsp;<\/p>\n","protected":false},"excerpt":{"rendered":"<p>Bracelet d&rsquo;exception de par la raret\u00e9 de la Tanzanite dont il n&rsquo;existe qu&rsquo;un seul gisement en Tanzanie qui a d\u00e9ja \u00e9t\u00e9 bien exploit\u00e9. Il est probable que d&rsquo;ici 10 \u00e0 20 ans il n&rsquo;y aura plus de cette pierre. Par ailleurs celle utilis\u00e9e sur le bracelet est de qualit\u00e9 A . Bracelet adapt\u00e9 pour un [&hellip;]<\/p>\n","protected":false},"featured_media":1026,"comment_status":"open","ping_status":"closed","template":"","meta":{"site-sidebar-layout":"default","site-content-layout":"","ast-site-content-layout":"default","site-content-style":"default","site-sidebar-style":"default","ast-global-header-display":"","ast-banner-title-visibility":"","ast-main-header-display":"","ast-hfb-above-header-display":"","ast-hfb-below-header-display":"","ast-hfb-mobile-header-display":"","site-post-title":"","ast-breadcrumbs-content":"","ast-featured-img":"","footer-sml-layout":"","ast-disable-related-posts":"","theme-transparent-header-meta":"default","adv-header-id-meta":"","stick-header-meta":"","header-above-stick-meta":"","header-main-stick-meta":"","header-below-stick-meta":"","astra-migrate-meta-layouts":"set","ast-page-background-enabled":"default","ast-page-background-meta":{"desktop":{"background-color":"var(--ast-global-color-4)","background-image":"","background-repeat":"repeat","background-position":"center center","background-size":"auto","background-attachment":"scroll","background-type":"","background-media":"","overlay-type":"","overlay-color":"","overlay-opacity":"","overlay-gradient":""},"tablet":{"background-color":"","background-image":"","background-repeat":"repeat","background-position":"center center","background-size":"auto","background-attachment":"scroll","background-type":"","background-media":"","overlay-type":"","overlay-color":"","overlay-opacity":"","overlay-gradient":""},"mobile":{"background-color":"","background-image":"","background-repeat":"repeat","background-position":"center center","background-size":"auto","background-attachment":"scroll","background-type":"","background-media":"","overlay-type":"","overlay-color":"","overlay-opacity":"","overlay-gradient":""}},"ast-content-background-meta":{"desktop":{"background-color":"var(--ast-global-color-5)","background-image":"","background-repeat":"repeat","background-position":"center center","background-size":"auto","background-attachment":"scroll","background-type":"","background-media":"","overlay-type":"","overlay-color":"","overlay-opacity":"","overlay-gradient":""},"tablet":{"background-color":"var(--ast-global-color-5)","background-image":"","background-repeat":"repeat","background-position":"center center","background-size":"auto","background-attachment":"scroll","background-type":"","background-media":"","overlay-type":"","overlay-color":"","overlay-opacity":"","overlay-gradient":""},"mobile":{"background-color":"var(--ast-global-color-5)","background-image":"","background-repeat":"repeat","background-position":"center center","background-size":"auto","background-attachment":"scroll","background-type":"","background-media":"","overlay-type":"","overlay-color":"","overlay-opacity":"","overlay-gradient":""}},"_glsr_average":0,"_glsr_ranking":0,"_glsr_reviews":0},"product_brand":[],"product_cat":[54,70,72,56,290,81,169,69],"product_tag":[],"class_list":{"0":"post-1025","1":"product","2":"type-product","3":"status-publish","4":"has-post-thumbnail","6":"product_cat-8-mm","7":"product_cat-amethyste","8":"product_cat-bleu","9":"product_cat-bracelets-de-lithotherapie","10":"product_cat-bracelets-de-lithotherapie-femmes","11":"product_cat-connexion-spirituelle","12":"product_cat-tanzanite","13":"product_cat-violet","14":"desktop-align-left","15":"tablet-align-left","16":"mobile-align-left","18":"first","19":"instock","20":"purchasable","21":"product-type-simple"},"yoast_head":"<!-- This site is optimized with the Yoast SEO plugin v27.5 - https:\/\/yoast.com\/product\/yoast-seo-wordpress\/ -->\n<title>Bracelet Tanzanite et Am\u00e9thyste - Au fil des pierres<\/title>\n<meta name=\"description\" content=\"&quot;D\u00e9couvrez l\u2019harmonie des \u00e9nergies avec ce bracelet en Tanzanite et Am\u00e9thyste. Un bijou en pierres naturelles qui unit intuition, s\u00e9r\u00e9nit\u00e9 et transformation pour accompagner votre \u00e9quilibre int\u00e9rieur.&quot;\" \/>\n<meta name=\"robots\" content=\"index, follow, max-snippet:-1, max-image-preview:large, max-video-preview:-1\" \/>\n<link rel=\"canonical\" href=\"https:\/\/aufildespierres.com\/index.php\/product\/bracelet-tanzanite-et-amethyste\/\" \/>\n<meta property=\"og:locale\" content=\"fr_FR\" \/>\n<meta property=\"og:type\" content=\"article\" \/>\n<meta property=\"og:title\" content=\"Bracelet Tanzanite et Am\u00e9thyste - Au fil des pierres\" \/>\n<meta property=\"og:description\" content=\"&quot;D\u00e9couvrez l\u2019harmonie des \u00e9nergies avec ce bracelet en Tanzanite et Am\u00e9thyste. Un bijou en pierres naturelles qui unit intuition, s\u00e9r\u00e9nit\u00e9 et transformation pour accompagner votre \u00e9quilibre int\u00e9rieur.&quot;\" \/>\n<meta property=\"og:url\" content=\"https:\/\/aufildespierres.com\/index.php\/product\/bracelet-tanzanite-et-amethyste\/\" \/>\n<meta property=\"og:site_name\" content=\"Au fil des pierres\" \/>\n<meta property=\"article:modified_time\" content=\"2025-09-14T15:25:55+00:00\" \/>\n<meta property=\"og:image\" content=\"https:\/\/aufildespierres.com\/wp-content\/uploads\/2023\/10\/20231022_165756-scaled.jpg\" \/>\n\t<meta property=\"og:image:width\" content=\"2560\" \/>\n\t<meta property=\"og:image:height\" content=\"1802\" \/>\n\t<meta property=\"og:image:type\" content=\"image\/jpeg\" \/>\n<meta name=\"twitter:card\" content=\"summary_large_image\" \/>\n<meta name=\"twitter:label1\" content=\"Dur\u00e9e de lecture estim\u00e9e\" \/>\n\t<meta name=\"twitter:data1\" content=\"4 minutes\" \/>\n<script type=\"application\/ld+json\" class=\"yoast-schema-graph\">{\"@context\":\"https:\\\/\\\/schema.org\",\"@graph\":[{\"@type\":\"WebPage\",\"@id\":\"https:\\\/\\\/aufildespierres.com\\\/index.php\\\/product\\\/bracelet-tanzanite-et-amethyste\\\/\",\"url\":\"https:\\\/\\\/aufildespierres.com\\\/index.php\\\/product\\\/bracelet-tanzanite-et-amethyste\\\/\",\"name\":\"Bracelet Tanzanite et Am\u00e9thyste - Au fil des pierres\",\"isPartOf\":{\"@id\":\"https:\\\/\\\/aufildespierres.com\\\/#website\"},\"primaryImageOfPage\":{\"@id\":\"https:\\\/\\\/aufildespierres.com\\\/index.php\\\/product\\\/bracelet-tanzanite-et-amethyste\\\/#primaryimage\"},\"image\":{\"@id\":\"https:\\\/\\\/aufildespierres.com\\\/index.php\\\/product\\\/bracelet-tanzanite-et-amethyste\\\/#primaryimage\"},\"thumbnailUrl\":\"https:\\\/\\\/aufildespierres.com\\\/wp-content\\\/uploads\\\/2023\\\/10\\\/20231022_165756-scaled.jpg\",\"datePublished\":\"2023-10-24T10:31:17+00:00\",\"dateModified\":\"2025-09-14T15:25:55+00:00\",\"description\":\"\\\"D\u00e9couvrez l\u2019harmonie des \u00e9nergies avec ce bracelet en Tanzanite et Am\u00e9thyste. Un bijou en pierres naturelles qui unit intuition, s\u00e9r\u00e9nit\u00e9 et transformation pour accompagner votre \u00e9quilibre int\u00e9rieur.\\\"\",\"breadcrumb\":{\"@id\":\"https:\\\/\\\/aufildespierres.com\\\/index.php\\\/product\\\/bracelet-tanzanite-et-amethyste\\\/#breadcrumb\"},\"inLanguage\":\"fr-FR\",\"potentialAction\":[{\"@type\":\"ReadAction\",\"target\":[\"https:\\\/\\\/aufildespierres.com\\\/index.php\\\/product\\\/bracelet-tanzanite-et-amethyste\\\/\"]}]},{\"@type\":\"ImageObject\",\"inLanguage\":\"fr-FR\",\"@id\":\"https:\\\/\\\/aufildespierres.com\\\/index.php\\\/product\\\/bracelet-tanzanite-et-amethyste\\\/#primaryimage\",\"url\":\"https:\\\/\\\/aufildespierres.com\\\/wp-content\\\/uploads\\\/2023\\\/10\\\/20231022_165756-scaled.jpg\",\"contentUrl\":\"https:\\\/\\\/aufildespierres.com\\\/wp-content\\\/uploads\\\/2023\\\/10\\\/20231022_165756-scaled.jpg\",\"width\":2560,\"height\":1802},{\"@type\":\"BreadcrumbList\",\"@id\":\"https:\\\/\\\/aufildespierres.com\\\/index.php\\\/product\\\/bracelet-tanzanite-et-amethyste\\\/#breadcrumb\",\"itemListElement\":[{\"@type\":\"ListItem\",\"position\":1,\"name\":\"Accueil\",\"item\":\"https:\\\/\\\/aufildespierres.com\\\/\"},{\"@type\":\"ListItem\",\"position\":2,\"name\":\"Boutique de Lithoth\u00e9rapie\",\"item\":\"https:\\\/\\\/aufildespierres.com\\\/index.php\\\/boutique-de-lithotherapie\\\/\"},{\"@type\":\"ListItem\",\"position\":3,\"name\":\"Bracelet Tanzanite et Am\u00e9thyste\"}]},{\"@type\":\"WebSite\",\"@id\":\"https:\\\/\\\/aufildespierres.com\\\/#website\",\"url\":\"https:\\\/\\\/aufildespierres.com\\\/\",\"name\":\"Au fil des pierres\",\"description\":\"Au fil des pierres\",\"publisher\":{\"@id\":\"https:\\\/\\\/aufildespierres.com\\\/#organization\"},\"potentialAction\":[{\"@type\":\"SearchAction\",\"target\":{\"@type\":\"EntryPoint\",\"urlTemplate\":\"https:\\\/\\\/aufildespierres.com\\\/?s={search_term_string}\"},\"query-input\":{\"@type\":\"PropertyValueSpecification\",\"valueRequired\":true,\"valueName\":\"search_term_string\"}}],\"inLanguage\":\"fr-FR\"},{\"@type\":\"Organization\",\"@id\":\"https:\\\/\\\/aufildespierres.com\\\/#organization\",\"name\":\"Au fil des pierres\",\"url\":\"https:\\\/\\\/aufildespierres.com\\\/\",\"logo\":{\"@type\":\"ImageObject\",\"inLanguage\":\"fr-FR\",\"@id\":\"https:\\\/\\\/aufildespierres.com\\\/#\\\/schema\\\/logo\\\/image\\\/\",\"url\":\"https:\\\/\\\/aufildespierres.com\\\/wp-content\\\/uploads\\\/2023\\\/05\\\/cropped-Logo-PNG-Transparent.png\",\"contentUrl\":\"https:\\\/\\\/aufildespierres.com\\\/wp-content\\\/uploads\\\/2023\\\/05\\\/cropped-Logo-PNG-Transparent.png\",\"width\":1776,\"height\":1625,\"caption\":\"Au fil des pierres\"},\"image\":{\"@id\":\"https:\\\/\\\/aufildespierres.com\\\/#\\\/schema\\\/logo\\\/image\\\/\"}}]}<\/script>\n<!-- \/ Yoast SEO plugin. -->","yoast_head_json":{"title":"Bracelet Tanzanite et Am\u00e9thyste - Au fil des pierres","description":"\"D\u00e9couvrez l\u2019harmonie des \u00e9nergies avec ce bracelet en Tanzanite et Am\u00e9thyste. Un bijou en pierres naturelles qui unit intuition, s\u00e9r\u00e9nit\u00e9 et transformation pour accompagner votre \u00e9quilibre int\u00e9rieur.\"","robots":{"index":"index","follow":"follow","max-snippet":"max-snippet:-1","max-image-preview":"max-image-preview:large","max-video-preview":"max-video-preview:-1"},"canonical":"https:\/\/aufildespierres.com\/index.php\/product\/bracelet-tanzanite-et-amethyste\/","og_locale":"fr_FR","og_type":"article","og_title":"Bracelet Tanzanite et Am\u00e9thyste - Au fil des pierres","og_description":"\"D\u00e9couvrez l\u2019harmonie des \u00e9nergies avec ce bracelet en Tanzanite et Am\u00e9thyste. Un bijou en pierres naturelles qui unit intuition, s\u00e9r\u00e9nit\u00e9 et transformation pour accompagner votre \u00e9quilibre int\u00e9rieur.\"","og_url":"https:\/\/aufildespierres.com\/index.php\/product\/bracelet-tanzanite-et-amethyste\/","og_site_name":"Au fil des pierres","article_modified_time":"2025-09-14T15:25:55+00:00","og_image":[{"width":2560,"height":1802,"url":"https:\/\/aufildespierres.com\/wp-content\/uploads\/2023\/10\/20231022_165756-scaled.jpg","type":"image\/jpeg"}],"twitter_card":"summary_large_image","twitter_misc":{"Dur\u00e9e de lecture estim\u00e9e":"4 minutes"},"schema":{"@context":"https:\/\/schema.org","@graph":[{"@type":"WebPage","@id":"https:\/\/aufildespierres.com\/index.php\/product\/bracelet-tanzanite-et-amethyste\/","url":"https:\/\/aufildespierres.com\/index.php\/product\/bracelet-tanzanite-et-amethyste\/","name":"Bracelet Tanzanite et Am\u00e9thyste - Au fil des pierres","isPartOf":{"@id":"https:\/\/aufildespierres.com\/#website"},"primaryImageOfPage":{"@id":"https:\/\/aufildespierres.com\/index.php\/product\/bracelet-tanzanite-et-amethyste\/#primaryimage"},"image":{"@id":"https:\/\/aufildespierres.com\/index.php\/product\/bracelet-tanzanite-et-amethyste\/#primaryimage"},"thumbnailUrl":"https:\/\/aufildespierres.com\/wp-content\/uploads\/2023\/10\/20231022_165756-scaled.jpg","datePublished":"2023-10-24T10:31:17+00:00","dateModified":"2025-09-14T15:25:55+00:00","description":"\"D\u00e9couvrez l\u2019harmonie des \u00e9nergies avec ce bracelet en Tanzanite et Am\u00e9thyste. Un bijou en pierres naturelles qui unit intuition, s\u00e9r\u00e9nit\u00e9 et transformation pour accompagner votre \u00e9quilibre int\u00e9rieur.\"","breadcrumb":{"@id":"https:\/\/aufildespierres.com\/index.php\/product\/bracelet-tanzanite-et-amethyste\/#breadcrumb"},"inLanguage":"fr-FR","potentialAction":[{"@type":"ReadAction","target":["https:\/\/aufildespierres.com\/index.php\/product\/bracelet-tanzanite-et-amethyste\/"]}]},{"@type":"ImageObject","inLanguage":"fr-FR","@id":"https:\/\/aufildespierres.com\/index.php\/product\/bracelet-tanzanite-et-amethyste\/#primaryimage","url":"https:\/\/aufildespierres.com\/wp-content\/uploads\/2023\/10\/20231022_165756-scaled.jpg","contentUrl":"https:\/\/aufildespierres.com\/wp-content\/uploads\/2023\/10\/20231022_165756-scaled.jpg","width":2560,"height":1802},{"@type":"BreadcrumbList","@id":"https:\/\/aufildespierres.com\/index.php\/product\/bracelet-tanzanite-et-amethyste\/#breadcrumb","itemListElement":[{"@type":"ListItem","position":1,"name":"Accueil","item":"https:\/\/aufildespierres.com\/"},{"@type":"ListItem","position":2,"name":"Boutique de Lithoth\u00e9rapie","item":"https:\/\/aufildespierres.com\/index.php\/boutique-de-lithotherapie\/"},{"@type":"ListItem","position":3,"name":"Bracelet Tanzanite et Am\u00e9thyste"}]},{"@type":"WebSite","@id":"https:\/\/aufildespierres.com\/#website","url":"https:\/\/aufildespierres.com\/","name":"Au fil des pierres","description":"Au fil des pierres","publisher":{"@id":"https:\/\/aufildespierres.com\/#organization"},"potentialAction":[{"@type":"SearchAction","target":{"@type":"EntryPoint","urlTemplate":"https:\/\/aufildespierres.com\/?s={search_term_string}"},"query-input":{"@type":"PropertyValueSpecification","valueRequired":true,"valueName":"search_term_string"}}],"inLanguage":"fr-FR"},{"@type":"Organization","@id":"https:\/\/aufildespierres.com\/#organization","name":"Au fil des pierres","url":"https:\/\/aufildespierres.com\/","logo":{"@type":"ImageObject","inLanguage":"fr-FR","@id":"https:\/\/aufildespierres.com\/#\/schema\/logo\/image\/","url":"https:\/\/aufildespierres.com\/wp-content\/uploads\/2023\/05\/cropped-Logo-PNG-Transparent.png","contentUrl":"https:\/\/aufildespierres.com\/wp-content\/uploads\/2023\/05\/cropped-Logo-PNG-Transparent.png","width":1776,"height":1625,"caption":"Au fil des pierres"},"image":{"@id":"https:\/\/aufildespierres.com\/#\/schema\/logo\/image\/"}}]}},"_links":{"self":[{"href":"https:\/\/aufildespierres.com\/index.php\/wp-json\/wp\/v2\/product\/1025","targetHints":{"allow":["GET"]}}],"collection":[{"href":"https:\/\/aufildespierres.com\/index.php\/wp-json\/wp\/v2\/product"}],"about":[{"href":"https:\/\/aufildespierres.com\/index.php\/wp-json\/wp\/v2\/types\/product"}],"replies":[{"embeddable":true,"href":"https:\/\/aufildespierres.com\/index.php\/wp-json\/wp\/v2\/comments?post=1025"}],"wp:featuredmedia":[{"embeddable":true,"href":"https:\/\/aufildespierres.com\/index.php\/wp-json\/wp\/v2\/media\/1026"}],"wp:attachment":[{"href":"https:\/\/aufildespierres.com\/index.php\/wp-json\/wp\/v2\/media?parent=1025"}],"wp:term":[{"taxonomy":"product_brand","embeddable":true,"href":"https:\/\/aufildespierres.com\/index.php\/wp-json\/wp\/v2\/product_brand?post=1025"},{"taxonomy":"product_cat","embeddable":true,"href":"https:\/\/aufildespierres.com\/index.php\/wp-json\/wp\/v2\/product_cat?post=1025"},{"taxonomy":"product_tag","embeddable":true,"href":"https:\/\/aufildespierres.com\/index.php\/wp-json\/wp\/v2\/product_tag?post=1025"}],"curies":[{"name":"wp","href":"https:\/\/api.w.org\/{rel}","templated":true}]}}