{"id":1029,"date":"2023-10-24T12:44:04","date_gmt":"2023-10-24T10:44:04","guid":{"rendered":"https:\/\/aufildespierres.com\/?post_type=product&#038;p=1029"},"modified":"2025-10-28T13:24:35","modified_gmt":"2025-10-28T12:24:35","slug":"bracelet-en-ametrine","status":"publish","type":"product","link":"https:\/\/aufildespierres.com\/index.php\/product\/bracelet-en-ametrine\/","title":{"rendered":"Bracelet en Am\u00e9trine"},"content":{"rendered":"<p><strong>Bracelet en Am\u00e9trine et sa fleur \u00e9maill\u00e9e en 8mm\u00a0<\/strong><\/p>\n<p>AMETRINE<\/p>\n<p>M\u00e9lange d\u2019Am\u00e9thyste et de Quartz ferrugineux\u00a0 ; Dynamisme et sagesse .<\/p>\n<p><u>Syst\u00e8me cristallin<\/u>\u00a0: rhombo\u00e9drique\u00a0 Quartz Dioxyde de silicium<\/p>\n<p><u>Chakra<\/u>\u00a0: plexus solaire et couronne<\/p>\n<p><u>Duret\u00e9<\/u>\u00a0: 7<\/p>\n<p><u>Couleurs\u00a0<\/u>: violet pale \u00e0 soutenu et jaune plus ou moins soutenu sur la m\u00eame pierre translucide<\/p>\n<p><u>Gisement<\/u>\u00a0: Elle se trouve dans les gisements d\u2019am\u00e9thyste et est assez rare<\/p>\n<p>Br\u00e9sil Inde Madagascar Bolivie<\/p>\n<p>&nbsp;<\/p>\n<p><u>Propri\u00e9t\u00e9s psychiques\u00a0: <\/u><\/p>\n<p>Equilibre le yin et le yang, l\u2019adn, \u00e9quilibre entre le cot\u00e9 spirituel et l\u2019action<\/p>\n<p>Agit sur la d\u00e9pression et tristesse en stabilisant l\u2019\u00e9motionnel et un mental trop actif et les tensions quotidiennes, aide \u00e0 relativiser, diminue le stress<\/p>\n<p>Apaisante elle peut s\u2019utiliser en cas de choc \u00e9motionnel<\/p>\n<p>Conseill\u00e9e aux professions ou sportifs qui g\u00e9n\u00e8rent beaucoup d\u2019adr\u00e9naline<\/p>\n<p>Favorise imagination, cr\u00e9ativit\u00e9,\u00a0 dynamisme et bonne humeur, \u00a0et r\u00e9flexion \u00e9levant l\u2019\u00e2me dans sa spiritualit\u00e9 et sagesse<\/p>\n<p>D\u00e9veloppe l\u2019optimisme et aide \u00e0 prendre le contr\u00f4le de sa vie, trouver son pouvoir sans \u00eatre influenc\u00e9 par autrui. Aide \u00e0 trouver sa place et \u00e0 prendre des d\u00e9cisions intuitives<\/p>\n<p>Aide \u00e0 d\u00e9passer les pr\u00e9jug\u00e9s et s\u2019accepter, contribue \u00e0 clarifier ses pens\u00e9es internes et se concentrer pour r\u00e9soudre ses probl\u00e8mes. Permet de surmonter auto sabotage et procrastination<\/p>\n<p><u>\u00a0<\/u><\/p>\n<p><u>Propri\u00e9t\u00e9s physiques\u00a0: <\/u><\/p>\n<p>Renforce le syst\u00e8me immunitaire et l\u2019\u00e9nergie du corps<\/p>\n<p>Agit sur la circulation sanguine, la fatigue et les maux de t\u00eate<\/p>\n<p>Soutient le syst\u00e8me digestif, crises de foie, coliques douleurs abdominales<\/p>\n<p>D\u00e9sintoxique et lutte contre les d\u00e9pendances, compulsions et permet une r\u00e9gulation du poids .<\/p>\n<p>Agit sur l\u2019hypophyse et est utile en cas de troubles de la parole et coordination \u00a0et dyslexie<\/p>\n<ul>\n<li>Calme le syst\u00e8me nerveux , peurs, angoisses. Apaise les probl\u00e8mes de sant\u00e9 li\u00e9s au stress au niveau des organes tels que foie, pancr\u00e9as, les maux de t\u00eate et les douleurs dorsales ou musculaires.<\/li>\n<\/ul>\n<p><u>Purification\u00a0<\/u>: eau distill\u00e9e<\/p>\n<p>&nbsp;<\/p>\n<p><u>Recharge\u00a0<\/u>: amas de quartz soleil tr\u00e8s doux ou lune<\/p>\n<p>&nbsp;<\/p>\n<p><u>Signes Astrologiques<\/u>\u00a0: Sagittaire Poissons G\u00e9meaux .<\/p>\n<p>&nbsp;<\/p>\n<p><em>Petite note personnelle :<\/em><\/p>\n<p>Ayant test\u00e9 cette pierre pendant plusieurs mois j&rsquo;ai constat\u00e9 qu&rsquo;elle m&rsquo;a permis de tenir un rythme professionnel alors que je ne dormais que 3 h par nuit. Elle a stabilis\u00e9 mon \u00e9motionnel me donnant plus de sang- froid et calme et il est fort probable qu&rsquo;elle m&rsquo;a aid\u00e9 \u00e0 percevoir des messages dont j&rsquo;avais besoin.<\/p>\n<p>&nbsp;<\/p>\n<p>&nbsp;<\/p>\n","protected":false},"excerpt":{"rendered":"<p>Bracelet en Am\u00e9trine et sa fleur \u00e9maill\u00e9e en 8mm\u00a0 AMETRINE M\u00e9lange d\u2019Am\u00e9thyste et de Quartz ferrugineux\u00a0 ; Dynamisme et sagesse . Syst\u00e8me cristallin\u00a0: rhombo\u00e9drique\u00a0 Quartz Dioxyde de silicium Chakra\u00a0: plexus solaire et couronne Duret\u00e9\u00a0: 7 Couleurs\u00a0: violet pale \u00e0 soutenu et jaune plus ou moins soutenu sur la m\u00eame pierre translucide Gisement\u00a0: Elle se trouve [&hellip;]<\/p>\n","protected":false},"featured_media":1030,"comment_status":"open","ping_status":"closed","template":"","meta":{"site-sidebar-layout":"default","site-content-layout":"","ast-site-content-layout":"default","site-content-style":"default","site-sidebar-style":"default","ast-global-header-display":"","ast-banner-title-visibility":"","ast-main-header-display":"","ast-hfb-above-header-display":"","ast-hfb-below-header-display":"","ast-hfb-mobile-header-display":"","site-post-title":"","ast-breadcrumbs-content":"","ast-featured-img":"","footer-sml-layout":"","ast-disable-related-posts":"","theme-transparent-header-meta":"default","adv-header-id-meta":"","stick-header-meta":"","header-above-stick-meta":"","header-main-stick-meta":"","header-below-stick-meta":"","astra-migrate-meta-layouts":"set","ast-page-background-enabled":"default","ast-page-background-meta":{"desktop":{"background-color":"var(--ast-global-color-4)","background-image":"","background-repeat":"repeat","background-position":"center center","background-size":"auto","background-attachment":"scroll","background-type":"","background-media":"","overlay-type":"","overlay-color":"","overlay-opacity":"","overlay-gradient":""},"tablet":{"background-color":"","background-image":"","background-repeat":"repeat","background-position":"center center","background-size":"auto","background-attachment":"scroll","background-type":"","background-media":"","overlay-type":"","overlay-color":"","overlay-opacity":"","overlay-gradient":""},"mobile":{"background-color":"","background-image":"","background-repeat":"repeat","background-position":"center center","background-size":"auto","background-attachment":"scroll","background-type":"","background-media":"","overlay-type":"","overlay-color":"","overlay-opacity":"","overlay-gradient":""}},"ast-content-background-meta":{"desktop":{"background-color":"var(--ast-global-color-5)","background-image":"","background-repeat":"repeat","background-position":"center center","background-size":"auto","background-attachment":"scroll","background-type":"","background-media":"","overlay-type":"","overlay-color":"","overlay-opacity":"","overlay-gradient":""},"tablet":{"background-color":"var(--ast-global-color-5)","background-image":"","background-repeat":"repeat","background-position":"center center","background-size":"auto","background-attachment":"scroll","background-type":"","background-media":"","overlay-type":"","overlay-color":"","overlay-opacity":"","overlay-gradient":""},"mobile":{"background-color":"var(--ast-global-color-5)","background-image":"","background-repeat":"repeat","background-position":"center center","background-size":"auto","background-attachment":"scroll","background-type":"","background-media":"","overlay-type":"","overlay-color":"","overlay-opacity":"","overlay-gradient":""}},"_glsr_average":0,"_glsr_ranking":0,"_glsr_reviews":0},"product_brand":[],"product_cat":[54,170,56,290,84,63,69],"product_tag":[],"class_list":{"0":"post-1029","1":"product","2":"type-product","3":"status-publish","4":"has-post-thumbnail","6":"product_cat-8-mm","7":"product_cat-ametrine","8":"product_cat-bracelets-de-lithotherapie","9":"product_cat-bracelets-de-lithotherapie-femmes","10":"product_cat-jaune","11":"product_cat-stress-angoisses","12":"product_cat-violet","13":"desktop-align-left","14":"tablet-align-left","15":"mobile-align-left","17":"first","18":"instock","19":"purchasable","20":"product-type-variable"},"yoast_head":"<!-- This site is optimized with the Yoast SEO plugin v27.5 - https:\/\/yoast.com\/product\/yoast-seo-wordpress\/ -->\n<title>Bracelet en Am\u00e9trine - Au fil des pierres<\/title>\n<meta name=\"robots\" content=\"index, follow, max-snippet:-1, max-image-preview:large, max-video-preview:-1\" \/>\n<link rel=\"canonical\" href=\"https:\/\/aufildespierres.com\/index.php\/product\/bracelet-en-ametrine\/\" \/>\n<meta property=\"og:locale\" content=\"fr_FR\" \/>\n<meta property=\"og:type\" content=\"article\" \/>\n<meta property=\"og:title\" content=\"Bracelet en Am\u00e9trine - Au fil des pierres\" \/>\n<meta property=\"og:description\" content=\"Bracelet en Am\u00e9trine et sa fleur \u00e9maill\u00e9e en 8mm\u00a0 AMETRINE M\u00e9lange d\u2019Am\u00e9thyste et de Quartz ferrugineux\u00a0 ; Dynamisme et sagesse . Syst\u00e8me cristallin\u00a0: rhombo\u00e9drique\u00a0 Quartz Dioxyde de silicium Chakra\u00a0: plexus solaire et couronne Duret\u00e9\u00a0: 7 Couleurs\u00a0: violet pale \u00e0 soutenu et jaune plus ou moins soutenu sur la m\u00eame pierre translucide Gisement\u00a0: Elle se trouve [&hellip;]\" \/>\n<meta property=\"og:url\" content=\"https:\/\/aufildespierres.com\/index.php\/product\/bracelet-en-ametrine\/\" \/>\n<meta property=\"og:site_name\" content=\"Au fil des pierres\" \/>\n<meta property=\"article:modified_time\" content=\"2025-10-28T12:24:35+00:00\" \/>\n<meta property=\"og:image\" content=\"https:\/\/aufildespierres.com\/wp-content\/uploads\/2023\/10\/20231022_165607-scaled.jpg\" \/>\n\t<meta property=\"og:image:width\" content=\"1473\" \/>\n\t<meta property=\"og:image:height\" content=\"2560\" \/>\n\t<meta property=\"og:image:type\" content=\"image\/jpeg\" \/>\n<meta name=\"twitter:card\" content=\"summary_large_image\" \/>\n<meta name=\"twitter:label1\" content=\"Dur\u00e9e de lecture estim\u00e9e\" \/>\n\t<meta name=\"twitter:data1\" content=\"3 minutes\" \/>\n<script type=\"application\/ld+json\" class=\"yoast-schema-graph\">{\"@context\":\"https:\\\/\\\/schema.org\",\"@graph\":[{\"@type\":\"WebPage\",\"@id\":\"https:\\\/\\\/aufildespierres.com\\\/index.php\\\/product\\\/bracelet-en-ametrine\\\/\",\"url\":\"https:\\\/\\\/aufildespierres.com\\\/index.php\\\/product\\\/bracelet-en-ametrine\\\/\",\"name\":\"Bracelet en Am\u00e9trine - Au fil des pierres\",\"isPartOf\":{\"@id\":\"https:\\\/\\\/aufildespierres.com\\\/#website\"},\"primaryImageOfPage\":{\"@id\":\"https:\\\/\\\/aufildespierres.com\\\/index.php\\\/product\\\/bracelet-en-ametrine\\\/#primaryimage\"},\"image\":{\"@id\":\"https:\\\/\\\/aufildespierres.com\\\/index.php\\\/product\\\/bracelet-en-ametrine\\\/#primaryimage\"},\"thumbnailUrl\":\"https:\\\/\\\/aufildespierres.com\\\/wp-content\\\/uploads\\\/2023\\\/10\\\/20231022_165607-scaled.jpg\",\"datePublished\":\"2023-10-24T10:44:04+00:00\",\"dateModified\":\"2025-10-28T12:24:35+00:00\",\"breadcrumb\":{\"@id\":\"https:\\\/\\\/aufildespierres.com\\\/index.php\\\/product\\\/bracelet-en-ametrine\\\/#breadcrumb\"},\"inLanguage\":\"fr-FR\",\"potentialAction\":[{\"@type\":\"ReadAction\",\"target\":[\"https:\\\/\\\/aufildespierres.com\\\/index.php\\\/product\\\/bracelet-en-ametrine\\\/\"]}]},{\"@type\":\"ImageObject\",\"inLanguage\":\"fr-FR\",\"@id\":\"https:\\\/\\\/aufildespierres.com\\\/index.php\\\/product\\\/bracelet-en-ametrine\\\/#primaryimage\",\"url\":\"https:\\\/\\\/aufildespierres.com\\\/wp-content\\\/uploads\\\/2023\\\/10\\\/20231022_165607-scaled.jpg\",\"contentUrl\":\"https:\\\/\\\/aufildespierres.com\\\/wp-content\\\/uploads\\\/2023\\\/10\\\/20231022_165607-scaled.jpg\",\"width\":1473,\"height\":2560},{\"@type\":\"BreadcrumbList\",\"@id\":\"https:\\\/\\\/aufildespierres.com\\\/index.php\\\/product\\\/bracelet-en-ametrine\\\/#breadcrumb\",\"itemListElement\":[{\"@type\":\"ListItem\",\"position\":1,\"name\":\"Accueil\",\"item\":\"https:\\\/\\\/aufildespierres.com\\\/\"},{\"@type\":\"ListItem\",\"position\":2,\"name\":\"Boutique de Lithoth\u00e9rapie\",\"item\":\"https:\\\/\\\/aufildespierres.com\\\/index.php\\\/boutique-de-lithotherapie\\\/\"},{\"@type\":\"ListItem\",\"position\":3,\"name\":\"Bracelet en Am\u00e9trine\"}]},{\"@type\":\"WebSite\",\"@id\":\"https:\\\/\\\/aufildespierres.com\\\/#website\",\"url\":\"https:\\\/\\\/aufildespierres.com\\\/\",\"name\":\"Au fil des pierres\",\"description\":\"Au fil des pierres\",\"publisher\":{\"@id\":\"https:\\\/\\\/aufildespierres.com\\\/#organization\"},\"potentialAction\":[{\"@type\":\"SearchAction\",\"target\":{\"@type\":\"EntryPoint\",\"urlTemplate\":\"https:\\\/\\\/aufildespierres.com\\\/?s={search_term_string}\"},\"query-input\":{\"@type\":\"PropertyValueSpecification\",\"valueRequired\":true,\"valueName\":\"search_term_string\"}}],\"inLanguage\":\"fr-FR\"},{\"@type\":\"Organization\",\"@id\":\"https:\\\/\\\/aufildespierres.com\\\/#organization\",\"name\":\"Au fil des pierres\",\"url\":\"https:\\\/\\\/aufildespierres.com\\\/\",\"logo\":{\"@type\":\"ImageObject\",\"inLanguage\":\"fr-FR\",\"@id\":\"https:\\\/\\\/aufildespierres.com\\\/#\\\/schema\\\/logo\\\/image\\\/\",\"url\":\"https:\\\/\\\/aufildespierres.com\\\/wp-content\\\/uploads\\\/2023\\\/05\\\/cropped-Logo-PNG-Transparent.png\",\"contentUrl\":\"https:\\\/\\\/aufildespierres.com\\\/wp-content\\\/uploads\\\/2023\\\/05\\\/cropped-Logo-PNG-Transparent.png\",\"width\":1776,\"height\":1625,\"caption\":\"Au fil des pierres\"},\"image\":{\"@id\":\"https:\\\/\\\/aufildespierres.com\\\/#\\\/schema\\\/logo\\\/image\\\/\"}}]}<\/script>\n<!-- \/ Yoast SEO plugin. -->","yoast_head_json":{"title":"Bracelet en Am\u00e9trine - Au fil des pierres","robots":{"index":"index","follow":"follow","max-snippet":"max-snippet:-1","max-image-preview":"max-image-preview:large","max-video-preview":"max-video-preview:-1"},"canonical":"https:\/\/aufildespierres.com\/index.php\/product\/bracelet-en-ametrine\/","og_locale":"fr_FR","og_type":"article","og_title":"Bracelet en Am\u00e9trine - Au fil des pierres","og_description":"Bracelet en Am\u00e9trine et sa fleur \u00e9maill\u00e9e en 8mm\u00a0 AMETRINE M\u00e9lange d\u2019Am\u00e9thyste et de Quartz ferrugineux\u00a0 ; Dynamisme et sagesse . Syst\u00e8me cristallin\u00a0: rhombo\u00e9drique\u00a0 Quartz Dioxyde de silicium Chakra\u00a0: plexus solaire et couronne Duret\u00e9\u00a0: 7 Couleurs\u00a0: violet pale \u00e0 soutenu et jaune plus ou moins soutenu sur la m\u00eame pierre translucide Gisement\u00a0: Elle se trouve [&hellip;]","og_url":"https:\/\/aufildespierres.com\/index.php\/product\/bracelet-en-ametrine\/","og_site_name":"Au fil des pierres","article_modified_time":"2025-10-28T12:24:35+00:00","og_image":[{"width":1473,"height":2560,"url":"https:\/\/aufildespierres.com\/wp-content\/uploads\/2023\/10\/20231022_165607-scaled.jpg","type":"image\/jpeg"}],"twitter_card":"summary_large_image","twitter_misc":{"Dur\u00e9e de lecture estim\u00e9e":"3 minutes"},"schema":{"@context":"https:\/\/schema.org","@graph":[{"@type":"WebPage","@id":"https:\/\/aufildespierres.com\/index.php\/product\/bracelet-en-ametrine\/","url":"https:\/\/aufildespierres.com\/index.php\/product\/bracelet-en-ametrine\/","name":"Bracelet en Am\u00e9trine - Au fil des pierres","isPartOf":{"@id":"https:\/\/aufildespierres.com\/#website"},"primaryImageOfPage":{"@id":"https:\/\/aufildespierres.com\/index.php\/product\/bracelet-en-ametrine\/#primaryimage"},"image":{"@id":"https:\/\/aufildespierres.com\/index.php\/product\/bracelet-en-ametrine\/#primaryimage"},"thumbnailUrl":"https:\/\/aufildespierres.com\/wp-content\/uploads\/2023\/10\/20231022_165607-scaled.jpg","datePublished":"2023-10-24T10:44:04+00:00","dateModified":"2025-10-28T12:24:35+00:00","breadcrumb":{"@id":"https:\/\/aufildespierres.com\/index.php\/product\/bracelet-en-ametrine\/#breadcrumb"},"inLanguage":"fr-FR","potentialAction":[{"@type":"ReadAction","target":["https:\/\/aufildespierres.com\/index.php\/product\/bracelet-en-ametrine\/"]}]},{"@type":"ImageObject","inLanguage":"fr-FR","@id":"https:\/\/aufildespierres.com\/index.php\/product\/bracelet-en-ametrine\/#primaryimage","url":"https:\/\/aufildespierres.com\/wp-content\/uploads\/2023\/10\/20231022_165607-scaled.jpg","contentUrl":"https:\/\/aufildespierres.com\/wp-content\/uploads\/2023\/10\/20231022_165607-scaled.jpg","width":1473,"height":2560},{"@type":"BreadcrumbList","@id":"https:\/\/aufildespierres.com\/index.php\/product\/bracelet-en-ametrine\/#breadcrumb","itemListElement":[{"@type":"ListItem","position":1,"name":"Accueil","item":"https:\/\/aufildespierres.com\/"},{"@type":"ListItem","position":2,"name":"Boutique de Lithoth\u00e9rapie","item":"https:\/\/aufildespierres.com\/index.php\/boutique-de-lithotherapie\/"},{"@type":"ListItem","position":3,"name":"Bracelet en Am\u00e9trine"}]},{"@type":"WebSite","@id":"https:\/\/aufildespierres.com\/#website","url":"https:\/\/aufildespierres.com\/","name":"Au fil des pierres","description":"Au fil des pierres","publisher":{"@id":"https:\/\/aufildespierres.com\/#organization"},"potentialAction":[{"@type":"SearchAction","target":{"@type":"EntryPoint","urlTemplate":"https:\/\/aufildespierres.com\/?s={search_term_string}"},"query-input":{"@type":"PropertyValueSpecification","valueRequired":true,"valueName":"search_term_string"}}],"inLanguage":"fr-FR"},{"@type":"Organization","@id":"https:\/\/aufildespierres.com\/#organization","name":"Au fil des pierres","url":"https:\/\/aufildespierres.com\/","logo":{"@type":"ImageObject","inLanguage":"fr-FR","@id":"https:\/\/aufildespierres.com\/#\/schema\/logo\/image\/","url":"https:\/\/aufildespierres.com\/wp-content\/uploads\/2023\/05\/cropped-Logo-PNG-Transparent.png","contentUrl":"https:\/\/aufildespierres.com\/wp-content\/uploads\/2023\/05\/cropped-Logo-PNG-Transparent.png","width":1776,"height":1625,"caption":"Au fil des pierres"},"image":{"@id":"https:\/\/aufildespierres.com\/#\/schema\/logo\/image\/"}}]}},"_links":{"self":[{"href":"https:\/\/aufildespierres.com\/index.php\/wp-json\/wp\/v2\/product\/1029","targetHints":{"allow":["GET"]}}],"collection":[{"href":"https:\/\/aufildespierres.com\/index.php\/wp-json\/wp\/v2\/product"}],"about":[{"href":"https:\/\/aufildespierres.com\/index.php\/wp-json\/wp\/v2\/types\/product"}],"replies":[{"embeddable":true,"href":"https:\/\/aufildespierres.com\/index.php\/wp-json\/wp\/v2\/comments?post=1029"}],"wp:featuredmedia":[{"embeddable":true,"href":"https:\/\/aufildespierres.com\/index.php\/wp-json\/wp\/v2\/media\/1030"}],"wp:attachment":[{"href":"https:\/\/aufildespierres.com\/index.php\/wp-json\/wp\/v2\/media?parent=1029"}],"wp:term":[{"taxonomy":"product_brand","embeddable":true,"href":"https:\/\/aufildespierres.com\/index.php\/wp-json\/wp\/v2\/product_brand?post=1029"},{"taxonomy":"product_cat","embeddable":true,"href":"https:\/\/aufildespierres.com\/index.php\/wp-json\/wp\/v2\/product_cat?post=1029"},{"taxonomy":"product_tag","embeddable":true,"href":"https:\/\/aufildespierres.com\/index.php\/wp-json\/wp\/v2\/product_tag?post=1029"}],"curies":[{"name":"wp","href":"https:\/\/api.w.org\/{rel}","templated":true}]}}