{"id":1281,"date":"2023-11-10T21:19:13","date_gmt":"2023-11-10T20:19:13","guid":{"rendered":"https:\/\/aufildespierres.com\/?post_type=product&#038;p=1281"},"modified":"2026-05-02T22:27:25","modified_gmt":"2026-05-02T20:27:25","slug":"pointe-de-citrine","status":"publish","type":"product","link":"https:\/\/aufildespierres.com\/index.php\/product\/pointe-de-citrine\/","title":{"rendered":"Pointe de Citrine"},"content":{"rendered":"<h2 data-section-id=\"1dsurb5\" data-start=\"81\" data-end=\"145\">Pointe de Citrine naturelle<\/h2>\n<h2 data-section-id=\"1dsurb5\" data-start=\"81\" data-end=\"145\">\u2013 \u00c9nergie, confiance et abondance<\/h2>\n<p data-start=\"147\" data-end=\"430\">Cette pointe de citrine naturelle en provenance de Madagascar se distingue par sa grande transparence et son \u00e9nergie lumineuse. Avec des dimensions d\u2019environ 25 x 35 mm et un poids de 23 grammes, elle est id\u00e9ale pour \u00eatre utilis\u00e9e en m\u00e9ditation ou conserv\u00e9e pr\u00e8s de soi au quotidien.<\/p>\n<p data-start=\"432\" data-end=\"782\">La citrine est une pierre profond\u00e9ment li\u00e9e au plexus solaire, centre de l\u2019\u00e9nergie et de la vitalit\u00e9. Elle favorise l\u2019\u00e9quilibre \u00e9nerg\u00e9tique tout en stimulant la joie de vivre. Ainsi, elle aide \u00e0 d\u00e9velopper un \u00e9tat d\u2019esprit positif et orient\u00e9 vers l\u2019abondance. Elle soutient \u00e9galement la r\u00e9ussite et encourage une dynamique de progression personnelle.<\/p>\n<p data-start=\"784\" data-end=\"1134\">De plus, cette pierre agit sur le plan \u00e9motionnel en apportant s\u00e9r\u00e9nit\u00e9 et apaisement. Elle aide \u00e0 \u00e9loigner le stress, les angoisses et les tensions nerveuses. Progressivement, elle renforce la confiance en soi et l\u2019estime personnelle. Gr\u00e2ce \u00e0 cette stabilit\u00e9 int\u00e9rieure, elle permet de faire face aux difficult\u00e9s avec plus de recul et de positivit\u00e9.<\/p>\n<p data-start=\"1136\" data-end=\"1519\">L\u2019attirance pour une pointe de citrine naturelle appara\u00eet souvent lorsque l\u2019on ressent un manque d\u2019\u00e9nergie ou une baisse de motivation. Elle peut \u00e9galement concerner les personnes qui traversent une p\u00e9riode de doute ou de fatigue \u00e9motionnelle. Dans ce contexte, la citrine agit comme un soutien. Elle stimule la bonne humeur, favorise l\u2019optimisme et aide \u00e0 sortir des \u00e9tats n\u00e9gatifs.<\/p>\n<p data-start=\"1521\" data-end=\"1848\">Par ailleurs, cette pierre d\u00e9veloppe l\u2019intuition et la cr\u00e9ativit\u00e9. Elle permet de clarifier les id\u00e9es et d\u2019am\u00e9liorer la concentration ainsi que la m\u00e9moire. Elle est donc particuli\u00e8rement adapt\u00e9e aux p\u00e9riodes d\u2019apprentissage ou de pr\u00e9paration \u00e0 un examen. Elle aide \u00e0 structurer la pens\u00e9e tout en maintenant une vision positive.<\/p>\n<p data-start=\"1850\" data-end=\"2082\">Enfin, la citrine poss\u00e8de une \u00e9nergie purifiante. Elle absorbe les \u00e9nergies n\u00e9gatives et contribue \u00e0 maintenir un environnement sain. Elle devient ainsi un alli\u00e9 pr\u00e9cieux pour retrouver vitalit\u00e9, confiance et \u00e9quilibre au quotidien.<\/p>\n","protected":false},"excerpt":{"rendered":"<p>Pointe de Citrine naturelle \u2013 \u00c9nergie, confiance et abondance Cette pointe de citrine naturelle en provenance de Madagascar se distingue par sa grande transparence et son \u00e9nergie lumineuse. Avec des dimensions d\u2019environ 25 x 35 mm et un poids de 23 grammes, elle est id\u00e9ale pour \u00eatre utilis\u00e9e en m\u00e9ditation ou conserv\u00e9e pr\u00e8s de soi [&hellip;]<\/p>\n","protected":false},"featured_media":1282,"comment_status":"open","ping_status":"closed","template":"","meta":{"site-sidebar-layout":"default","site-content-layout":"","ast-site-content-layout":"default","site-content-style":"default","site-sidebar-style":"default","ast-global-header-display":"","ast-banner-title-visibility":"","ast-main-header-display":"","ast-hfb-above-header-display":"","ast-hfb-below-header-display":"","ast-hfb-mobile-header-display":"","site-post-title":"","ast-breadcrumbs-content":"","ast-featured-img":"","footer-sml-layout":"","ast-disable-related-posts":"","theme-transparent-header-meta":"default","adv-header-id-meta":"","stick-header-meta":"","header-above-stick-meta":"","header-main-stick-meta":"","header-below-stick-meta":"","astra-migrate-meta-layouts":"set","ast-page-background-enabled":"default","ast-page-background-meta":{"desktop":{"background-color":"var(--ast-global-color-4)","background-image":"","background-repeat":"repeat","background-position":"center center","background-size":"auto","background-attachment":"scroll","background-type":"","background-media":"","overlay-type":"","overlay-color":"","overlay-opacity":"","overlay-gradient":""},"tablet":{"background-color":"","background-image":"","background-repeat":"repeat","background-position":"center center","background-size":"auto","background-attachment":"scroll","background-type":"","background-media":"","overlay-type":"","overlay-color":"","overlay-opacity":"","overlay-gradient":""},"mobile":{"background-color":"","background-image":"","background-repeat":"repeat","background-position":"center center","background-size":"auto","background-attachment":"scroll","background-type":"","background-media":"","overlay-type":"","overlay-color":"","overlay-opacity":"","overlay-gradient":""}},"ast-content-background-meta":{"desktop":{"background-color":"var(--ast-global-color-5)","background-image":"","background-repeat":"repeat","background-position":"center center","background-size":"auto","background-attachment":"scroll","background-type":"","background-media":"","overlay-type":"","overlay-color":"","overlay-opacity":"","overlay-gradient":""},"tablet":{"background-color":"var(--ast-global-color-5)","background-image":"","background-repeat":"repeat","background-position":"center center","background-size":"auto","background-attachment":"scroll","background-type":"","background-media":"","overlay-type":"","overlay-color":"","overlay-opacity":"","overlay-gradient":""},"mobile":{"background-color":"var(--ast-global-color-5)","background-image":"","background-repeat":"repeat","background-position":"center center","background-size":"auto","background-attachment":"scroll","background-type":"","background-media":"","overlay-type":"","overlay-color":"","overlay-opacity":"","overlay-gradient":""}},"_glsr_average":0,"_glsr_ranking":0,"_glsr_reviews":0},"product_brand":[],"product_cat":[195,84,32,199,41],"product_tag":[],"class_list":{"0":"post-1281","1":"product","2":"type-product","3":"status-publish","4":"has-post-thumbnail","6":"product_cat-citrine","7":"product_cat-jaune","8":"product_cat-pierres-polies","9":"product_cat-pointes","10":"product_cat-vitalite","11":"desktop-align-left","12":"tablet-align-left","13":"mobile-align-left","15":"first","16":"instock","17":"purchasable","18":"product-type-simple"},"yoast_head":"<!-- This site is optimized with the Yoast SEO plugin v27.5 - https:\/\/yoast.com\/product\/yoast-seo-wordpress\/ -->\n<title>Pointe de Citrine - Au fil des pierres<\/title>\n<meta name=\"description\" content=\"Pointe de Citrine naturelle Madagascar. Pierre d\u2019\u00e9nergie et d\u2019abondance, id\u00e9ale pour renforcer confiance, vitalit\u00e9 et positivit\u00e9 au quotidien.\" \/>\n<meta name=\"robots\" content=\"index, follow, max-snippet:-1, max-image-preview:large, max-video-preview:-1\" \/>\n<link rel=\"canonical\" href=\"https:\/\/aufildespierres.com\/index.php\/product\/pointe-de-citrine\/\" \/>\n<meta property=\"og:locale\" content=\"fr_FR\" \/>\n<meta property=\"og:type\" content=\"article\" \/>\n<meta property=\"og:title\" content=\"Pointe de Citrine - Au fil des pierres\" \/>\n<meta property=\"og:description\" content=\"Pointe de Citrine naturelle Madagascar. Pierre d\u2019\u00e9nergie et d\u2019abondance, id\u00e9ale pour renforcer confiance, vitalit\u00e9 et positivit\u00e9 au quotidien.\" \/>\n<meta property=\"og:url\" content=\"https:\/\/aufildespierres.com\/index.php\/product\/pointe-de-citrine\/\" \/>\n<meta property=\"og:site_name\" content=\"Au fil des pierres\" \/>\n<meta property=\"article:modified_time\" content=\"2026-05-02T20:27:25+00:00\" \/>\n<meta property=\"og:image\" content=\"https:\/\/aufildespierres.com\/wp-content\/uploads\/2023\/11\/20231109_115344-scaled.jpg\" \/>\n\t<meta property=\"og:image:width\" content=\"2013\" \/>\n\t<meta property=\"og:image:height\" content=\"2560\" \/>\n\t<meta property=\"og:image:type\" content=\"image\/jpeg\" \/>\n<meta name=\"twitter:card\" content=\"summary_large_image\" \/>\n<meta name=\"twitter:label1\" content=\"Dur\u00e9e de lecture estim\u00e9e\" \/>\n\t<meta name=\"twitter:data1\" content=\"2 minutes\" \/>\n<script type=\"application\/ld+json\" class=\"yoast-schema-graph\">{\"@context\":\"https:\\\/\\\/schema.org\",\"@graph\":[{\"@type\":\"WebPage\",\"@id\":\"https:\\\/\\\/aufildespierres.com\\\/index.php\\\/product\\\/pointe-de-citrine\\\/\",\"url\":\"https:\\\/\\\/aufildespierres.com\\\/index.php\\\/product\\\/pointe-de-citrine\\\/\",\"name\":\"Pointe de Citrine - Au fil des pierres\",\"isPartOf\":{\"@id\":\"https:\\\/\\\/aufildespierres.com\\\/#website\"},\"primaryImageOfPage\":{\"@id\":\"https:\\\/\\\/aufildespierres.com\\\/index.php\\\/product\\\/pointe-de-citrine\\\/#primaryimage\"},\"image\":{\"@id\":\"https:\\\/\\\/aufildespierres.com\\\/index.php\\\/product\\\/pointe-de-citrine\\\/#primaryimage\"},\"thumbnailUrl\":\"https:\\\/\\\/aufildespierres.com\\\/wp-content\\\/uploads\\\/2023\\\/11\\\/20231109_115344-scaled.jpg\",\"datePublished\":\"2023-11-10T20:19:13+00:00\",\"dateModified\":\"2026-05-02T20:27:25+00:00\",\"description\":\"Pointe de Citrine naturelle Madagascar. Pierre d\u2019\u00e9nergie et d\u2019abondance, id\u00e9ale pour renforcer confiance, vitalit\u00e9 et positivit\u00e9 au quotidien.\",\"breadcrumb\":{\"@id\":\"https:\\\/\\\/aufildespierres.com\\\/index.php\\\/product\\\/pointe-de-citrine\\\/#breadcrumb\"},\"inLanguage\":\"fr-FR\",\"potentialAction\":[{\"@type\":\"ReadAction\",\"target\":[\"https:\\\/\\\/aufildespierres.com\\\/index.php\\\/product\\\/pointe-de-citrine\\\/\"]}]},{\"@type\":\"ImageObject\",\"inLanguage\":\"fr-FR\",\"@id\":\"https:\\\/\\\/aufildespierres.com\\\/index.php\\\/product\\\/pointe-de-citrine\\\/#primaryimage\",\"url\":\"https:\\\/\\\/aufildespierres.com\\\/wp-content\\\/uploads\\\/2023\\\/11\\\/20231109_115344-scaled.jpg\",\"contentUrl\":\"https:\\\/\\\/aufildespierres.com\\\/wp-content\\\/uploads\\\/2023\\\/11\\\/20231109_115344-scaled.jpg\",\"width\":2013,\"height\":2560},{\"@type\":\"BreadcrumbList\",\"@id\":\"https:\\\/\\\/aufildespierres.com\\\/index.php\\\/product\\\/pointe-de-citrine\\\/#breadcrumb\",\"itemListElement\":[{\"@type\":\"ListItem\",\"position\":1,\"name\":\"Accueil\",\"item\":\"https:\\\/\\\/aufildespierres.com\\\/\"},{\"@type\":\"ListItem\",\"position\":2,\"name\":\"Boutique de Lithoth\u00e9rapie\",\"item\":\"https:\\\/\\\/aufildespierres.com\\\/index.php\\\/boutique-de-lithotherapie\\\/\"},{\"@type\":\"ListItem\",\"position\":3,\"name\":\"Pointe de Citrine\"}]},{\"@type\":\"WebSite\",\"@id\":\"https:\\\/\\\/aufildespierres.com\\\/#website\",\"url\":\"https:\\\/\\\/aufildespierres.com\\\/\",\"name\":\"Au fil des pierres\",\"description\":\"Au fil des pierres\",\"publisher\":{\"@id\":\"https:\\\/\\\/aufildespierres.com\\\/#organization\"},\"potentialAction\":[{\"@type\":\"SearchAction\",\"target\":{\"@type\":\"EntryPoint\",\"urlTemplate\":\"https:\\\/\\\/aufildespierres.com\\\/?s={search_term_string}\"},\"query-input\":{\"@type\":\"PropertyValueSpecification\",\"valueRequired\":true,\"valueName\":\"search_term_string\"}}],\"inLanguage\":\"fr-FR\"},{\"@type\":\"Organization\",\"@id\":\"https:\\\/\\\/aufildespierres.com\\\/#organization\",\"name\":\"Au fil des pierres\",\"url\":\"https:\\\/\\\/aufildespierres.com\\\/\",\"logo\":{\"@type\":\"ImageObject\",\"inLanguage\":\"fr-FR\",\"@id\":\"https:\\\/\\\/aufildespierres.com\\\/#\\\/schema\\\/logo\\\/image\\\/\",\"url\":\"https:\\\/\\\/aufildespierres.com\\\/wp-content\\\/uploads\\\/2023\\\/05\\\/cropped-Logo-PNG-Transparent.png\",\"contentUrl\":\"https:\\\/\\\/aufildespierres.com\\\/wp-content\\\/uploads\\\/2023\\\/05\\\/cropped-Logo-PNG-Transparent.png\",\"width\":1776,\"height\":1625,\"caption\":\"Au fil des pierres\"},\"image\":{\"@id\":\"https:\\\/\\\/aufildespierres.com\\\/#\\\/schema\\\/logo\\\/image\\\/\"}}]}<\/script>\n<!-- \/ Yoast SEO plugin. -->","yoast_head_json":{"title":"Pointe de Citrine - Au fil des pierres","description":"Pointe de Citrine naturelle Madagascar. Pierre d\u2019\u00e9nergie et d\u2019abondance, id\u00e9ale pour renforcer confiance, vitalit\u00e9 et positivit\u00e9 au quotidien.","robots":{"index":"index","follow":"follow","max-snippet":"max-snippet:-1","max-image-preview":"max-image-preview:large","max-video-preview":"max-video-preview:-1"},"canonical":"https:\/\/aufildespierres.com\/index.php\/product\/pointe-de-citrine\/","og_locale":"fr_FR","og_type":"article","og_title":"Pointe de Citrine - Au fil des pierres","og_description":"Pointe de Citrine naturelle Madagascar. Pierre d\u2019\u00e9nergie et d\u2019abondance, id\u00e9ale pour renforcer confiance, vitalit\u00e9 et positivit\u00e9 au quotidien.","og_url":"https:\/\/aufildespierres.com\/index.php\/product\/pointe-de-citrine\/","og_site_name":"Au fil des pierres","article_modified_time":"2026-05-02T20:27:25+00:00","og_image":[{"width":2013,"height":2560,"url":"https:\/\/aufildespierres.com\/wp-content\/uploads\/2023\/11\/20231109_115344-scaled.jpg","type":"image\/jpeg"}],"twitter_card":"summary_large_image","twitter_misc":{"Dur\u00e9e de lecture estim\u00e9e":"2 minutes"},"schema":{"@context":"https:\/\/schema.org","@graph":[{"@type":"WebPage","@id":"https:\/\/aufildespierres.com\/index.php\/product\/pointe-de-citrine\/","url":"https:\/\/aufildespierres.com\/index.php\/product\/pointe-de-citrine\/","name":"Pointe de Citrine - Au fil des pierres","isPartOf":{"@id":"https:\/\/aufildespierres.com\/#website"},"primaryImageOfPage":{"@id":"https:\/\/aufildespierres.com\/index.php\/product\/pointe-de-citrine\/#primaryimage"},"image":{"@id":"https:\/\/aufildespierres.com\/index.php\/product\/pointe-de-citrine\/#primaryimage"},"thumbnailUrl":"https:\/\/aufildespierres.com\/wp-content\/uploads\/2023\/11\/20231109_115344-scaled.jpg","datePublished":"2023-11-10T20:19:13+00:00","dateModified":"2026-05-02T20:27:25+00:00","description":"Pointe de Citrine naturelle Madagascar. Pierre d\u2019\u00e9nergie et d\u2019abondance, id\u00e9ale pour renforcer confiance, vitalit\u00e9 et positivit\u00e9 au quotidien.","breadcrumb":{"@id":"https:\/\/aufildespierres.com\/index.php\/product\/pointe-de-citrine\/#breadcrumb"},"inLanguage":"fr-FR","potentialAction":[{"@type":"ReadAction","target":["https:\/\/aufildespierres.com\/index.php\/product\/pointe-de-citrine\/"]}]},{"@type":"ImageObject","inLanguage":"fr-FR","@id":"https:\/\/aufildespierres.com\/index.php\/product\/pointe-de-citrine\/#primaryimage","url":"https:\/\/aufildespierres.com\/wp-content\/uploads\/2023\/11\/20231109_115344-scaled.jpg","contentUrl":"https:\/\/aufildespierres.com\/wp-content\/uploads\/2023\/11\/20231109_115344-scaled.jpg","width":2013,"height":2560},{"@type":"BreadcrumbList","@id":"https:\/\/aufildespierres.com\/index.php\/product\/pointe-de-citrine\/#breadcrumb","itemListElement":[{"@type":"ListItem","position":1,"name":"Accueil","item":"https:\/\/aufildespierres.com\/"},{"@type":"ListItem","position":2,"name":"Boutique de Lithoth\u00e9rapie","item":"https:\/\/aufildespierres.com\/index.php\/boutique-de-lithotherapie\/"},{"@type":"ListItem","position":3,"name":"Pointe de Citrine"}]},{"@type":"WebSite","@id":"https:\/\/aufildespierres.com\/#website","url":"https:\/\/aufildespierres.com\/","name":"Au fil des pierres","description":"Au fil des pierres","publisher":{"@id":"https:\/\/aufildespierres.com\/#organization"},"potentialAction":[{"@type":"SearchAction","target":{"@type":"EntryPoint","urlTemplate":"https:\/\/aufildespierres.com\/?s={search_term_string}"},"query-input":{"@type":"PropertyValueSpecification","valueRequired":true,"valueName":"search_term_string"}}],"inLanguage":"fr-FR"},{"@type":"Organization","@id":"https:\/\/aufildespierres.com\/#organization","name":"Au fil des pierres","url":"https:\/\/aufildespierres.com\/","logo":{"@type":"ImageObject","inLanguage":"fr-FR","@id":"https:\/\/aufildespierres.com\/#\/schema\/logo\/image\/","url":"https:\/\/aufildespierres.com\/wp-content\/uploads\/2023\/05\/cropped-Logo-PNG-Transparent.png","contentUrl":"https:\/\/aufildespierres.com\/wp-content\/uploads\/2023\/05\/cropped-Logo-PNG-Transparent.png","width":1776,"height":1625,"caption":"Au fil des pierres"},"image":{"@id":"https:\/\/aufildespierres.com\/#\/schema\/logo\/image\/"}}]}},"_links":{"self":[{"href":"https:\/\/aufildespierres.com\/index.php\/wp-json\/wp\/v2\/product\/1281","targetHints":{"allow":["GET"]}}],"collection":[{"href":"https:\/\/aufildespierres.com\/index.php\/wp-json\/wp\/v2\/product"}],"about":[{"href":"https:\/\/aufildespierres.com\/index.php\/wp-json\/wp\/v2\/types\/product"}],"replies":[{"embeddable":true,"href":"https:\/\/aufildespierres.com\/index.php\/wp-json\/wp\/v2\/comments?post=1281"}],"wp:featuredmedia":[{"embeddable":true,"href":"https:\/\/aufildespierres.com\/index.php\/wp-json\/wp\/v2\/media\/1282"}],"wp:attachment":[{"href":"https:\/\/aufildespierres.com\/index.php\/wp-json\/wp\/v2\/media?parent=1281"}],"wp:term":[{"taxonomy":"product_brand","embeddable":true,"href":"https:\/\/aufildespierres.com\/index.php\/wp-json\/wp\/v2\/product_brand?post=1281"},{"taxonomy":"product_cat","embeddable":true,"href":"https:\/\/aufildespierres.com\/index.php\/wp-json\/wp\/v2\/product_cat?post=1281"},{"taxonomy":"product_tag","embeddable":true,"href":"https:\/\/aufildespierres.com\/index.php\/wp-json\/wp\/v2\/product_tag?post=1281"}],"curies":[{"name":"wp","href":"https:\/\/api.w.org\/{rel}","templated":true}]}}