{"id":1956,"date":"2024-01-10T16:33:30","date_gmt":"2024-01-10T15:33:30","guid":{"rendered":"https:\/\/aufildespierres.com\/?post_type=product&#038;p=1956"},"modified":"2026-04-30T15:27:13","modified_gmt":"2026-04-30T13:27:13","slug":"pointe-dobsidienne-noire","status":"publish","type":"product","link":"https:\/\/aufildespierres.com\/index.php\/product\/pointe-dobsidienne-noire\/","title":{"rendered":"Pointe d&rsquo;Obsidienne noire"},"content":{"rendered":"<p data-start=\"0\" data-end=\"52\">Pointe\u00a0 d&rsquo;Obsidienne noire : protection et ancrage<\/p>\n<p data-start=\"54\" data-end=\"291\">Cette pointe en Obsidienne noire mesure environ 55 x 25 mm et p\u00e8se 45 grammes. Elle pr\u00e9sente une couleur noire intense avec une surface lisse et brillante. Sa forme en pointe permet de canaliser et de diriger efficacement les \u00e9nergies.<\/p>\n<p data-start=\"293\" data-end=\"333\"><strong data-start=\"293\" data-end=\"331\">Une pierre de protection puissante<\/strong><\/p>\n<p data-start=\"335\" data-end=\"512\">La pointe en Obsidienne noire protection agit comme un v\u00e9ritable bouclier \u00e9nerg\u00e9tique. Elle est particuli\u00e8rement appr\u00e9ci\u00e9e pour sa capacit\u00e9 \u00e0 repousser les \u00e9nergies n\u00e9gatives.<\/p>\n<p data-start=\"514\" data-end=\"681\">En effet, elle prot\u00e8ge contre les influences ext\u00e9rieures comme le mauvais \u0153il ou les \u00e9nergies n\u00e9fastes. Ainsi, elle aide \u00e0 cr\u00e9er un espace plus s\u00e9curisant et apais\u00e9.<\/p>\n<p data-start=\"683\" data-end=\"894\">De plus, elle favorise un ancrage profond et stabilise les \u00e9motions. Par ailleurs, elle aide \u00e0 d\u00e9passer les peurs et les phobies. Gr\u00e2ce \u00e0 cela, elle permet de retrouver plus de force int\u00e9rieure et de s\u00e9curit\u00e9.<\/p>\n<p data-start=\"896\" data-end=\"1060\">Elle convient particuli\u00e8rement aux personnes anxieuses ou hypersensibles. Par exemple, elle peut aider \u00e0 se prot\u00e9ger dans des environnements lourds ou stressants.<\/p>\n<p data-start=\"1062\" data-end=\"1106\"><strong data-start=\"1062\" data-end=\"1104\">Un soutien pour la connaissance de soi<\/strong><\/p>\n<p data-start=\"1108\" data-end=\"1275\">Cette pierre vous aide \u00e0 mieux vous conna\u00eetre et \u00e0 comprendre vos m\u00e9canismes internes. Elle met en lumi\u00e8re les blocages et favorise une prise de conscience profonde.<\/p>\n<p data-start=\"1277\" data-end=\"1404\">En compl\u00e9ment, elle harmonise les \u00e9nergies yin et yang. Ainsi, elle vous aide \u00e0 retrouver un \u00e9quilibre int\u00e9rieur plus stable.<\/p>\n<p data-start=\"1406\" data-end=\"1497\">Elle encourage \u00e9galement \u00e0 avancer avec lucidit\u00e9 et \u00e0 voir la v\u00e9rit\u00e9 avec plus de clart\u00e9.<\/p>\n<p data-start=\"1499\" data-end=\"1532\"><strong data-start=\"1499\" data-end=\"1530\">Des bienfaits pour le corps<\/strong><\/p>\n<p data-start=\"1534\" data-end=\"1678\">Sur le plan physique, elle soutient l\u2019\u00e9quilibre global du corps. Elle favorise la circulation sanguine et participe \u00e0 la purification du sang.<\/p>\n<p data-start=\"1680\" data-end=\"1852\">De plus, elle aide \u00e0 soutenir la cicatrisation et la r\u00e9g\u00e9n\u00e9ration. En outre, elle contribue \u00e0 soulager certaines douleurs comme celles li\u00e9es \u00e0 l\u2019arthrose ou \u00e0 l\u2019arthrite.<\/p>\n<p data-start=\"1854\" data-end=\"1980\">Pour l\u2019entretien, purifiez-la par fumigation. Ensuite, rechargez-la \u00e0 la lumi\u00e8re naturelle afin de pr\u00e9server ses propri\u00e9t\u00e9s.<\/p>\n<p data-start=\"1982\" data-end=\"2093\">\n","protected":false},"excerpt":{"rendered":"<p>Pointe\u00a0 d&rsquo;Obsidienne noire : protection et ancrage Cette pointe en Obsidienne noire mesure environ 55 x 25 mm et p\u00e8se 45 grammes. Elle pr\u00e9sente une couleur noire intense avec une surface lisse et brillante. Sa forme en pointe permet de canaliser et de diriger efficacement les \u00e9nergies. Une pierre de protection puissante La pointe en [&hellip;]<\/p>\n","protected":false},"featured_media":1957,"comment_status":"open","ping_status":"closed","template":"","meta":{"site-sidebar-layout":"default","site-content-layout":"","ast-site-content-layout":"default","site-content-style":"default","site-sidebar-style":"default","ast-global-header-display":"","ast-banner-title-visibility":"","ast-main-header-display":"","ast-hfb-above-header-display":"","ast-hfb-below-header-display":"","ast-hfb-mobile-header-display":"","site-post-title":"","ast-breadcrumbs-content":"","ast-featured-img":"","footer-sml-layout":"","ast-disable-related-posts":"","theme-transparent-header-meta":"default","adv-header-id-meta":"","stick-header-meta":"","header-above-stick-meta":"","header-main-stick-meta":"","header-below-stick-meta":"","astra-migrate-meta-layouts":"set","ast-page-background-enabled":"default","ast-page-background-meta":{"desktop":{"background-color":"var(--ast-global-color-4)","background-image":"","background-repeat":"repeat","background-position":"center center","background-size":"auto","background-attachment":"scroll","background-type":"","background-media":"","overlay-type":"","overlay-color":"","overlay-opacity":"","overlay-gradient":""},"tablet":{"background-color":"","background-image":"","background-repeat":"repeat","background-position":"center center","background-size":"auto","background-attachment":"scroll","background-type":"","background-media":"","overlay-type":"","overlay-color":"","overlay-opacity":"","overlay-gradient":""},"mobile":{"background-color":"","background-image":"","background-repeat":"repeat","background-position":"center center","background-size":"auto","background-attachment":"scroll","background-type":"","background-media":"","overlay-type":"","overlay-color":"","overlay-opacity":"","overlay-gradient":""}},"ast-content-background-meta":{"desktop":{"background-color":"var(--ast-global-color-5)","background-image":"","background-repeat":"repeat","background-position":"center center","background-size":"auto","background-attachment":"scroll","background-type":"","background-media":"","overlay-type":"","overlay-color":"","overlay-opacity":"","overlay-gradient":""},"tablet":{"background-color":"var(--ast-global-color-5)","background-image":"","background-repeat":"repeat","background-position":"center center","background-size":"auto","background-attachment":"scroll","background-type":"","background-media":"","overlay-type":"","overlay-color":"","overlay-opacity":"","overlay-gradient":""},"mobile":{"background-color":"var(--ast-global-color-5)","background-image":"","background-repeat":"repeat","background-position":"center center","background-size":"auto","background-attachment":"scroll","background-type":"","background-media":"","overlay-type":"","overlay-color":"","overlay-opacity":"","overlay-gradient":""}},"_glsr_average":0,"_glsr_ranking":0,"_glsr_reviews":0},"product_brand":[],"product_cat":[66,94,199],"product_tag":[],"class_list":{"0":"post-1956","1":"product","2":"type-product","3":"status-publish","4":"has-post-thumbnail","6":"product_cat-noir","7":"product_cat-obsidienne-noire","8":"product_cat-pointes","9":"desktop-align-left","10":"tablet-align-left","11":"mobile-align-left","13":"first","14":"instock","15":"purchasable","16":"product-type-simple"},"yoast_head":"<!-- This site is optimized with the Yoast SEO plugin v27.5 - https:\/\/yoast.com\/product\/yoast-seo-wordpress\/ -->\n<title>Pointe d&#039;Obsidienne noire - Au fil des pierres<\/title>\n<meta name=\"description\" content=\"Pointe d&#039;Obsidienne noire : prot\u00e8ge des \u00e9nergies n\u00e9gatives, renforce l\u2019ancrage et apaise l\u2019anxi\u00e9t\u00e9. Id\u00e9ale pour \u00e9quilibre et protection.\" \/>\n<meta name=\"robots\" content=\"index, follow, max-snippet:-1, max-image-preview:large, max-video-preview:-1\" \/>\n<link rel=\"canonical\" href=\"https:\/\/aufildespierres.com\/index.php\/product\/pointe-dobsidienne-noire\/\" \/>\n<meta property=\"og:locale\" content=\"fr_FR\" \/>\n<meta property=\"og:type\" content=\"article\" \/>\n<meta property=\"og:title\" content=\"Pointe d&#039;Obsidienne noire - Au fil des pierres\" \/>\n<meta property=\"og:description\" content=\"Pointe d&#039;Obsidienne noire : prot\u00e8ge des \u00e9nergies n\u00e9gatives, renforce l\u2019ancrage et apaise l\u2019anxi\u00e9t\u00e9. Id\u00e9ale pour \u00e9quilibre et protection.\" \/>\n<meta property=\"og:url\" content=\"https:\/\/aufildespierres.com\/index.php\/product\/pointe-dobsidienne-noire\/\" \/>\n<meta property=\"og:site_name\" content=\"Au fil des pierres\" \/>\n<meta property=\"article:modified_time\" content=\"2026-04-30T13:27:13+00:00\" \/>\n<meta property=\"og:image\" content=\"https:\/\/aufildespierres.com\/wp-content\/uploads\/2024\/01\/20240110_101012-scaled.jpg\" \/>\n\t<meta property=\"og:image:width\" content=\"1920\" \/>\n\t<meta property=\"og:image:height\" content=\"2560\" \/>\n\t<meta property=\"og:image:type\" content=\"image\/jpeg\" \/>\n<meta name=\"twitter:card\" content=\"summary_large_image\" \/>\n<meta name=\"twitter:label1\" content=\"Dur\u00e9e de lecture estim\u00e9e\" \/>\n\t<meta name=\"twitter:data1\" content=\"2 minutes\" \/>\n<script type=\"application\/ld+json\" class=\"yoast-schema-graph\">{\"@context\":\"https:\\\/\\\/schema.org\",\"@graph\":[{\"@type\":\"WebPage\",\"@id\":\"https:\\\/\\\/aufildespierres.com\\\/index.php\\\/product\\\/pointe-dobsidienne-noire\\\/\",\"url\":\"https:\\\/\\\/aufildespierres.com\\\/index.php\\\/product\\\/pointe-dobsidienne-noire\\\/\",\"name\":\"Pointe d'Obsidienne noire - Au fil des pierres\",\"isPartOf\":{\"@id\":\"https:\\\/\\\/aufildespierres.com\\\/#website\"},\"primaryImageOfPage\":{\"@id\":\"https:\\\/\\\/aufildespierres.com\\\/index.php\\\/product\\\/pointe-dobsidienne-noire\\\/#primaryimage\"},\"image\":{\"@id\":\"https:\\\/\\\/aufildespierres.com\\\/index.php\\\/product\\\/pointe-dobsidienne-noire\\\/#primaryimage\"},\"thumbnailUrl\":\"https:\\\/\\\/aufildespierres.com\\\/wp-content\\\/uploads\\\/2024\\\/01\\\/20240110_101012-scaled.jpg\",\"datePublished\":\"2024-01-10T15:33:30+00:00\",\"dateModified\":\"2026-04-30T13:27:13+00:00\",\"description\":\"Pointe d'Obsidienne noire : prot\u00e8ge des \u00e9nergies n\u00e9gatives, renforce l\u2019ancrage et apaise l\u2019anxi\u00e9t\u00e9. Id\u00e9ale pour \u00e9quilibre et protection.\",\"breadcrumb\":{\"@id\":\"https:\\\/\\\/aufildespierres.com\\\/index.php\\\/product\\\/pointe-dobsidienne-noire\\\/#breadcrumb\"},\"inLanguage\":\"fr-FR\",\"potentialAction\":[{\"@type\":\"ReadAction\",\"target\":[\"https:\\\/\\\/aufildespierres.com\\\/index.php\\\/product\\\/pointe-dobsidienne-noire\\\/\"]}]},{\"@type\":\"ImageObject\",\"inLanguage\":\"fr-FR\",\"@id\":\"https:\\\/\\\/aufildespierres.com\\\/index.php\\\/product\\\/pointe-dobsidienne-noire\\\/#primaryimage\",\"url\":\"https:\\\/\\\/aufildespierres.com\\\/wp-content\\\/uploads\\\/2024\\\/01\\\/20240110_101012-scaled.jpg\",\"contentUrl\":\"https:\\\/\\\/aufildespierres.com\\\/wp-content\\\/uploads\\\/2024\\\/01\\\/20240110_101012-scaled.jpg\",\"width\":1920,\"height\":2560},{\"@type\":\"BreadcrumbList\",\"@id\":\"https:\\\/\\\/aufildespierres.com\\\/index.php\\\/product\\\/pointe-dobsidienne-noire\\\/#breadcrumb\",\"itemListElement\":[{\"@type\":\"ListItem\",\"position\":1,\"name\":\"Accueil\",\"item\":\"https:\\\/\\\/aufildespierres.com\\\/\"},{\"@type\":\"ListItem\",\"position\":2,\"name\":\"Boutique de Lithoth\u00e9rapie\",\"item\":\"https:\\\/\\\/aufildespierres.com\\\/index.php\\\/boutique-de-lithotherapie\\\/\"},{\"@type\":\"ListItem\",\"position\":3,\"name\":\"Pointe d&rsquo;Obsidienne noire\"}]},{\"@type\":\"WebSite\",\"@id\":\"https:\\\/\\\/aufildespierres.com\\\/#website\",\"url\":\"https:\\\/\\\/aufildespierres.com\\\/\",\"name\":\"Au fil des pierres\",\"description\":\"Au fil des pierres\",\"publisher\":{\"@id\":\"https:\\\/\\\/aufildespierres.com\\\/#organization\"},\"potentialAction\":[{\"@type\":\"SearchAction\",\"target\":{\"@type\":\"EntryPoint\",\"urlTemplate\":\"https:\\\/\\\/aufildespierres.com\\\/?s={search_term_string}\"},\"query-input\":{\"@type\":\"PropertyValueSpecification\",\"valueRequired\":true,\"valueName\":\"search_term_string\"}}],\"inLanguage\":\"fr-FR\"},{\"@type\":\"Organization\",\"@id\":\"https:\\\/\\\/aufildespierres.com\\\/#organization\",\"name\":\"Au fil des pierres\",\"url\":\"https:\\\/\\\/aufildespierres.com\\\/\",\"logo\":{\"@type\":\"ImageObject\",\"inLanguage\":\"fr-FR\",\"@id\":\"https:\\\/\\\/aufildespierres.com\\\/#\\\/schema\\\/logo\\\/image\\\/\",\"url\":\"https:\\\/\\\/aufildespierres.com\\\/wp-content\\\/uploads\\\/2023\\\/05\\\/cropped-Logo-PNG-Transparent.png\",\"contentUrl\":\"https:\\\/\\\/aufildespierres.com\\\/wp-content\\\/uploads\\\/2023\\\/05\\\/cropped-Logo-PNG-Transparent.png\",\"width\":1776,\"height\":1625,\"caption\":\"Au fil des pierres\"},\"image\":{\"@id\":\"https:\\\/\\\/aufildespierres.com\\\/#\\\/schema\\\/logo\\\/image\\\/\"}}]}<\/script>\n<!-- \/ Yoast SEO plugin. -->","yoast_head_json":{"title":"Pointe d'Obsidienne noire - Au fil des pierres","description":"Pointe d'Obsidienne noire : prot\u00e8ge des \u00e9nergies n\u00e9gatives, renforce l\u2019ancrage et apaise l\u2019anxi\u00e9t\u00e9. Id\u00e9ale pour \u00e9quilibre et protection.","robots":{"index":"index","follow":"follow","max-snippet":"max-snippet:-1","max-image-preview":"max-image-preview:large","max-video-preview":"max-video-preview:-1"},"canonical":"https:\/\/aufildespierres.com\/index.php\/product\/pointe-dobsidienne-noire\/","og_locale":"fr_FR","og_type":"article","og_title":"Pointe d'Obsidienne noire - Au fil des pierres","og_description":"Pointe d'Obsidienne noire : prot\u00e8ge des \u00e9nergies n\u00e9gatives, renforce l\u2019ancrage et apaise l\u2019anxi\u00e9t\u00e9. Id\u00e9ale pour \u00e9quilibre et protection.","og_url":"https:\/\/aufildespierres.com\/index.php\/product\/pointe-dobsidienne-noire\/","og_site_name":"Au fil des pierres","article_modified_time":"2026-04-30T13:27:13+00:00","og_image":[{"width":1920,"height":2560,"url":"https:\/\/aufildespierres.com\/wp-content\/uploads\/2024\/01\/20240110_101012-scaled.jpg","type":"image\/jpeg"}],"twitter_card":"summary_large_image","twitter_misc":{"Dur\u00e9e de lecture estim\u00e9e":"2 minutes"},"schema":{"@context":"https:\/\/schema.org","@graph":[{"@type":"WebPage","@id":"https:\/\/aufildespierres.com\/index.php\/product\/pointe-dobsidienne-noire\/","url":"https:\/\/aufildespierres.com\/index.php\/product\/pointe-dobsidienne-noire\/","name":"Pointe d'Obsidienne noire - Au fil des pierres","isPartOf":{"@id":"https:\/\/aufildespierres.com\/#website"},"primaryImageOfPage":{"@id":"https:\/\/aufildespierres.com\/index.php\/product\/pointe-dobsidienne-noire\/#primaryimage"},"image":{"@id":"https:\/\/aufildespierres.com\/index.php\/product\/pointe-dobsidienne-noire\/#primaryimage"},"thumbnailUrl":"https:\/\/aufildespierres.com\/wp-content\/uploads\/2024\/01\/20240110_101012-scaled.jpg","datePublished":"2024-01-10T15:33:30+00:00","dateModified":"2026-04-30T13:27:13+00:00","description":"Pointe d'Obsidienne noire : prot\u00e8ge des \u00e9nergies n\u00e9gatives, renforce l\u2019ancrage et apaise l\u2019anxi\u00e9t\u00e9. Id\u00e9ale pour \u00e9quilibre et protection.","breadcrumb":{"@id":"https:\/\/aufildespierres.com\/index.php\/product\/pointe-dobsidienne-noire\/#breadcrumb"},"inLanguage":"fr-FR","potentialAction":[{"@type":"ReadAction","target":["https:\/\/aufildespierres.com\/index.php\/product\/pointe-dobsidienne-noire\/"]}]},{"@type":"ImageObject","inLanguage":"fr-FR","@id":"https:\/\/aufildespierres.com\/index.php\/product\/pointe-dobsidienne-noire\/#primaryimage","url":"https:\/\/aufildespierres.com\/wp-content\/uploads\/2024\/01\/20240110_101012-scaled.jpg","contentUrl":"https:\/\/aufildespierres.com\/wp-content\/uploads\/2024\/01\/20240110_101012-scaled.jpg","width":1920,"height":2560},{"@type":"BreadcrumbList","@id":"https:\/\/aufildespierres.com\/index.php\/product\/pointe-dobsidienne-noire\/#breadcrumb","itemListElement":[{"@type":"ListItem","position":1,"name":"Accueil","item":"https:\/\/aufildespierres.com\/"},{"@type":"ListItem","position":2,"name":"Boutique de Lithoth\u00e9rapie","item":"https:\/\/aufildespierres.com\/index.php\/boutique-de-lithotherapie\/"},{"@type":"ListItem","position":3,"name":"Pointe d&rsquo;Obsidienne noire"}]},{"@type":"WebSite","@id":"https:\/\/aufildespierres.com\/#website","url":"https:\/\/aufildespierres.com\/","name":"Au fil des pierres","description":"Au fil des pierres","publisher":{"@id":"https:\/\/aufildespierres.com\/#organization"},"potentialAction":[{"@type":"SearchAction","target":{"@type":"EntryPoint","urlTemplate":"https:\/\/aufildespierres.com\/?s={search_term_string}"},"query-input":{"@type":"PropertyValueSpecification","valueRequired":true,"valueName":"search_term_string"}}],"inLanguage":"fr-FR"},{"@type":"Organization","@id":"https:\/\/aufildespierres.com\/#organization","name":"Au fil des pierres","url":"https:\/\/aufildespierres.com\/","logo":{"@type":"ImageObject","inLanguage":"fr-FR","@id":"https:\/\/aufildespierres.com\/#\/schema\/logo\/image\/","url":"https:\/\/aufildespierres.com\/wp-content\/uploads\/2023\/05\/cropped-Logo-PNG-Transparent.png","contentUrl":"https:\/\/aufildespierres.com\/wp-content\/uploads\/2023\/05\/cropped-Logo-PNG-Transparent.png","width":1776,"height":1625,"caption":"Au fil des pierres"},"image":{"@id":"https:\/\/aufildespierres.com\/#\/schema\/logo\/image\/"}}]}},"_links":{"self":[{"href":"https:\/\/aufildespierres.com\/index.php\/wp-json\/wp\/v2\/product\/1956","targetHints":{"allow":["GET"]}}],"collection":[{"href":"https:\/\/aufildespierres.com\/index.php\/wp-json\/wp\/v2\/product"}],"about":[{"href":"https:\/\/aufildespierres.com\/index.php\/wp-json\/wp\/v2\/types\/product"}],"replies":[{"embeddable":true,"href":"https:\/\/aufildespierres.com\/index.php\/wp-json\/wp\/v2\/comments?post=1956"}],"wp:featuredmedia":[{"embeddable":true,"href":"https:\/\/aufildespierres.com\/index.php\/wp-json\/wp\/v2\/media\/1957"}],"wp:attachment":[{"href":"https:\/\/aufildespierres.com\/index.php\/wp-json\/wp\/v2\/media?parent=1956"}],"wp:term":[{"taxonomy":"product_brand","embeddable":true,"href":"https:\/\/aufildespierres.com\/index.php\/wp-json\/wp\/v2\/product_brand?post=1956"},{"taxonomy":"product_cat","embeddable":true,"href":"https:\/\/aufildespierres.com\/index.php\/wp-json\/wp\/v2\/product_cat?post=1956"},{"taxonomy":"product_tag","embeddable":true,"href":"https:\/\/aufildespierres.com\/index.php\/wp-json\/wp\/v2\/product_tag?post=1956"}],"curies":[{"name":"wp","href":"https:\/\/api.w.org\/{rel}","templated":true}]}}