{"id":1968,"date":"2024-01-13T16:19:14","date_gmt":"2024-01-13T15:19:14","guid":{"rendered":"https:\/\/aufildespierres.com\/?post_type=product&#038;p=1968"},"modified":"2026-01-10T20:12:24","modified_gmt":"2026-01-10T19:12:24","slug":"ammonite-opalisee","status":"publish","type":"product","link":"https:\/\/aufildespierres.com\/index.php\/product\/ammonite-opalisee\/","title":{"rendered":"Ammonite opalis\u00e9e"},"content":{"rendered":"<div class=\"flex flex-col text-sm pb-25\">\n<article class=\"text-token-text-primary w-full focus:outline-none [--shadow-height:45px] has-data-writing-block:pointer-events-none has-data-writing-block:-mt-(--shadow-height) has-data-writing-block:pt-(--shadow-height) [&amp;:has([data-writing-block])&gt;*]:pointer-events-auto scroll-mt-[calc(var(--header-height)+min(200px,max(70px,20svh)))]\" dir=\"auto\" tabindex=\"-1\" data-turn-id=\"request-WEB:9b282b68-3aa8-4c02-bd5d-21c6d6cf8ee5-1\" data-testid=\"conversation-turn-4\" data-scroll-anchor=\"true\" data-turn=\"assistant\">\n<div class=\"text-base my-auto mx-auto pb-10 [--thread-content-margin:--spacing(4)] @w-sm\/main:[--thread-content-margin:--spacing(6)] @w-lg\/main:[--thread-content-margin:--spacing(16)] px-(--thread-content-margin)\">\n<div class=\"[--thread-content-max-width:40rem] @w-lg\/main:[--thread-content-max-width:48rem] mx-auto max-w-(--thread-content-max-width) flex-1 group\/turn-messages focus-visible:outline-hidden relative flex w-full min-w-0 flex-col agent-turn\" tabindex=\"-1\">\n<div class=\"flex max-w-full flex-col grow\">\n<div class=\"min-h-8 text-message relative flex w-full flex-col items-end gap-2 text-start break-words whitespace-normal [.text-message+&amp;]:mt-1\" dir=\"auto\" data-message-author-role=\"assistant\" data-message-id=\"8743af6a-1c09-4107-a322-944de273a314\" data-message-model-slug=\"gpt-5-2\">\n<div class=\"flex w-full flex-col gap-1 empty:hidden first:pt-[1px]\">\n<div class=\"markdown prose dark:prose-invert w-full break-words light markdown-new-styling\">\n<h2 data-start=\"241\" data-end=\"307\">Ammonite fossile opalis\u00e9e<\/h2>\n<h2 data-start=\"241\" data-end=\"307\">\u2013 pierre de prosp\u00e9rit\u00e9 et d\u2019\u00e9volution<\/h2>\n<p data-start=\"309\" data-end=\"495\">D\u00e9couvre cette <strong data-start=\"324\" data-end=\"353\">Ammonite fossile opalis\u00e9e<\/strong> d\u2019une tr\u00e8s belle qualit\u00e9. Cette pi\u00e8ce rare attire imm\u00e9diatement le regard. Ses reflets lumineux et sa forme en spirale la rendent fascinante.<\/p>\n<p data-start=\"497\" data-end=\"762\">Avec un poids d\u2019environ <strong data-start=\"521\" data-end=\"536\">200 grammes<\/strong>, cette <strong data-start=\"544\" data-end=\"556\">Ammonite<\/strong> offre une belle pr\u00e9sence en main. Ses dimensions approchent <strong data-start=\"617\" data-end=\"634\">90 mm x 75 mmx 25 mm<\/strong> . Elle sublime aussi bien une d\u00e9coration qu\u2019une collection.<\/p>\n<p data-start=\"764\" data-end=\"1054\">Ce fossile provient d\u2019un ancien mollusque c\u00e9phalopode. Sa structure contient principalement du carbonate de calcium. Cette <strong data-start=\"887\" data-end=\"899\">Ammonite<\/strong> date de l\u2019\u00e8re secondaire. Son \u00e2ge peut donc varier entre <strong data-start=\"957\" data-end=\"988\">60 et 450 millions d\u2019ann\u00e9es<\/strong>. Ainsi, tu tiens un v\u00e9ritable fragment de l\u2019histoire de la Terre.<\/p>\n<p data-start=\"1056\" data-end=\"1357\">Sa coquille en spirale symbolise le mouvement. Elle repr\u00e9sente \u00e9galement l\u2019\u00e9volution et les cycles de la vie. Selon les sp\u00e9cimens, l\u2019<strong data-start=\"1189\" data-end=\"1201\">Ammonite<\/strong> r\u00e9v\u00e8le de la nacre, de la calcite ou de l\u2019aragonite. Ici, l\u2019opalisation apporte un \u00e9clat particulier. Les nuances visibles renforcent son caract\u00e8re unique.<\/p>\n<p data-start=\"1359\" data-end=\"1653\">Depuis l\u2019Antiquit\u00e9, on associe l\u2019<strong data-start=\"1392\" data-end=\"1404\">Ammonite<\/strong> \u00e0 de nombreuses croyances. On la surnomme parfois la <strong data-start=\"1458\" data-end=\"1497\">pierre de prosp\u00e9rit\u00e9 aux 7 couleurs<\/strong>. Elle fait \u00e9cho aux \u00e9l\u00e9ments comme le bois, l\u2019eau, le m\u00e9tal et la terre. Par cons\u00e9quent, elle incarne la dynamique du changement et du mouvement perp\u00e9tuel.<\/p>\n<p data-start=\"1655\" data-end=\"1946\">Sur le plan \u00e9nerg\u00e9tique, l\u2019<strong data-start=\"1682\" data-end=\"1694\">Ammonite<\/strong> favorise la chance. Elle attire la prosp\u00e9rit\u00e9 et soutient les opportunit\u00e9s de r\u00e9ussite. En plus, elle aide \u00e0 concr\u00e9tiser les projets. Son \u00e9nergie stimule la cr\u00e9ativit\u00e9 et les id\u00e9es nouvelles. Elle encourage aussi les dons artistiques et l\u2019inspiration.<\/p>\n<p data-start=\"1948\" data-end=\"2230\">C\u00f4t\u00e9 protection, cette pierre \u00e9loigne les personnes mal intentionn\u00e9es. Elle absorbe et neutralise les \u00e9nergies n\u00e9gatives. De plus, elle stabilise les \u00e9motions. Elle calme le mental et renforce la s\u00e9r\u00e9nit\u00e9 int\u00e9rieure. Enfin, elle booste la motivation et donne de l\u2019\u00e9lan au quotidien.<\/p>\n<p data-start=\"2232\" data-end=\"2561\">L\u2019<strong data-start=\"2234\" data-end=\"2246\">Ammonite<\/strong> se relie \u00e9galement au f\u00e9minin sacr\u00e9. Certaines traditions l\u2019utilisent pour accompagner la femme dans des \u00e9tapes importantes. On dit qu\u2019elle soutient l\u2019accouchement et aide \u00e0 mieux vivre les contractions. Elle favoriserait aussi la cicatrisation. Elle contribuerait enfin \u00e0 limiter les marques li\u00e9es \u00e0 la grossesse.<\/p>\n<\/div>\n<\/div>\n<\/div>\n<\/div>\n<div class=\"z-0 flex min-h-[46px] justify-start\"><\/div>\n<div class=\"mt-3 w-full empty:hidden\">\n<div class=\"text-center\"><\/div>\n<\/div>\n<\/div>\n<\/div>\n<\/article>\n<\/div>\n<div class=\"pointer-events-none h-px w-px absolute bottom-0\" aria-hidden=\"true\" data-edge=\"true\"><\/div>\n<hr data-start=\"2635\" data-end=\"2638\" \/>\n<p>&nbsp;<\/p>\n<p>&nbsp;<\/p>\n","protected":false},"excerpt":{"rendered":"<p>Ammonite fossile opalis\u00e9e \u2013 pierre de prosp\u00e9rit\u00e9 et d\u2019\u00e9volution D\u00e9couvre cette Ammonite fossile opalis\u00e9e d\u2019une tr\u00e8s belle qualit\u00e9. Cette pi\u00e8ce rare attire imm\u00e9diatement le regard. Ses reflets lumineux et sa forme en spirale la rendent fascinante. Avec un poids d\u2019environ 200 grammes, cette Ammonite offre une belle pr\u00e9sence en main. Ses dimensions approchent 90 mm [&hellip;]<\/p>\n","protected":false},"featured_media":1969,"comment_status":"open","ping_status":"closed","template":"","meta":{"site-sidebar-layout":"default","site-content-layout":"","ast-site-content-layout":"default","site-content-style":"default","site-sidebar-style":"default","ast-global-header-display":"","ast-banner-title-visibility":"","ast-main-header-display":"","ast-hfb-above-header-display":"","ast-hfb-below-header-display":"","ast-hfb-mobile-header-display":"","site-post-title":"","ast-breadcrumbs-content":"","ast-featured-img":"","footer-sml-layout":"","ast-disable-related-posts":"","theme-transparent-header-meta":"default","adv-header-id-meta":"","stick-header-meta":"","header-above-stick-meta":"","header-main-stick-meta":"","header-below-stick-meta":"","astra-migrate-meta-layouts":"set","ast-page-background-enabled":"default","ast-page-background-meta":{"desktop":{"background-color":"var(--ast-global-color-4)","background-image":"","background-repeat":"repeat","background-position":"center center","background-size":"auto","background-attachment":"scroll","background-type":"","background-media":"","overlay-type":"","overlay-color":"","overlay-opacity":"","overlay-gradient":""},"tablet":{"background-color":"","background-image":"","background-repeat":"repeat","background-position":"center center","background-size":"auto","background-attachment":"scroll","background-type":"","background-media":"","overlay-type":"","overlay-color":"","overlay-opacity":"","overlay-gradient":""},"mobile":{"background-color":"","background-image":"","background-repeat":"repeat","background-position":"center center","background-size":"auto","background-attachment":"scroll","background-type":"","background-media":"","overlay-type":"","overlay-color":"","overlay-opacity":"","overlay-gradient":""}},"ast-content-background-meta":{"desktop":{"background-color":"var(--ast-global-color-5)","background-image":"","background-repeat":"repeat","background-position":"center center","background-size":"auto","background-attachment":"scroll","background-type":"","background-media":"","overlay-type":"","overlay-color":"","overlay-opacity":"","overlay-gradient":""},"tablet":{"background-color":"var(--ast-global-color-5)","background-image":"","background-repeat":"repeat","background-position":"center center","background-size":"auto","background-attachment":"scroll","background-type":"","background-media":"","overlay-type":"","overlay-color":"","overlay-opacity":"","overlay-gradient":""},"mobile":{"background-color":"var(--ast-global-color-5)","background-image":"","background-repeat":"repeat","background-position":"center center","background-size":"auto","background-attachment":"scroll","background-type":"","background-media":"","overlay-type":"","overlay-color":"","overlay-opacity":"","overlay-gradient":""}},"_glsr_average":0,"_glsr_ranking":0,"_glsr_reviews":0},"product_brand":[],"product_cat":[217,32],"product_tag":[],"class_list":{"0":"post-1968","1":"product","2":"type-product","3":"status-publish","4":"has-post-thumbnail","6":"product_cat-ammonite","7":"product_cat-pierres-polies","8":"desktop-align-left","9":"tablet-align-left","10":"mobile-align-left","12":"first","13":"instock","14":"purchasable","15":"product-type-simple"},"yoast_head":"<!-- This site is optimized with the Yoast SEO plugin v27.5 - https:\/\/yoast.com\/product\/yoast-seo-wordpress\/ -->\n<title>Ammonite opalis\u00e9e - Au fil des pierres<\/title>\n<meta name=\"description\" content=\"Ammonite fossile opalis\u00e9e (200 g) : pierre de prosp\u00e9rit\u00e9 et protection. Id\u00e9ale pour attirer chance, calme int\u00e9rieur et motivation.\" \/>\n<meta name=\"robots\" content=\"index, follow, max-snippet:-1, max-image-preview:large, max-video-preview:-1\" \/>\n<link rel=\"canonical\" href=\"https:\/\/aufildespierres.com\/index.php\/product\/ammonite-opalisee\/\" \/>\n<meta property=\"og:locale\" content=\"fr_FR\" \/>\n<meta property=\"og:type\" content=\"article\" \/>\n<meta property=\"og:title\" content=\"Ammonite opalis\u00e9e - Au fil des pierres\" \/>\n<meta property=\"og:description\" content=\"Ammonite fossile opalis\u00e9e (200 g) : pierre de prosp\u00e9rit\u00e9 et protection. Id\u00e9ale pour attirer chance, calme int\u00e9rieur et motivation.\" \/>\n<meta property=\"og:url\" content=\"https:\/\/aufildespierres.com\/index.php\/product\/ammonite-opalisee\/\" \/>\n<meta property=\"og:site_name\" content=\"Au fil des pierres\" \/>\n<meta property=\"article:modified_time\" content=\"2026-01-10T19:12:24+00:00\" \/>\n<meta property=\"og:image\" content=\"https:\/\/aufildespierres.com\/wp-content\/uploads\/2024\/01\/20240113_142712-scaled.jpg\" \/>\n\t<meta property=\"og:image:width\" content=\"1920\" \/>\n\t<meta property=\"og:image:height\" content=\"2560\" \/>\n\t<meta property=\"og:image:type\" content=\"image\/jpeg\" \/>\n<meta name=\"twitter:card\" content=\"summary_large_image\" \/>\n<meta name=\"twitter:label1\" content=\"Dur\u00e9e de lecture estim\u00e9e\" \/>\n\t<meta name=\"twitter:data1\" content=\"2 minutes\" \/>\n<script type=\"application\/ld+json\" class=\"yoast-schema-graph\">{\"@context\":\"https:\\\/\\\/schema.org\",\"@graph\":[{\"@type\":\"WebPage\",\"@id\":\"https:\\\/\\\/aufildespierres.com\\\/index.php\\\/product\\\/ammonite-opalisee\\\/\",\"url\":\"https:\\\/\\\/aufildespierres.com\\\/index.php\\\/product\\\/ammonite-opalisee\\\/\",\"name\":\"Ammonite opalis\u00e9e - Au fil des pierres\",\"isPartOf\":{\"@id\":\"https:\\\/\\\/aufildespierres.com\\\/#website\"},\"primaryImageOfPage\":{\"@id\":\"https:\\\/\\\/aufildespierres.com\\\/index.php\\\/product\\\/ammonite-opalisee\\\/#primaryimage\"},\"image\":{\"@id\":\"https:\\\/\\\/aufildespierres.com\\\/index.php\\\/product\\\/ammonite-opalisee\\\/#primaryimage\"},\"thumbnailUrl\":\"https:\\\/\\\/aufildespierres.com\\\/wp-content\\\/uploads\\\/2024\\\/01\\\/20240113_142712-scaled.jpg\",\"datePublished\":\"2024-01-13T15:19:14+00:00\",\"dateModified\":\"2026-01-10T19:12:24+00:00\",\"description\":\"Ammonite fossile opalis\u00e9e (200 g) : pierre de prosp\u00e9rit\u00e9 et protection. Id\u00e9ale pour attirer chance, calme int\u00e9rieur et motivation.\",\"breadcrumb\":{\"@id\":\"https:\\\/\\\/aufildespierres.com\\\/index.php\\\/product\\\/ammonite-opalisee\\\/#breadcrumb\"},\"inLanguage\":\"fr-FR\",\"potentialAction\":[{\"@type\":\"ReadAction\",\"target\":[\"https:\\\/\\\/aufildespierres.com\\\/index.php\\\/product\\\/ammonite-opalisee\\\/\"]}]},{\"@type\":\"ImageObject\",\"inLanguage\":\"fr-FR\",\"@id\":\"https:\\\/\\\/aufildespierres.com\\\/index.php\\\/product\\\/ammonite-opalisee\\\/#primaryimage\",\"url\":\"https:\\\/\\\/aufildespierres.com\\\/wp-content\\\/uploads\\\/2024\\\/01\\\/20240113_142712-scaled.jpg\",\"contentUrl\":\"https:\\\/\\\/aufildespierres.com\\\/wp-content\\\/uploads\\\/2024\\\/01\\\/20240113_142712-scaled.jpg\",\"width\":1920,\"height\":2560},{\"@type\":\"BreadcrumbList\",\"@id\":\"https:\\\/\\\/aufildespierres.com\\\/index.php\\\/product\\\/ammonite-opalisee\\\/#breadcrumb\",\"itemListElement\":[{\"@type\":\"ListItem\",\"position\":1,\"name\":\"Accueil\",\"item\":\"https:\\\/\\\/aufildespierres.com\\\/\"},{\"@type\":\"ListItem\",\"position\":2,\"name\":\"Boutique de Lithoth\u00e9rapie\",\"item\":\"https:\\\/\\\/aufildespierres.com\\\/index.php\\\/boutique-de-lithotherapie\\\/\"},{\"@type\":\"ListItem\",\"position\":3,\"name\":\"Ammonite opalis\u00e9e\"}]},{\"@type\":\"WebSite\",\"@id\":\"https:\\\/\\\/aufildespierres.com\\\/#website\",\"url\":\"https:\\\/\\\/aufildespierres.com\\\/\",\"name\":\"Au fil des pierres\",\"description\":\"Au fil des pierres\",\"publisher\":{\"@id\":\"https:\\\/\\\/aufildespierres.com\\\/#organization\"},\"potentialAction\":[{\"@type\":\"SearchAction\",\"target\":{\"@type\":\"EntryPoint\",\"urlTemplate\":\"https:\\\/\\\/aufildespierres.com\\\/?s={search_term_string}\"},\"query-input\":{\"@type\":\"PropertyValueSpecification\",\"valueRequired\":true,\"valueName\":\"search_term_string\"}}],\"inLanguage\":\"fr-FR\"},{\"@type\":\"Organization\",\"@id\":\"https:\\\/\\\/aufildespierres.com\\\/#organization\",\"name\":\"Au fil des pierres\",\"url\":\"https:\\\/\\\/aufildespierres.com\\\/\",\"logo\":{\"@type\":\"ImageObject\",\"inLanguage\":\"fr-FR\",\"@id\":\"https:\\\/\\\/aufildespierres.com\\\/#\\\/schema\\\/logo\\\/image\\\/\",\"url\":\"https:\\\/\\\/aufildespierres.com\\\/wp-content\\\/uploads\\\/2023\\\/05\\\/cropped-Logo-PNG-Transparent.png\",\"contentUrl\":\"https:\\\/\\\/aufildespierres.com\\\/wp-content\\\/uploads\\\/2023\\\/05\\\/cropped-Logo-PNG-Transparent.png\",\"width\":1776,\"height\":1625,\"caption\":\"Au fil des pierres\"},\"image\":{\"@id\":\"https:\\\/\\\/aufildespierres.com\\\/#\\\/schema\\\/logo\\\/image\\\/\"}}]}<\/script>\n<!-- \/ Yoast SEO plugin. -->","yoast_head_json":{"title":"Ammonite opalis\u00e9e - Au fil des pierres","description":"Ammonite fossile opalis\u00e9e (200 g) : pierre de prosp\u00e9rit\u00e9 et protection. Id\u00e9ale pour attirer chance, calme int\u00e9rieur et motivation.","robots":{"index":"index","follow":"follow","max-snippet":"max-snippet:-1","max-image-preview":"max-image-preview:large","max-video-preview":"max-video-preview:-1"},"canonical":"https:\/\/aufildespierres.com\/index.php\/product\/ammonite-opalisee\/","og_locale":"fr_FR","og_type":"article","og_title":"Ammonite opalis\u00e9e - Au fil des pierres","og_description":"Ammonite fossile opalis\u00e9e (200 g) : pierre de prosp\u00e9rit\u00e9 et protection. Id\u00e9ale pour attirer chance, calme int\u00e9rieur et motivation.","og_url":"https:\/\/aufildespierres.com\/index.php\/product\/ammonite-opalisee\/","og_site_name":"Au fil des pierres","article_modified_time":"2026-01-10T19:12:24+00:00","og_image":[{"width":1920,"height":2560,"url":"https:\/\/aufildespierres.com\/wp-content\/uploads\/2024\/01\/20240113_142712-scaled.jpg","type":"image\/jpeg"}],"twitter_card":"summary_large_image","twitter_misc":{"Dur\u00e9e de lecture estim\u00e9e":"2 minutes"},"schema":{"@context":"https:\/\/schema.org","@graph":[{"@type":"WebPage","@id":"https:\/\/aufildespierres.com\/index.php\/product\/ammonite-opalisee\/","url":"https:\/\/aufildespierres.com\/index.php\/product\/ammonite-opalisee\/","name":"Ammonite opalis\u00e9e - Au fil des pierres","isPartOf":{"@id":"https:\/\/aufildespierres.com\/#website"},"primaryImageOfPage":{"@id":"https:\/\/aufildespierres.com\/index.php\/product\/ammonite-opalisee\/#primaryimage"},"image":{"@id":"https:\/\/aufildespierres.com\/index.php\/product\/ammonite-opalisee\/#primaryimage"},"thumbnailUrl":"https:\/\/aufildespierres.com\/wp-content\/uploads\/2024\/01\/20240113_142712-scaled.jpg","datePublished":"2024-01-13T15:19:14+00:00","dateModified":"2026-01-10T19:12:24+00:00","description":"Ammonite fossile opalis\u00e9e (200 g) : pierre de prosp\u00e9rit\u00e9 et protection. Id\u00e9ale pour attirer chance, calme int\u00e9rieur et motivation.","breadcrumb":{"@id":"https:\/\/aufildespierres.com\/index.php\/product\/ammonite-opalisee\/#breadcrumb"},"inLanguage":"fr-FR","potentialAction":[{"@type":"ReadAction","target":["https:\/\/aufildespierres.com\/index.php\/product\/ammonite-opalisee\/"]}]},{"@type":"ImageObject","inLanguage":"fr-FR","@id":"https:\/\/aufildespierres.com\/index.php\/product\/ammonite-opalisee\/#primaryimage","url":"https:\/\/aufildespierres.com\/wp-content\/uploads\/2024\/01\/20240113_142712-scaled.jpg","contentUrl":"https:\/\/aufildespierres.com\/wp-content\/uploads\/2024\/01\/20240113_142712-scaled.jpg","width":1920,"height":2560},{"@type":"BreadcrumbList","@id":"https:\/\/aufildespierres.com\/index.php\/product\/ammonite-opalisee\/#breadcrumb","itemListElement":[{"@type":"ListItem","position":1,"name":"Accueil","item":"https:\/\/aufildespierres.com\/"},{"@type":"ListItem","position":2,"name":"Boutique de Lithoth\u00e9rapie","item":"https:\/\/aufildespierres.com\/index.php\/boutique-de-lithotherapie\/"},{"@type":"ListItem","position":3,"name":"Ammonite opalis\u00e9e"}]},{"@type":"WebSite","@id":"https:\/\/aufildespierres.com\/#website","url":"https:\/\/aufildespierres.com\/","name":"Au fil des pierres","description":"Au fil des pierres","publisher":{"@id":"https:\/\/aufildespierres.com\/#organization"},"potentialAction":[{"@type":"SearchAction","target":{"@type":"EntryPoint","urlTemplate":"https:\/\/aufildespierres.com\/?s={search_term_string}"},"query-input":{"@type":"PropertyValueSpecification","valueRequired":true,"valueName":"search_term_string"}}],"inLanguage":"fr-FR"},{"@type":"Organization","@id":"https:\/\/aufildespierres.com\/#organization","name":"Au fil des pierres","url":"https:\/\/aufildespierres.com\/","logo":{"@type":"ImageObject","inLanguage":"fr-FR","@id":"https:\/\/aufildespierres.com\/#\/schema\/logo\/image\/","url":"https:\/\/aufildespierres.com\/wp-content\/uploads\/2023\/05\/cropped-Logo-PNG-Transparent.png","contentUrl":"https:\/\/aufildespierres.com\/wp-content\/uploads\/2023\/05\/cropped-Logo-PNG-Transparent.png","width":1776,"height":1625,"caption":"Au fil des pierres"},"image":{"@id":"https:\/\/aufildespierres.com\/#\/schema\/logo\/image\/"}}]}},"_links":{"self":[{"href":"https:\/\/aufildespierres.com\/index.php\/wp-json\/wp\/v2\/product\/1968","targetHints":{"allow":["GET"]}}],"collection":[{"href":"https:\/\/aufildespierres.com\/index.php\/wp-json\/wp\/v2\/product"}],"about":[{"href":"https:\/\/aufildespierres.com\/index.php\/wp-json\/wp\/v2\/types\/product"}],"replies":[{"embeddable":true,"href":"https:\/\/aufildespierres.com\/index.php\/wp-json\/wp\/v2\/comments?post=1968"}],"wp:featuredmedia":[{"embeddable":true,"href":"https:\/\/aufildespierres.com\/index.php\/wp-json\/wp\/v2\/media\/1969"}],"wp:attachment":[{"href":"https:\/\/aufildespierres.com\/index.php\/wp-json\/wp\/v2\/media?parent=1968"}],"wp:term":[{"taxonomy":"product_brand","embeddable":true,"href":"https:\/\/aufildespierres.com\/index.php\/wp-json\/wp\/v2\/product_brand?post=1968"},{"taxonomy":"product_cat","embeddable":true,"href":"https:\/\/aufildespierres.com\/index.php\/wp-json\/wp\/v2\/product_cat?post=1968"},{"taxonomy":"product_tag","embeddable":true,"href":"https:\/\/aufildespierres.com\/index.php\/wp-json\/wp\/v2\/product_tag?post=1968"}],"curies":[{"name":"wp","href":"https:\/\/api.w.org\/{rel}","templated":true}]}}