{"id":2027,"date":"2024-01-22T14:56:47","date_gmt":"2024-01-22T13:56:47","guid":{"rendered":"https:\/\/aufildespierres.com\/?post_type=product&#038;p=2027"},"modified":"2026-04-30T21:01:30","modified_gmt":"2026-04-30T19:01:30","slug":"coeur-jaspe-polychrome","status":"publish","type":"product","link":"https:\/\/aufildespierres.com\/index.php\/product\/coeur-jaspe-polychrome\/","title":{"rendered":"Coeur Jaspe polychrome"},"content":{"rendered":"<section class=\"text-token-text-primary w-full focus:outline-none [--shadow-height:45px] has-data-writing-block:pointer-events-none has-data-writing-block:-mt-(--shadow-height) has-data-writing-block:pt-(--shadow-height) [&amp;:has([data-writing-block])&gt;*]:pointer-events-auto R6Vx5W_threadScrollVars scroll-mb-[calc(var(--scroll-root-safe-area-inset-bottom,0px)+var(--thread-response-height))] scroll-mt-(--header-height)\" dir=\"auto\" data-turn-id=\"b5e8c913-e040-4eda-a845-36896d56a160\" data-testid=\"conversation-turn-45\" data-scroll-anchor=\"false\" data-turn=\"user\"><\/section>\n<section class=\"text-token-text-primary w-full focus:outline-none [--shadow-height:45px] has-data-writing-block:pointer-events-none has-data-writing-block:-mt-(--shadow-height) has-data-writing-block:pt-(--shadow-height) [&amp;:has([data-writing-block])&gt;*]:pointer-events-auto [content-visibility:auto] supports-[content-visibility:auto]:[contain-intrinsic-size:auto_100lvh] R6Vx5W_threadScrollVars scroll-mb-[calc(var(--scroll-root-safe-area-inset-bottom,0px)+var(--thread-response-height))] scroll-mt-[calc(var(--header-height)+min(200px,max(70px,20svh)))]\" dir=\"auto\" data-turn-id=\"request-WEB:934aed32-f4ea-410c-92fc-6e21a636ff10-22\" data-testid=\"conversation-turn-46\" data-scroll-anchor=\"false\" data-turn=\"assistant\">\n<div class=\"text-base my-auto mx-auto pb-10 [--thread-content-margin:var(--thread-content-margin-xs,calc(var(--spacing)*4))] @w-sm\/main:[--thread-content-margin:var(--thread-content-margin-sm,calc(var(--spacing)*6))] @w-lg\/main:[--thread-content-margin:var(--thread-content-margin-lg,calc(var(--spacing)*16))] px-(--thread-content-margin)\">\n<div class=\"[--thread-content-max-width:40rem] @w-lg\/main:[--thread-content-max-width:48rem] mx-auto max-w-(--thread-content-max-width) flex-1 group\/turn-messages focus-visible:outline-hidden relative flex w-full min-w-0 flex-col agent-turn\">\n<div class=\"flex max-w-full flex-col gap-4 grow\">\n<div class=\"min-h-8 text-message relative flex w-full flex-col items-end gap-2 text-start break-words whitespace-normal outline-none keyboard-focused:focus-ring [.text-message+&amp;]:mt-1\" dir=\"auto\" tabindex=\"0\" data-message-author-role=\"assistant\" data-message-id=\"b530d11b-94e7-4177-95d0-2168f5b82ff4\" data-message-model-slug=\"gpt-5-3\" data-turn-start-message=\"true\">\n<div class=\"flex w-full flex-col gap-1 empty:hidden\">\n<div class=\"markdown prose dark:prose-invert w-full wrap-break-word light markdown-new-styling\">\n<p data-start=\"0\" data-end=\"48\">C\u0153ur en Jaspe polychrome : ancrage et vitalit\u00e9<\/p>\n<p data-start=\"50\" data-end=\"374\">Ce c\u0153ur en Jaspe polychrome, aussi appel\u00e9 jaspe imp\u00e9rial, p\u00e8se 302 grammes et mesure environ 80 x 80 mm. Il pr\u00e9sente de magnifiques variations de couleurs naturelles, m\u00ealant des tons chauds et terreux qui lui donnent un aspect unique et vivant. Sa surface polie met en valeur ses nuances et renforce son \u00e9nergie d\u2019ancrage.<\/p>\n<p data-start=\"376\" data-end=\"433\"><strong data-start=\"376\" data-end=\"431\">Une pierre pour renforcer l\u2019ancrage et la confiance<\/strong><\/p>\n<p data-start=\"435\" data-end=\"648\">Le c\u0153ur en Jaspe polychrome ancrage est une pierre naturelle reconnue pour renforcer la stabilit\u00e9 et la confiance en soi. Il est particuli\u00e8rement appr\u00e9ci\u00e9 pour l\u2019\u00e9nergie de s\u00e9curit\u00e9 et de vitalit\u00e9 qu\u2019il diffuse.<\/p>\n<p data-start=\"650\" data-end=\"809\">En effet, il favorise l\u2019ancrage dans le moment pr\u00e9sent et aide \u00e0 rester centr\u00e9. Ainsi, il permet de prendre des d\u00e9cisions avec plus de clart\u00e9 et d\u2019assurance.<\/p>\n<p data-start=\"811\" data-end=\"1041\">De plus, il apporte d\u00e9termination et volont\u00e9 dans les projets. Par ailleurs, il encourage l\u2019ouverture d\u2019esprit et la capacit\u00e9 \u00e0 avancer avec confiance. Gr\u00e2ce \u00e0 cela, il aide \u00e0 surmonter les doutes et \u00e0 renforcer l\u2019estime de soi.<\/p>\n<p data-start=\"1043\" data-end=\"1230\">Il convient particuli\u00e8rement aux personnes qui manquent de rep\u00e8res ou de motivation. Par exemple, il peut aider \u00e0 retrouver de l\u2019\u00e9nergie et \u00e0 se sentir plus stable face aux changements.<\/p>\n<p data-start=\"1232\" data-end=\"1275\"><strong data-start=\"1232\" data-end=\"1273\">Un soutien pour l\u2019\u00e9quilibre int\u00e9rieur<\/strong><\/p>\n<p data-start=\"1277\" data-end=\"1433\">Cette pierre vous aide \u00e0 vous reconnecter \u00e0 l\u2019instant pr\u00e9sent et \u00e0 vos besoins profonds. Elle stabilise les \u00e9motions et renforce la sensation d\u2019\u00e9quilibre.<\/p>\n<p data-start=\"1435\" data-end=\"1600\">En compl\u00e9ment, elle prot\u00e8ge des \u00e9nergies n\u00e9gatives et revitalise l\u2019ensemble du corps \u00e9nerg\u00e9tique. Ainsi, elle favorise un \u00e9tat d\u2019esprit plus positif et plus ancr\u00e9.<\/p>\n<p data-start=\"1602\" data-end=\"1687\">Elle encourage \u00e9galement \u00e0 avancer avec constance et \u00e0 garder une direction claire.<\/p>\n<p data-start=\"1689\" data-end=\"1722\"><strong data-start=\"1689\" data-end=\"1720\">Des bienfaits pour le corps<\/strong><\/p>\n<p data-start=\"1724\" data-end=\"1898\">Sur le plan physique, elle soutient l\u2019\u00e9nergie globale du corps et la vitalit\u00e9. Elle peut aider \u00e0 stimuler la circulation sanguine et \u00e0 r\u00e9guler certaines baisses de tension.<\/p>\n<p data-start=\"1900\" data-end=\"2080\">De plus, elle contribue \u00e0 renforcer l\u2019organisme et \u00e0 maintenir un bon niveau d\u2019\u00e9nergie. En outre, elle accompagne les p\u00e9riodes de fatigue en aidant \u00e0 retrouver plus de dynamisme.<\/p>\n<p data-start=\"2082\" data-end=\"2239\">Pour l\u2019entretien, purifiez-la \u00e0 l\u2019eau claire ou par fumigation. Ensuite, rechargez-la \u00e0 la lumi\u00e8re naturelle afin de pr\u00e9server ses propri\u00e9t\u00e9s \u00e9nerg\u00e9tiques.<\/p>\n<p data-start=\"2241\" data-end=\"2354\">Elle accompagne naturellement les p\u00e9riodes o\u00f9 un besoin d\u2019ancrage, de stabilit\u00e9 et de renouveau se fait sentir.<\/p>\n<\/div>\n<\/div>\n<\/div>\n<\/div>\n<\/div>\n<\/div>\n<\/section>\n","protected":false},"excerpt":{"rendered":"<p>C\u0153ur en Jaspe polychrome : ancrage et vitalit\u00e9 Ce c\u0153ur en Jaspe polychrome, aussi appel\u00e9 jaspe imp\u00e9rial, p\u00e8se 302 grammes et mesure environ 80 x 80 mm. Il pr\u00e9sente de magnifiques variations de couleurs naturelles, m\u00ealant des tons chauds et terreux qui lui donnent un aspect unique et vivant. Sa surface polie met en valeur [&hellip;]<\/p>\n","protected":false},"featured_media":2028,"comment_status":"open","ping_status":"closed","template":"","meta":{"site-sidebar-layout":"default","site-content-layout":"","ast-site-content-layout":"default","site-content-style":"default","site-sidebar-style":"default","ast-global-header-display":"","ast-banner-title-visibility":"","ast-main-header-display":"","ast-hfb-above-header-display":"","ast-hfb-below-header-display":"","ast-hfb-mobile-header-display":"","site-post-title":"","ast-breadcrumbs-content":"","ast-featured-img":"","footer-sml-layout":"","ast-disable-related-posts":"","theme-transparent-header-meta":"default","adv-header-id-meta":"","stick-header-meta":"","header-above-stick-meta":"","header-main-stick-meta":"","header-below-stick-meta":"","astra-migrate-meta-layouts":"set","ast-page-background-enabled":"default","ast-page-background-meta":{"desktop":{"background-color":"var(--ast-global-color-4)","background-image":"","background-repeat":"repeat","background-position":"center center","background-size":"auto","background-attachment":"scroll","background-type":"","background-media":"","overlay-type":"","overlay-color":"","overlay-opacity":"","overlay-gradient":""},"tablet":{"background-color":"","background-image":"","background-repeat":"repeat","background-position":"center center","background-size":"auto","background-attachment":"scroll","background-type":"","background-media":"","overlay-type":"","overlay-color":"","overlay-opacity":"","overlay-gradient":""},"mobile":{"background-color":"","background-image":"","background-repeat":"repeat","background-position":"center center","background-size":"auto","background-attachment":"scroll","background-type":"","background-media":"","overlay-type":"","overlay-color":"","overlay-opacity":"","overlay-gradient":""}},"ast-content-background-meta":{"desktop":{"background-color":"var(--ast-global-color-5)","background-image":"","background-repeat":"repeat","background-position":"center center","background-size":"auto","background-attachment":"scroll","background-type":"","background-media":"","overlay-type":"","overlay-color":"","overlay-opacity":"","overlay-gradient":""},"tablet":{"background-color":"var(--ast-global-color-5)","background-image":"","background-repeat":"repeat","background-position":"center center","background-size":"auto","background-attachment":"scroll","background-type":"","background-media":"","overlay-type":"","overlay-color":"","overlay-opacity":"","overlay-gradient":""},"mobile":{"background-color":"var(--ast-global-color-5)","background-image":"","background-repeat":"repeat","background-position":"center center","background-size":"auto","background-attachment":"scroll","background-type":"","background-media":"","overlay-type":"","overlay-color":"","overlay-opacity":"","overlay-gradient":""}},"_glsr_average":0,"_glsr_ranking":0,"_glsr_reviews":0},"product_brand":[],"product_cat":[123,134,200],"product_tag":[],"class_list":{"0":"post-2027","1":"product","2":"type-product","3":"status-publish","4":"has-post-thumbnail","6":"product_cat-ancrage-et-determination","7":"product_cat-jaspe-polychrome","8":"product_cat-sculptees","9":"desktop-align-left","10":"tablet-align-left","11":"mobile-align-left","13":"first","14":"instock","15":"purchasable","16":"product-type-simple"},"yoast_head":"<!-- This site is optimized with the Yoast SEO plugin v27.5 - https:\/\/yoast.com\/product\/yoast-seo-wordpress\/ -->\n<title>Coeur Jaspe polychrome - Au fil des pierres<\/title>\n<meta name=\"description\" content=\"C\u0153ur en Jaspe Polychrome : favorise l\u2019ancrage, la confiance et la vitalit\u00e9. Id\u00e9al pour retrouver stabilit\u00e9 et \u00e9nergie au quotidien.\" \/>\n<meta name=\"robots\" content=\"index, follow, max-snippet:-1, max-image-preview:large, max-video-preview:-1\" \/>\n<link rel=\"canonical\" href=\"https:\/\/aufildespierres.com\/index.php\/product\/coeur-jaspe-polychrome\/\" \/>\n<meta property=\"og:locale\" content=\"fr_FR\" \/>\n<meta property=\"og:type\" content=\"article\" \/>\n<meta property=\"og:title\" content=\"Coeur Jaspe polychrome - Au fil des pierres\" \/>\n<meta property=\"og:description\" content=\"C\u0153ur en Jaspe Polychrome : favorise l\u2019ancrage, la confiance et la vitalit\u00e9. Id\u00e9al pour retrouver stabilit\u00e9 et \u00e9nergie au quotidien.\" \/>\n<meta property=\"og:url\" content=\"https:\/\/aufildespierres.com\/index.php\/product\/coeur-jaspe-polychrome\/\" \/>\n<meta property=\"og:site_name\" content=\"Au fil des pierres\" \/>\n<meta property=\"article:modified_time\" content=\"2026-04-30T19:01:30+00:00\" \/>\n<meta property=\"og:image\" content=\"https:\/\/aufildespierres.com\/wp-content\/uploads\/2024\/01\/20240115_144928-scaled.jpg\" \/>\n\t<meta property=\"og:image:width\" content=\"2560\" \/>\n\t<meta property=\"og:image:height\" content=\"2243\" \/>\n\t<meta property=\"og:image:type\" content=\"image\/jpeg\" \/>\n<meta name=\"twitter:card\" content=\"summary_large_image\" \/>\n<meta name=\"twitter:label1\" content=\"Dur\u00e9e de lecture estim\u00e9e\" \/>\n\t<meta name=\"twitter:data1\" content=\"3 minutes\" \/>\n<script type=\"application\/ld+json\" class=\"yoast-schema-graph\">{\"@context\":\"https:\\\/\\\/schema.org\",\"@graph\":[{\"@type\":\"WebPage\",\"@id\":\"https:\\\/\\\/aufildespierres.com\\\/index.php\\\/product\\\/coeur-jaspe-polychrome\\\/\",\"url\":\"https:\\\/\\\/aufildespierres.com\\\/index.php\\\/product\\\/coeur-jaspe-polychrome\\\/\",\"name\":\"Coeur Jaspe polychrome - Au fil des pierres\",\"isPartOf\":{\"@id\":\"https:\\\/\\\/aufildespierres.com\\\/#website\"},\"primaryImageOfPage\":{\"@id\":\"https:\\\/\\\/aufildespierres.com\\\/index.php\\\/product\\\/coeur-jaspe-polychrome\\\/#primaryimage\"},\"image\":{\"@id\":\"https:\\\/\\\/aufildespierres.com\\\/index.php\\\/product\\\/coeur-jaspe-polychrome\\\/#primaryimage\"},\"thumbnailUrl\":\"https:\\\/\\\/aufildespierres.com\\\/wp-content\\\/uploads\\\/2024\\\/01\\\/20240115_144928-scaled.jpg\",\"datePublished\":\"2024-01-22T13:56:47+00:00\",\"dateModified\":\"2026-04-30T19:01:30+00:00\",\"description\":\"C\u0153ur en Jaspe Polychrome : favorise l\u2019ancrage, la confiance et la vitalit\u00e9. Id\u00e9al pour retrouver stabilit\u00e9 et \u00e9nergie au quotidien.\",\"breadcrumb\":{\"@id\":\"https:\\\/\\\/aufildespierres.com\\\/index.php\\\/product\\\/coeur-jaspe-polychrome\\\/#breadcrumb\"},\"inLanguage\":\"fr-FR\",\"potentialAction\":[{\"@type\":\"ReadAction\",\"target\":[\"https:\\\/\\\/aufildespierres.com\\\/index.php\\\/product\\\/coeur-jaspe-polychrome\\\/\"]}]},{\"@type\":\"ImageObject\",\"inLanguage\":\"fr-FR\",\"@id\":\"https:\\\/\\\/aufildespierres.com\\\/index.php\\\/product\\\/coeur-jaspe-polychrome\\\/#primaryimage\",\"url\":\"https:\\\/\\\/aufildespierres.com\\\/wp-content\\\/uploads\\\/2024\\\/01\\\/20240115_144928-scaled.jpg\",\"contentUrl\":\"https:\\\/\\\/aufildespierres.com\\\/wp-content\\\/uploads\\\/2024\\\/01\\\/20240115_144928-scaled.jpg\",\"width\":2560,\"height\":2243},{\"@type\":\"BreadcrumbList\",\"@id\":\"https:\\\/\\\/aufildespierres.com\\\/index.php\\\/product\\\/coeur-jaspe-polychrome\\\/#breadcrumb\",\"itemListElement\":[{\"@type\":\"ListItem\",\"position\":1,\"name\":\"Accueil\",\"item\":\"https:\\\/\\\/aufildespierres.com\\\/\"},{\"@type\":\"ListItem\",\"position\":2,\"name\":\"Boutique de Lithoth\u00e9rapie\",\"item\":\"https:\\\/\\\/aufildespierres.com\\\/index.php\\\/boutique-de-lithotherapie\\\/\"},{\"@type\":\"ListItem\",\"position\":3,\"name\":\"Coeur Jaspe polychrome\"}]},{\"@type\":\"WebSite\",\"@id\":\"https:\\\/\\\/aufildespierres.com\\\/#website\",\"url\":\"https:\\\/\\\/aufildespierres.com\\\/\",\"name\":\"Au fil des pierres\",\"description\":\"Au fil des pierres\",\"publisher\":{\"@id\":\"https:\\\/\\\/aufildespierres.com\\\/#organization\"},\"potentialAction\":[{\"@type\":\"SearchAction\",\"target\":{\"@type\":\"EntryPoint\",\"urlTemplate\":\"https:\\\/\\\/aufildespierres.com\\\/?s={search_term_string}\"},\"query-input\":{\"@type\":\"PropertyValueSpecification\",\"valueRequired\":true,\"valueName\":\"search_term_string\"}}],\"inLanguage\":\"fr-FR\"},{\"@type\":\"Organization\",\"@id\":\"https:\\\/\\\/aufildespierres.com\\\/#organization\",\"name\":\"Au fil des pierres\",\"url\":\"https:\\\/\\\/aufildespierres.com\\\/\",\"logo\":{\"@type\":\"ImageObject\",\"inLanguage\":\"fr-FR\",\"@id\":\"https:\\\/\\\/aufildespierres.com\\\/#\\\/schema\\\/logo\\\/image\\\/\",\"url\":\"https:\\\/\\\/aufildespierres.com\\\/wp-content\\\/uploads\\\/2023\\\/05\\\/cropped-Logo-PNG-Transparent.png\",\"contentUrl\":\"https:\\\/\\\/aufildespierres.com\\\/wp-content\\\/uploads\\\/2023\\\/05\\\/cropped-Logo-PNG-Transparent.png\",\"width\":1776,\"height\":1625,\"caption\":\"Au fil des pierres\"},\"image\":{\"@id\":\"https:\\\/\\\/aufildespierres.com\\\/#\\\/schema\\\/logo\\\/image\\\/\"}}]}<\/script>\n<!-- \/ Yoast SEO plugin. -->","yoast_head_json":{"title":"Coeur Jaspe polychrome - Au fil des pierres","description":"C\u0153ur en Jaspe Polychrome : favorise l\u2019ancrage, la confiance et la vitalit\u00e9. Id\u00e9al pour retrouver stabilit\u00e9 et \u00e9nergie au quotidien.","robots":{"index":"index","follow":"follow","max-snippet":"max-snippet:-1","max-image-preview":"max-image-preview:large","max-video-preview":"max-video-preview:-1"},"canonical":"https:\/\/aufildespierres.com\/index.php\/product\/coeur-jaspe-polychrome\/","og_locale":"fr_FR","og_type":"article","og_title":"Coeur Jaspe polychrome - Au fil des pierres","og_description":"C\u0153ur en Jaspe Polychrome : favorise l\u2019ancrage, la confiance et la vitalit\u00e9. Id\u00e9al pour retrouver stabilit\u00e9 et \u00e9nergie au quotidien.","og_url":"https:\/\/aufildespierres.com\/index.php\/product\/coeur-jaspe-polychrome\/","og_site_name":"Au fil des pierres","article_modified_time":"2026-04-30T19:01:30+00:00","og_image":[{"width":2560,"height":2243,"url":"https:\/\/aufildespierres.com\/wp-content\/uploads\/2024\/01\/20240115_144928-scaled.jpg","type":"image\/jpeg"}],"twitter_card":"summary_large_image","twitter_misc":{"Dur\u00e9e de lecture estim\u00e9e":"3 minutes"},"schema":{"@context":"https:\/\/schema.org","@graph":[{"@type":"WebPage","@id":"https:\/\/aufildespierres.com\/index.php\/product\/coeur-jaspe-polychrome\/","url":"https:\/\/aufildespierres.com\/index.php\/product\/coeur-jaspe-polychrome\/","name":"Coeur Jaspe polychrome - Au fil des pierres","isPartOf":{"@id":"https:\/\/aufildespierres.com\/#website"},"primaryImageOfPage":{"@id":"https:\/\/aufildespierres.com\/index.php\/product\/coeur-jaspe-polychrome\/#primaryimage"},"image":{"@id":"https:\/\/aufildespierres.com\/index.php\/product\/coeur-jaspe-polychrome\/#primaryimage"},"thumbnailUrl":"https:\/\/aufildespierres.com\/wp-content\/uploads\/2024\/01\/20240115_144928-scaled.jpg","datePublished":"2024-01-22T13:56:47+00:00","dateModified":"2026-04-30T19:01:30+00:00","description":"C\u0153ur en Jaspe Polychrome : favorise l\u2019ancrage, la confiance et la vitalit\u00e9. Id\u00e9al pour retrouver stabilit\u00e9 et \u00e9nergie au quotidien.","breadcrumb":{"@id":"https:\/\/aufildespierres.com\/index.php\/product\/coeur-jaspe-polychrome\/#breadcrumb"},"inLanguage":"fr-FR","potentialAction":[{"@type":"ReadAction","target":["https:\/\/aufildespierres.com\/index.php\/product\/coeur-jaspe-polychrome\/"]}]},{"@type":"ImageObject","inLanguage":"fr-FR","@id":"https:\/\/aufildespierres.com\/index.php\/product\/coeur-jaspe-polychrome\/#primaryimage","url":"https:\/\/aufildespierres.com\/wp-content\/uploads\/2024\/01\/20240115_144928-scaled.jpg","contentUrl":"https:\/\/aufildespierres.com\/wp-content\/uploads\/2024\/01\/20240115_144928-scaled.jpg","width":2560,"height":2243},{"@type":"BreadcrumbList","@id":"https:\/\/aufildespierres.com\/index.php\/product\/coeur-jaspe-polychrome\/#breadcrumb","itemListElement":[{"@type":"ListItem","position":1,"name":"Accueil","item":"https:\/\/aufildespierres.com\/"},{"@type":"ListItem","position":2,"name":"Boutique de Lithoth\u00e9rapie","item":"https:\/\/aufildespierres.com\/index.php\/boutique-de-lithotherapie\/"},{"@type":"ListItem","position":3,"name":"Coeur Jaspe polychrome"}]},{"@type":"WebSite","@id":"https:\/\/aufildespierres.com\/#website","url":"https:\/\/aufildespierres.com\/","name":"Au fil des pierres","description":"Au fil des pierres","publisher":{"@id":"https:\/\/aufildespierres.com\/#organization"},"potentialAction":[{"@type":"SearchAction","target":{"@type":"EntryPoint","urlTemplate":"https:\/\/aufildespierres.com\/?s={search_term_string}"},"query-input":{"@type":"PropertyValueSpecification","valueRequired":true,"valueName":"search_term_string"}}],"inLanguage":"fr-FR"},{"@type":"Organization","@id":"https:\/\/aufildespierres.com\/#organization","name":"Au fil des pierres","url":"https:\/\/aufildespierres.com\/","logo":{"@type":"ImageObject","inLanguage":"fr-FR","@id":"https:\/\/aufildespierres.com\/#\/schema\/logo\/image\/","url":"https:\/\/aufildespierres.com\/wp-content\/uploads\/2023\/05\/cropped-Logo-PNG-Transparent.png","contentUrl":"https:\/\/aufildespierres.com\/wp-content\/uploads\/2023\/05\/cropped-Logo-PNG-Transparent.png","width":1776,"height":1625,"caption":"Au fil des pierres"},"image":{"@id":"https:\/\/aufildespierres.com\/#\/schema\/logo\/image\/"}}]}},"_links":{"self":[{"href":"https:\/\/aufildespierres.com\/index.php\/wp-json\/wp\/v2\/product\/2027","targetHints":{"allow":["GET"]}}],"collection":[{"href":"https:\/\/aufildespierres.com\/index.php\/wp-json\/wp\/v2\/product"}],"about":[{"href":"https:\/\/aufildespierres.com\/index.php\/wp-json\/wp\/v2\/types\/product"}],"replies":[{"embeddable":true,"href":"https:\/\/aufildespierres.com\/index.php\/wp-json\/wp\/v2\/comments?post=2027"}],"wp:featuredmedia":[{"embeddable":true,"href":"https:\/\/aufildespierres.com\/index.php\/wp-json\/wp\/v2\/media\/2028"}],"wp:attachment":[{"href":"https:\/\/aufildespierres.com\/index.php\/wp-json\/wp\/v2\/media?parent=2027"}],"wp:term":[{"taxonomy":"product_brand","embeddable":true,"href":"https:\/\/aufildespierres.com\/index.php\/wp-json\/wp\/v2\/product_brand?post=2027"},{"taxonomy":"product_cat","embeddable":true,"href":"https:\/\/aufildespierres.com\/index.php\/wp-json\/wp\/v2\/product_cat?post=2027"},{"taxonomy":"product_tag","embeddable":true,"href":"https:\/\/aufildespierres.com\/index.php\/wp-json\/wp\/v2\/product_tag?post=2027"}],"curies":[{"name":"wp","href":"https:\/\/api.w.org\/{rel}","templated":true}]}}