{"id":2044,"date":"2024-01-22T17:32:14","date_gmt":"2024-01-22T16:32:14","guid":{"rendered":"https:\/\/aufildespierres.com\/?post_type=product&#038;p=2044"},"modified":"2026-04-30T20:57:22","modified_gmt":"2026-04-30T18:57:22","slug":"coeur-en-oeil-de-tigre","status":"publish","type":"product","link":"https:\/\/aufildespierres.com\/index.php\/product\/coeur-en-oeil-de-tigre\/","title":{"rendered":"C\u0153ur en \u0152il  de tigre"},"content":{"rendered":"<p data-start=\"0\" data-end=\"48\"><strong>C\u0153ur en \u0152il de tigre<\/strong><\/p>\n<p data-start=\"0\" data-end=\"48\">protection et confiance 40 x40 mm<\/p>\n<p data-start=\"50\" data-end=\"313\">Ce C\u0153ur en \u0152il de Tigre mesure environ 40 mm et provient d\u2019Afrique du Sud. Chaque pi\u00e8ce est unique, avec un envoi al\u00e9atoire. Il pr\u00e9sente de magnifiques reflets dor\u00e9s et bruns, caract\u00e9ristiques de cette pierre, qui lui donnent un aspect chaleureux et protecteur.<\/p>\n<p data-start=\"315\" data-end=\"368\"><strong data-start=\"315\" data-end=\"366\">Une pierre de protection et de force int\u00e9rieure<\/strong><\/p>\n<p data-start=\"370\" data-end=\"538\">Le c\u0153ur en \u0152il de Tigre protection agit comme un v\u00e9ritable bouclier \u00e9nerg\u00e9tique. Il est particuli\u00e8rement appr\u00e9ci\u00e9 pour sa capacit\u00e9 \u00e0 repousser les \u00e9nergies n\u00e9gatives.<\/p>\n<p data-start=\"540\" data-end=\"696\">En effet, il renvoie les pens\u00e9es n\u00e9gatives \u00e0 leur \u00e9metteur au lieu de les absorber. Ainsi, il aide \u00e0 pr\u00e9server votre \u00e9nergie et votre \u00e9quilibre int\u00e9rieur.<\/p>\n<p data-start=\"698\" data-end=\"925\">De plus, il augmente les ondes positives et favorise la chance. Par ailleurs, il permet de rester soi-m\u00eame, m\u00eame en \u00e9tant tr\u00e8s empathique. Gr\u00e2ce \u00e0 cela, il renforce la confiance en soi et encourage \u00e0 s\u2019affirmer avec justesse.<\/p>\n<p data-start=\"927\" data-end=\"1116\">Il convient particuli\u00e8rement aux personnes sensibles ou en manque d\u2019assurance. Par exemple, il peut aider \u00e0 d\u00e9passer la timidit\u00e9 et \u00e0 prendre des d\u00e9cisions plus align\u00e9es avec ses valeurs.<\/p>\n<p data-start=\"1118\" data-end=\"1162\"><strong data-start=\"1118\" data-end=\"1160\">Un soutien pour l\u2019\u00e9quilibre \u00e9motionnel<\/strong><\/p>\n<p data-start=\"1164\" data-end=\"1290\">Cette pierre vous aide \u00e0 r\u00e9guler vos \u00e9motions et \u00e0 apaiser votre mental. Elle diminue le stress, les peurs et les angoisses.<\/p>\n<p data-start=\"1292\" data-end=\"1457\">En compl\u00e9ment, elle encourage le courage, la pers\u00e9v\u00e9rance et l\u2019audace. Ainsi, elle permet de d\u00e9passer les blocages \u00e9motionnels et d\u2019avancer avec plus de confiance.<\/p>\n<p data-start=\"1459\" data-end=\"1643\">Elle favorise \u00e9galement une meilleure connaissance de soi et aide \u00e0 reconna\u00eetre ses qualit\u00e9s. Elle stimule aussi l\u2019imagination et la cr\u00e9ativit\u00e9 pour ouvrir de nouvelles perspectives.<\/p>\n<p data-start=\"1645\" data-end=\"1678\"><strong data-start=\"1645\" data-end=\"1676\">Des bienfaits pour le corps<\/strong><\/p>\n<p data-start=\"1680\" data-end=\"1818\">Sur le plan physique, elle soutient l\u2019\u00e9quilibre global du corps. Elle favorise la bonne sant\u00e9 des articulations et am\u00e9liore la mobilit\u00e9.<\/p>\n<p data-start=\"1820\" data-end=\"2017\">De plus, elle aide \u00e0 soulager les maux de t\u00eate et soutient le syst\u00e8me digestif. En outre, elle contribue \u00e0 r\u00e9duire certaines tensions li\u00e9es au stress, comme les troubles du sommeil ou la fatigue.<\/p>\n<p data-start=\"2019\" data-end=\"2125\">Elle peut \u00e9galement soutenir l\u2019organisme en p\u00e9riode de r\u00e9cup\u00e9ration et favoriser une meilleure vitalit\u00e9.<\/p>\n<p data-start=\"2127\" data-end=\"2284\">Pour l\u2019entretien, purifiez-la \u00e0 l\u2019eau claire ou par fumigation. Ensuite, rechargez-la \u00e0 la lumi\u00e8re naturelle afin de pr\u00e9server ses propri\u00e9t\u00e9s \u00e9nerg\u00e9tiques.<\/p>\n<p data-start=\"2286\" data-end=\"2425\">Port\u00e9 au quotidien, ce <strong>C\u0153ur en \u0152il de tigre<\/strong> aide \u00e0 se prot\u00e9ger des influences ext\u00e9rieures et \u00e0 retrouver un meilleur \u00e9quilibre int\u00e9rieur.<\/p>\n<p data-start=\"2427\" data-end=\"2544\">Elle accompagne naturellement les p\u00e9riodes o\u00f9 un besoin de protection, de confiance et de stabilit\u00e9 se fait sentir.<\/p>\n<p data-start=\"2546\" data-end=\"2702\" data-is-last-node=\"\" data-is-only-node=\"\">Meta description :<\/p>\n","protected":false},"excerpt":{"rendered":"<p>C\u0153ur en \u0152il de tigre protection et confiance 40 x40 mm Ce C\u0153ur en \u0152il de Tigre mesure environ 40 mm et provient d\u2019Afrique du Sud. Chaque pi\u00e8ce est unique, avec un envoi al\u00e9atoire. Il pr\u00e9sente de magnifiques reflets dor\u00e9s et bruns, caract\u00e9ristiques de cette pierre, qui lui donnent un aspect chaleureux et protecteur. Une [&hellip;]<\/p>\n","protected":false},"featured_media":2046,"comment_status":"open","ping_status":"closed","template":"","meta":{"site-sidebar-layout":"default","site-content-layout":"","ast-site-content-layout":"default","site-content-style":"default","site-sidebar-style":"default","ast-global-header-display":"","ast-banner-title-visibility":"","ast-main-header-display":"","ast-hfb-above-header-display":"","ast-hfb-below-header-display":"","ast-hfb-mobile-header-display":"","site-post-title":"","ast-breadcrumbs-content":"","ast-featured-img":"","footer-sml-layout":"","ast-disable-related-posts":"","theme-transparent-header-meta":"default","adv-header-id-meta":"","stick-header-meta":"","header-above-stick-meta":"","header-main-stick-meta":"","header-below-stick-meta":"","astra-migrate-meta-layouts":"set","ast-page-background-enabled":"default","ast-page-background-meta":{"desktop":{"background-color":"var(--ast-global-color-4)","background-image":"","background-repeat":"repeat","background-position":"center center","background-size":"auto","background-attachment":"scroll","background-type":"","background-media":"","overlay-type":"","overlay-color":"","overlay-opacity":"","overlay-gradient":""},"tablet":{"background-color":"","background-image":"","background-repeat":"repeat","background-position":"center center","background-size":"auto","background-attachment":"scroll","background-type":"","background-media":"","overlay-type":"","overlay-color":"","overlay-opacity":"","overlay-gradient":""},"mobile":{"background-color":"","background-image":"","background-repeat":"repeat","background-position":"center center","background-size":"auto","background-attachment":"scroll","background-type":"","background-media":"","overlay-type":"","overlay-color":"","overlay-opacity":"","overlay-gradient":""}},"ast-content-background-meta":{"desktop":{"background-color":"var(--ast-global-color-5)","background-image":"","background-repeat":"repeat","background-position":"center center","background-size":"auto","background-attachment":"scroll","background-type":"","background-media":"","overlay-type":"","overlay-color":"","overlay-opacity":"","overlay-gradient":""},"tablet":{"background-color":"var(--ast-global-color-5)","background-image":"","background-repeat":"repeat","background-position":"center center","background-size":"auto","background-attachment":"scroll","background-type":"","background-media":"","overlay-type":"","overlay-color":"","overlay-opacity":"","overlay-gradient":""},"mobile":{"background-color":"var(--ast-global-color-5)","background-image":"","background-repeat":"repeat","background-position":"center center","background-size":"auto","background-attachment":"scroll","background-type":"","background-media":"","overlay-type":"","overlay-color":"","overlay-opacity":"","overlay-gradient":""}},"_glsr_average":0,"_glsr_ranking":0,"_glsr_reviews":0},"product_brand":[],"product_cat":[84,103,37,42,200],"product_tag":[],"class_list":{"0":"post-2044","1":"product","2":"type-product","3":"status-publish","4":"has-post-thumbnail","6":"product_cat-jaune","7":"product_cat-marron","8":"product_cat-oeil-de-tigre","9":"product_cat-protection","10":"product_cat-sculptees","11":"desktop-align-left","12":"tablet-align-left","13":"mobile-align-left","15":"first","16":"instock","17":"purchasable","18":"product-type-simple"},"yoast_head":"<!-- This site is optimized with the Yoast SEO plugin v27.5 - https:\/\/yoast.com\/product\/yoast-seo-wordpress\/ -->\n<title>C\u0153ur en \u0152il de tigre - Au fil des pierres<\/title>\n<meta name=\"description\" content=\"C\u0153ur en \u0152il de tigre : prot\u00e8ge des \u00e9nergies n\u00e9gatives, renforce la confiance et favorise la chance. Id\u00e9al pour \u00e9quilibre et protection.\" \/>\n<meta name=\"robots\" content=\"index, follow, max-snippet:-1, max-image-preview:large, max-video-preview:-1\" \/>\n<link rel=\"canonical\" href=\"https:\/\/aufildespierres.com\/index.php\/product\/coeur-en-oeil-de-tigre\/\" \/>\n<meta property=\"og:locale\" content=\"fr_FR\" \/>\n<meta property=\"og:type\" content=\"article\" \/>\n<meta property=\"og:title\" content=\"C\u0153ur en \u0152il de tigre - Au fil des pierres\" \/>\n<meta property=\"og:description\" content=\"C\u0153ur en \u0152il de tigre : prot\u00e8ge des \u00e9nergies n\u00e9gatives, renforce la confiance et favorise la chance. Id\u00e9al pour \u00e9quilibre et protection.\" \/>\n<meta property=\"og:url\" content=\"https:\/\/aufildespierres.com\/index.php\/product\/coeur-en-oeil-de-tigre\/\" \/>\n<meta property=\"og:site_name\" content=\"Au fil des pierres\" \/>\n<meta property=\"article:modified_time\" content=\"2026-04-30T18:57:22+00:00\" \/>\n<meta property=\"og:image\" content=\"https:\/\/aufildespierres.com\/wp-content\/uploads\/2024\/01\/20240115_191045-scaled.jpg\" \/>\n\t<meta property=\"og:image:width\" content=\"2469\" \/>\n\t<meta property=\"og:image:height\" content=\"2560\" \/>\n\t<meta property=\"og:image:type\" content=\"image\/jpeg\" \/>\n<meta name=\"twitter:card\" content=\"summary_large_image\" \/>\n<meta name=\"twitter:label1\" content=\"Dur\u00e9e de lecture estim\u00e9e\" \/>\n\t<meta name=\"twitter:data1\" content=\"3 minutes\" \/>\n<script type=\"application\/ld+json\" class=\"yoast-schema-graph\">{\"@context\":\"https:\\\/\\\/schema.org\",\"@graph\":[{\"@type\":\"WebPage\",\"@id\":\"https:\\\/\\\/aufildespierres.com\\\/index.php\\\/product\\\/coeur-en-oeil-de-tigre\\\/\",\"url\":\"https:\\\/\\\/aufildespierres.com\\\/index.php\\\/product\\\/coeur-en-oeil-de-tigre\\\/\",\"name\":\"C\u0153ur en \u0152il de tigre - Au fil des pierres\",\"isPartOf\":{\"@id\":\"https:\\\/\\\/aufildespierres.com\\\/#website\"},\"primaryImageOfPage\":{\"@id\":\"https:\\\/\\\/aufildespierres.com\\\/index.php\\\/product\\\/coeur-en-oeil-de-tigre\\\/#primaryimage\"},\"image\":{\"@id\":\"https:\\\/\\\/aufildespierres.com\\\/index.php\\\/product\\\/coeur-en-oeil-de-tigre\\\/#primaryimage\"},\"thumbnailUrl\":\"https:\\\/\\\/aufildespierres.com\\\/wp-content\\\/uploads\\\/2024\\\/01\\\/20240115_191045-scaled.jpg\",\"datePublished\":\"2024-01-22T16:32:14+00:00\",\"dateModified\":\"2026-04-30T18:57:22+00:00\",\"description\":\"C\u0153ur en \u0152il de tigre : prot\u00e8ge des \u00e9nergies n\u00e9gatives, renforce la confiance et favorise la chance. Id\u00e9al pour \u00e9quilibre et protection.\",\"breadcrumb\":{\"@id\":\"https:\\\/\\\/aufildespierres.com\\\/index.php\\\/product\\\/coeur-en-oeil-de-tigre\\\/#breadcrumb\"},\"inLanguage\":\"fr-FR\",\"potentialAction\":[{\"@type\":\"ReadAction\",\"target\":[\"https:\\\/\\\/aufildespierres.com\\\/index.php\\\/product\\\/coeur-en-oeil-de-tigre\\\/\"]}]},{\"@type\":\"ImageObject\",\"inLanguage\":\"fr-FR\",\"@id\":\"https:\\\/\\\/aufildespierres.com\\\/index.php\\\/product\\\/coeur-en-oeil-de-tigre\\\/#primaryimage\",\"url\":\"https:\\\/\\\/aufildespierres.com\\\/wp-content\\\/uploads\\\/2024\\\/01\\\/20240115_191045-scaled.jpg\",\"contentUrl\":\"https:\\\/\\\/aufildespierres.com\\\/wp-content\\\/uploads\\\/2024\\\/01\\\/20240115_191045-scaled.jpg\",\"width\":2469,\"height\":2560},{\"@type\":\"BreadcrumbList\",\"@id\":\"https:\\\/\\\/aufildespierres.com\\\/index.php\\\/product\\\/coeur-en-oeil-de-tigre\\\/#breadcrumb\",\"itemListElement\":[{\"@type\":\"ListItem\",\"position\":1,\"name\":\"Accueil\",\"item\":\"https:\\\/\\\/aufildespierres.com\\\/\"},{\"@type\":\"ListItem\",\"position\":2,\"name\":\"Boutique de Lithoth\u00e9rapie\",\"item\":\"https:\\\/\\\/aufildespierres.com\\\/index.php\\\/boutique-de-lithotherapie\\\/\"},{\"@type\":\"ListItem\",\"position\":3,\"name\":\"C\u0153ur en \u0152il de tigre\"}]},{\"@type\":\"WebSite\",\"@id\":\"https:\\\/\\\/aufildespierres.com\\\/#website\",\"url\":\"https:\\\/\\\/aufildespierres.com\\\/\",\"name\":\"Au fil des pierres\",\"description\":\"Au fil des pierres\",\"publisher\":{\"@id\":\"https:\\\/\\\/aufildespierres.com\\\/#organization\"},\"potentialAction\":[{\"@type\":\"SearchAction\",\"target\":{\"@type\":\"EntryPoint\",\"urlTemplate\":\"https:\\\/\\\/aufildespierres.com\\\/?s={search_term_string}\"},\"query-input\":{\"@type\":\"PropertyValueSpecification\",\"valueRequired\":true,\"valueName\":\"search_term_string\"}}],\"inLanguage\":\"fr-FR\"},{\"@type\":\"Organization\",\"@id\":\"https:\\\/\\\/aufildespierres.com\\\/#organization\",\"name\":\"Au fil des pierres\",\"url\":\"https:\\\/\\\/aufildespierres.com\\\/\",\"logo\":{\"@type\":\"ImageObject\",\"inLanguage\":\"fr-FR\",\"@id\":\"https:\\\/\\\/aufildespierres.com\\\/#\\\/schema\\\/logo\\\/image\\\/\",\"url\":\"https:\\\/\\\/aufildespierres.com\\\/wp-content\\\/uploads\\\/2023\\\/05\\\/cropped-Logo-PNG-Transparent.png\",\"contentUrl\":\"https:\\\/\\\/aufildespierres.com\\\/wp-content\\\/uploads\\\/2023\\\/05\\\/cropped-Logo-PNG-Transparent.png\",\"width\":1776,\"height\":1625,\"caption\":\"Au fil des pierres\"},\"image\":{\"@id\":\"https:\\\/\\\/aufildespierres.com\\\/#\\\/schema\\\/logo\\\/image\\\/\"}}]}<\/script>\n<!-- \/ Yoast SEO plugin. -->","yoast_head_json":{"title":"C\u0153ur en \u0152il de tigre - Au fil des pierres","description":"C\u0153ur en \u0152il de tigre : prot\u00e8ge des \u00e9nergies n\u00e9gatives, renforce la confiance et favorise la chance. Id\u00e9al pour \u00e9quilibre et protection.","robots":{"index":"index","follow":"follow","max-snippet":"max-snippet:-1","max-image-preview":"max-image-preview:large","max-video-preview":"max-video-preview:-1"},"canonical":"https:\/\/aufildespierres.com\/index.php\/product\/coeur-en-oeil-de-tigre\/","og_locale":"fr_FR","og_type":"article","og_title":"C\u0153ur en \u0152il de tigre - Au fil des pierres","og_description":"C\u0153ur en \u0152il de tigre : prot\u00e8ge des \u00e9nergies n\u00e9gatives, renforce la confiance et favorise la chance. Id\u00e9al pour \u00e9quilibre et protection.","og_url":"https:\/\/aufildespierres.com\/index.php\/product\/coeur-en-oeil-de-tigre\/","og_site_name":"Au fil des pierres","article_modified_time":"2026-04-30T18:57:22+00:00","og_image":[{"width":2469,"height":2560,"url":"https:\/\/aufildespierres.com\/wp-content\/uploads\/2024\/01\/20240115_191045-scaled.jpg","type":"image\/jpeg"}],"twitter_card":"summary_large_image","twitter_misc":{"Dur\u00e9e de lecture estim\u00e9e":"3 minutes"},"schema":{"@context":"https:\/\/schema.org","@graph":[{"@type":"WebPage","@id":"https:\/\/aufildespierres.com\/index.php\/product\/coeur-en-oeil-de-tigre\/","url":"https:\/\/aufildespierres.com\/index.php\/product\/coeur-en-oeil-de-tigre\/","name":"C\u0153ur en \u0152il de tigre - Au fil des pierres","isPartOf":{"@id":"https:\/\/aufildespierres.com\/#website"},"primaryImageOfPage":{"@id":"https:\/\/aufildespierres.com\/index.php\/product\/coeur-en-oeil-de-tigre\/#primaryimage"},"image":{"@id":"https:\/\/aufildespierres.com\/index.php\/product\/coeur-en-oeil-de-tigre\/#primaryimage"},"thumbnailUrl":"https:\/\/aufildespierres.com\/wp-content\/uploads\/2024\/01\/20240115_191045-scaled.jpg","datePublished":"2024-01-22T16:32:14+00:00","dateModified":"2026-04-30T18:57:22+00:00","description":"C\u0153ur en \u0152il de tigre : prot\u00e8ge des \u00e9nergies n\u00e9gatives, renforce la confiance et favorise la chance. Id\u00e9al pour \u00e9quilibre et protection.","breadcrumb":{"@id":"https:\/\/aufildespierres.com\/index.php\/product\/coeur-en-oeil-de-tigre\/#breadcrumb"},"inLanguage":"fr-FR","potentialAction":[{"@type":"ReadAction","target":["https:\/\/aufildespierres.com\/index.php\/product\/coeur-en-oeil-de-tigre\/"]}]},{"@type":"ImageObject","inLanguage":"fr-FR","@id":"https:\/\/aufildespierres.com\/index.php\/product\/coeur-en-oeil-de-tigre\/#primaryimage","url":"https:\/\/aufildespierres.com\/wp-content\/uploads\/2024\/01\/20240115_191045-scaled.jpg","contentUrl":"https:\/\/aufildespierres.com\/wp-content\/uploads\/2024\/01\/20240115_191045-scaled.jpg","width":2469,"height":2560},{"@type":"BreadcrumbList","@id":"https:\/\/aufildespierres.com\/index.php\/product\/coeur-en-oeil-de-tigre\/#breadcrumb","itemListElement":[{"@type":"ListItem","position":1,"name":"Accueil","item":"https:\/\/aufildespierres.com\/"},{"@type":"ListItem","position":2,"name":"Boutique de Lithoth\u00e9rapie","item":"https:\/\/aufildespierres.com\/index.php\/boutique-de-lithotherapie\/"},{"@type":"ListItem","position":3,"name":"C\u0153ur en \u0152il de tigre"}]},{"@type":"WebSite","@id":"https:\/\/aufildespierres.com\/#website","url":"https:\/\/aufildespierres.com\/","name":"Au fil des pierres","description":"Au fil des pierres","publisher":{"@id":"https:\/\/aufildespierres.com\/#organization"},"potentialAction":[{"@type":"SearchAction","target":{"@type":"EntryPoint","urlTemplate":"https:\/\/aufildespierres.com\/?s={search_term_string}"},"query-input":{"@type":"PropertyValueSpecification","valueRequired":true,"valueName":"search_term_string"}}],"inLanguage":"fr-FR"},{"@type":"Organization","@id":"https:\/\/aufildespierres.com\/#organization","name":"Au fil des pierres","url":"https:\/\/aufildespierres.com\/","logo":{"@type":"ImageObject","inLanguage":"fr-FR","@id":"https:\/\/aufildespierres.com\/#\/schema\/logo\/image\/","url":"https:\/\/aufildespierres.com\/wp-content\/uploads\/2023\/05\/cropped-Logo-PNG-Transparent.png","contentUrl":"https:\/\/aufildespierres.com\/wp-content\/uploads\/2023\/05\/cropped-Logo-PNG-Transparent.png","width":1776,"height":1625,"caption":"Au fil des pierres"},"image":{"@id":"https:\/\/aufildespierres.com\/#\/schema\/logo\/image\/"}}]}},"_links":{"self":[{"href":"https:\/\/aufildespierres.com\/index.php\/wp-json\/wp\/v2\/product\/2044","targetHints":{"allow":["GET"]}}],"collection":[{"href":"https:\/\/aufildespierres.com\/index.php\/wp-json\/wp\/v2\/product"}],"about":[{"href":"https:\/\/aufildespierres.com\/index.php\/wp-json\/wp\/v2\/types\/product"}],"replies":[{"embeddable":true,"href":"https:\/\/aufildespierres.com\/index.php\/wp-json\/wp\/v2\/comments?post=2044"}],"wp:featuredmedia":[{"embeddable":true,"href":"https:\/\/aufildespierres.com\/index.php\/wp-json\/wp\/v2\/media\/2046"}],"wp:attachment":[{"href":"https:\/\/aufildespierres.com\/index.php\/wp-json\/wp\/v2\/media?parent=2044"}],"wp:term":[{"taxonomy":"product_brand","embeddable":true,"href":"https:\/\/aufildespierres.com\/index.php\/wp-json\/wp\/v2\/product_brand?post=2044"},{"taxonomy":"product_cat","embeddable":true,"href":"https:\/\/aufildespierres.com\/index.php\/wp-json\/wp\/v2\/product_cat?post=2044"},{"taxonomy":"product_tag","embeddable":true,"href":"https:\/\/aufildespierres.com\/index.php\/wp-json\/wp\/v2\/product_tag?post=2044"}],"curies":[{"name":"wp","href":"https:\/\/api.w.org\/{rel}","templated":true}]}}