{"id":2546,"date":"2024-06-26T10:07:53","date_gmt":"2024-06-26T08:07:53","guid":{"rendered":"https:\/\/aufildespierres.com\/?post_type=product&#038;p=2546"},"modified":"2026-04-24T22:39:41","modified_gmt":"2026-04-24T20:39:41","slug":"tour-en-agate-arbre","status":"publish","type":"product","link":"https:\/\/aufildespierres.com\/index.php\/product\/tour-en-agate-arbre\/","title":{"rendered":"Tour en Agate arbre"},"content":{"rendered":"<div>\n<div class=\"flex h-svh w-screen flex-col\">\n<div class=\"relative z-0 flex min-h-0 w-full flex-1\">\n<div class=\"relative flex min-h-0 w-full flex-1\">\n<div class=\"@container\/main relative flex min-w-0 flex-1 flex-col -translate-y-[calc(env(safe-area-inset-bottom,0px)\/2)] pt-[calc(env(safe-area-inset-bottom,0px)\/2)]\">\n<div class=\"@w-sm\/main:[scrollbar-gutter:var(--stage-scroll-gutter)] touch:[scrollbar-width:none] group\/scroll-root relative flex min-h-0 min-w-0 flex-1 flex-col [scrollbar-gutter:stable] not-print:overflow-x-clip not-print:overflow-y-auto group-data-stream-active\/scroll-root:[overflow-anchor:none] scroll-pt-(--header-height) [--sticky-padding-top:var(--header-height)] [--sticky-padding-bottom:0px] [--scroll-root-safe-area-inset-top:calc(var(--sticky-padding-top)+env(safe-area-inset-top,0px))] [--scroll-root-safe-area-inset-bottom:calc(var(--sticky-padding-bottom)+var(--screen-keyboard-height,0px)+env(safe-area-inset-bottom,0px))] [--scroll-root-safe-area-height:calc(100lvh-var(--scroll-root-safe-area-inset-top)-var(--scroll-root-safe-area-inset-bottom))] has-data-[fixed-header=less-than-xl]:@w-xl\/main:scroll-pt-0 has-data-[fixed-header=less-than-xl]:@w-xl\/main:[--sticky-padding-top:0px] has-data-[fixed-header=less-than-xxl]:@w-2xl\/main:scroll-pt-0 has-data-[fixed-header=less-than-xxl]:@w-2xl\/main:[--sticky-padding-top:0px]\" data-scroll-root=\"\" data-scroll-from-top=\"\" data-scroll-from-end=\"\"><main id=\"main\" class=\"min-h-0 flex-1\"><\/p>\n<div id=\"thread\" class=\"group\/thread flex flex-col min-h-full\">\n<div class=\"composer-parent flex flex-1 flex-col focus-visible:outline-0\" role=\"presentation\">\n<div class=\"relative basis-auto flex-col -mb-(--composer-overlap-px) pb-(--composer-overlap-px) [--composer-overlap-px:28px] grow flex\">\n<div class=\"flex flex-col text-sm\">\n<section class=\"text-token-text-primary w-full focus:outline-none [--shadow-height:45px] has-data-writing-block:pointer-events-none has-data-writing-block:-mt-(--shadow-height) has-data-writing-block:pt-(--shadow-height) [&amp;:has([data-writing-block])&gt;*]:pointer-events-auto [content-visibility:auto] supports-[content-visibility:auto]:[contain-intrinsic-size:auto_100lvh] R6Vx5W_threadScrollVars scroll-mb-[calc(var(--scroll-root-safe-area-inset-bottom,0px)+var(--thread-response-height))] scroll-mt-[calc(var(--header-height)+min(200px,max(70px,20svh)))]\" dir=\"auto\" data-turn-id=\"request-WEB:34ebac74-8386-4f11-a1e3-bf73b54ba920-4\" data-testid=\"conversation-turn-10\" data-scroll-anchor=\"false\" data-turn=\"assistant\">\n<div class=\"text-base my-auto mx-auto pb-10 [--thread-content-margin:var(--thread-content-margin-xs,calc(var(--spacing)*4))] @w-sm\/main:[--thread-content-margin:var(--thread-content-margin-sm,calc(var(--spacing)*6))] @w-lg\/main:[--thread-content-margin:var(--thread-content-margin-lg,calc(var(--spacing)*16))] px-(--thread-content-margin)\">\n<div class=\"[--thread-content-max-width:40rem] @w-lg\/main:[--thread-content-max-width:48rem] mx-auto max-w-(--thread-content-max-width) flex-1 group\/turn-messages focus-visible:outline-hidden relative flex w-full min-w-0 flex-col agent-turn\">\n<div class=\"flex max-w-full flex-col gap-4 grow\">\n<div class=\"min-h-8 text-message relative flex w-full flex-col items-end gap-2 text-start break-words whitespace-normal outline-none keyboard-focused:focus-ring [.text-message+&amp;]:mt-1\" dir=\"auto\" tabindex=\"0\" data-message-author-role=\"assistant\" data-message-id=\"c68271f5-def0-479b-88c8-e395f1787b96\" data-message-model-slug=\"gpt-5-3\" data-turn-start-message=\"true\">\n<div class=\"flex w-full flex-col gap-1 empty:hidden\">\n<div class=\"markdown prose dark:prose-invert w-full wrap-break-word light markdown-new-styling\">\n<p data-start=\"0\" data-end=\"281\">La <strong>Tour en Agate Arbre<\/strong> est une pi\u00e8ce min\u00e9rale naturelle id\u00e9ale pour favoriser l\u2019ancrage, la stabilit\u00e9 \u00e9motionnelle et le retour au calme int\u00e9rieur. Avec ses dimensions harmonieuses (196 g, 12 cm de hauteur), elle diffuse une \u00e9nergie douce et constante dans votre environnement.<\/p>\n<h3 data-section-id=\"1mo5g31\" data-start=\"283\" data-end=\"309\">Origine et formation<\/h3>\n<p data-start=\"310\" data-end=\"792\">L\u2019Agate Arbre appartient \u00e0 la famille des calc\u00e9doines, une vari\u00e9t\u00e9 de quartz microcristallin. Elle se forme dans des cavit\u00e9s volcaniques, o\u00f9 des solutions riches en silice cristallisent lentement au fil du temps. Ses inclusions dendritiques, souvent compos\u00e9es d\u2019oxydes de mangan\u00e8se ou de fer, cr\u00e9ent des motifs \u00e9voquant des branches ou des racines. Cette formation naturelle renforce son lien symbolique avec la nature et l\u2019\u00e9nergie de la Terre .<\/p>\n<h3 data-section-id=\"drm9te\" data-start=\"794\" data-end=\"823\">Vertus en lithoth\u00e9rapie<\/h3>\n<p data-start=\"824\" data-end=\"1132\">Pierre profond\u00e9ment apaisante, l\u2019Agate Arbre favorise une sensation de s\u00e9curit\u00e9 int\u00e9rieure. Elle calme les angoisses, r\u00e9duit l\u2019anxi\u00e9t\u00e9 et accompagne efficacement lors de p\u00e9riodes de stress ou de choc \u00e9motionnel. De plus, elle aide \u00e0 stabiliser les \u00e9motions et permet de retrouver un \u00e9tat de s\u00e9r\u00e9nit\u00e9 durable.<\/p>\n<p data-start=\"1134\" data-end=\"1408\">Elle renforce \u00e9galement la confiance en soi et encourage la pers\u00e9v\u00e9rance. Gr\u00e2ce \u00e0 son \u00e9nergie douce, elle aide \u00e0 garder le cap face aux difficult\u00e9s et soutient la concentration. Ainsi, elle favorise une meilleure organisation mentale et une vision plus claire des priorit\u00e9s.<\/p>\n<p data-start=\"1410\" data-end=\"1690\">Sur le plan physique, cette pierre soutient les fonctions respiratoires, notamment les poumons, et contribue au confort articulaire. Elle accompagne aussi l\u2019am\u00e9lioration du sommeil et stimule la m\u00e9moire. Enfin, elle peut att\u00e9nuer certaines douleurs li\u00e9es aux tensions corporelles.<\/p>\n<h3 data-section-id=\"130uubt\" data-start=\"1692\" data-end=\"1734\">Ressenti et attirance pour la pierre<\/h3>\n<p data-start=\"1735\" data-end=\"1999\">Si vous \u00eates attir\u00e9 par une Agate Arbre, cela traduit souvent un besoin de ralentir et de vous reconnecter \u00e0 l\u2019essentiel. Cette attirance r\u00e9v\u00e8le fr\u00e9quemment un \u00e9tat de fatigue \u00e9motionnelle, une anxi\u00e9t\u00e9 diffuse ou une difficult\u00e9 \u00e0 g\u00e9rer certaines situations de vie.<\/p>\n<p data-start=\"2001\" data-end=\"2335\">Elle indique \u00e9galement un d\u00e9s\u00e9quilibre li\u00e9 \u00e0 l\u2019\u00e9nergie Bois en m\u00e9decine traditionnelle chinoise, souvent associ\u00e9 \u00e0 la nervosit\u00e9, \u00e0 l\u2019irritabilit\u00e9 ou \u00e0 un sentiment d\u2019instabilit\u00e9 int\u00e9rieure. Dans ce contexte, l\u2019Agate Arbre agit comme un soutien pour retrouver ancrage, stabilit\u00e9 et clart\u00e9 mentale .<\/p>\n<h3 data-section-id=\"ixhoiq\" data-start=\"2337\" data-end=\"2371\">Utilisation en lithoth\u00e9rapie<\/h3>\n<p data-start=\"2372\" data-end=\"2681\" data-is-last-node=\"\" data-is-only-node=\"\">Placez la tour dans un espace de vie ou de travail afin de diffuser une \u00e9nergie apaisante. Vous pouvez \u00e9galement l\u2019utiliser lors de moments de recentrage ou de m\u00e9ditation. Une utilisation r\u00e9guli\u00e8re permet d\u2019installer progressivement un \u00e9tat de calme, de stabilit\u00e9 et de confiance durable dans votre quotidien.<\/p>\n<\/div>\n<\/div>\n<\/div>\n<\/div>\n<div class=\"z-0 flex min-h-[46px] justify-start\"><\/div>\n<div class=\"mt-3 w-full empty:hidden\">\n<div class=\"text-center\"><\/div>\n<\/div>\n<\/div>\n<\/div>\n<\/section>\n<div class=\"pointer-events-none translate-y-(--scroll-root-safe-area-inset-bottom) R6Vx5W_threadScrollVars min-h-(--gutter-remaining-height,0px) group-data-stream-active\/scroll-root:h-[calc(var(--thread-response-height)-16*var(--spacing))]\"><\/div>\n<\/div>\n<\/div>\n<\/div>\n<\/div>\n<p><\/main><\/div>\n<\/div>\n<\/div>\n<\/div>\n<div><\/div>\n<\/div>\n<\/div>\n<p>&nbsp;<\/p>\n<p><dialog class=\"group\/dialog @container inset-0 min-h-full min-w-full items-center justify-center overflow-auto overscroll-y-contain bg-[rgba(0,0,0,0.5)] whitespace-normal backdrop-blur-[1px]\"><\/dialog><\/p>\n<p>&nbsp;<\/p>\n<p>&nbsp;<\/p>\n","protected":false},"excerpt":{"rendered":"<p>La Tour en Agate Arbre est une pi\u00e8ce min\u00e9rale naturelle id\u00e9ale pour favoriser l\u2019ancrage, la stabilit\u00e9 \u00e9motionnelle et le retour au calme int\u00e9rieur. Avec ses dimensions harmonieuses (196 g, 12 cm de hauteur), elle diffuse une \u00e9nergie douce et constante dans votre environnement. Origine et formation L\u2019Agate Arbre appartient \u00e0 la famille des calc\u00e9doines, une [&hellip;]<\/p>\n","protected":false},"featured_media":2549,"comment_status":"open","ping_status":"closed","template":"","meta":{"site-sidebar-layout":"default","site-content-layout":"","ast-site-content-layout":"default","site-content-style":"default","site-sidebar-style":"default","ast-global-header-display":"","ast-banner-title-visibility":"","ast-main-header-display":"","ast-hfb-above-header-display":"","ast-hfb-below-header-display":"","ast-hfb-mobile-header-display":"","site-post-title":"","ast-breadcrumbs-content":"","ast-featured-img":"","footer-sml-layout":"","ast-disable-related-posts":"","theme-transparent-header-meta":"default","adv-header-id-meta":"","stick-header-meta":"","header-above-stick-meta":"","header-main-stick-meta":"","header-below-stick-meta":"","astra-migrate-meta-layouts":"set","ast-page-background-enabled":"default","ast-page-background-meta":{"desktop":{"background-color":"var(--ast-global-color-4)","background-image":"","background-repeat":"repeat","background-position":"center center","background-size":"auto","background-attachment":"scroll","background-type":"","background-media":"","overlay-type":"","overlay-color":"","overlay-opacity":"","overlay-gradient":""},"tablet":{"background-color":"","background-image":"","background-repeat":"repeat","background-position":"center center","background-size":"auto","background-attachment":"scroll","background-type":"","background-media":"","overlay-type":"","overlay-color":"","overlay-opacity":"","overlay-gradient":""},"mobile":{"background-color":"","background-image":"","background-repeat":"repeat","background-position":"center center","background-size":"auto","background-attachment":"scroll","background-type":"","background-media":"","overlay-type":"","overlay-color":"","overlay-opacity":"","overlay-gradient":""}},"ast-content-background-meta":{"desktop":{"background-color":"var(--ast-global-color-5)","background-image":"","background-repeat":"repeat","background-position":"center center","background-size":"auto","background-attachment":"scroll","background-type":"","background-media":"","overlay-type":"","overlay-color":"","overlay-opacity":"","overlay-gradient":""},"tablet":{"background-color":"var(--ast-global-color-5)","background-image":"","background-repeat":"repeat","background-position":"center center","background-size":"auto","background-attachment":"scroll","background-type":"","background-media":"","overlay-type":"","overlay-color":"","overlay-opacity":"","overlay-gradient":""},"mobile":{"background-color":"var(--ast-global-color-5)","background-image":"","background-repeat":"repeat","background-position":"center center","background-size":"auto","background-attachment":"scroll","background-type":"","background-media":"","overlay-type":"","overlay-color":"","overlay-opacity":"","overlay-gradient":""}},"_glsr_average":0,"_glsr_ranking":0,"_glsr_reviews":0},"product_brand":[],"product_cat":[88,199,78],"product_tag":[],"class_list":{"0":"post-2546","1":"product","2":"type-product","3":"status-publish","4":"has-post-thumbnail","6":"product_cat-agate-arbre","7":"product_cat-pointes","8":"product_cat-vert","9":"desktop-align-left","10":"tablet-align-left","11":"mobile-align-left","13":"first","14":"instock","15":"purchasable","16":"product-type-simple"},"yoast_head":"<!-- This site is optimized with the Yoast SEO plugin v27.5 - https:\/\/yoast.com\/product\/yoast-seo-wordpress\/ -->\n<title>Tour en Agate arbre - Au fil des pierres<\/title>\n<meta name=\"description\" content=\"Tour Agate Arbre naturelle : pierre d\u2019ancrage apaisante, id\u00e9ale pour r\u00e9duire stress, anxi\u00e9t\u00e9 et retrouver stabilit\u00e9 \u00e9motionnelle, clart\u00e9 mentale et connexion \u00e0 l\u2019\u00e9nergie de la Terre.\" \/>\n<meta name=\"robots\" content=\"index, follow, max-snippet:-1, max-image-preview:large, max-video-preview:-1\" \/>\n<link rel=\"canonical\" href=\"https:\/\/aufildespierres.com\/index.php\/product\/tour-en-agate-arbre\/\" \/>\n<meta property=\"og:locale\" content=\"fr_FR\" \/>\n<meta property=\"og:type\" content=\"article\" \/>\n<meta property=\"og:title\" content=\"Tour en Agate arbre - Au fil des pierres\" \/>\n<meta property=\"og:description\" content=\"Tour Agate Arbre naturelle : pierre d\u2019ancrage apaisante, id\u00e9ale pour r\u00e9duire stress, anxi\u00e9t\u00e9 et retrouver stabilit\u00e9 \u00e9motionnelle, clart\u00e9 mentale et connexion \u00e0 l\u2019\u00e9nergie de la Terre.\" \/>\n<meta property=\"og:url\" content=\"https:\/\/aufildespierres.com\/index.php\/product\/tour-en-agate-arbre\/\" \/>\n<meta property=\"og:site_name\" content=\"Au fil des pierres\" \/>\n<meta property=\"article:modified_time\" content=\"2026-04-24T20:39:41+00:00\" \/>\n<meta property=\"og:image\" content=\"https:\/\/aufildespierres.com\/wp-content\/uploads\/2024\/06\/20240626_092316-scaled.jpg\" \/>\n\t<meta property=\"og:image:width\" content=\"1920\" \/>\n\t<meta property=\"og:image:height\" content=\"2560\" \/>\n\t<meta property=\"og:image:type\" content=\"image\/jpeg\" \/>\n<meta name=\"twitter:card\" content=\"summary_large_image\" \/>\n<meta name=\"twitter:label1\" content=\"Dur\u00e9e de lecture estim\u00e9e\" \/>\n\t<meta name=\"twitter:data1\" content=\"3 minutes\" \/>\n<script type=\"application\/ld+json\" class=\"yoast-schema-graph\">{\"@context\":\"https:\\\/\\\/schema.org\",\"@graph\":[{\"@type\":\"WebPage\",\"@id\":\"https:\\\/\\\/aufildespierres.com\\\/index.php\\\/product\\\/tour-en-agate-arbre\\\/\",\"url\":\"https:\\\/\\\/aufildespierres.com\\\/index.php\\\/product\\\/tour-en-agate-arbre\\\/\",\"name\":\"Tour en Agate arbre - Au fil des pierres\",\"isPartOf\":{\"@id\":\"https:\\\/\\\/aufildespierres.com\\\/#website\"},\"primaryImageOfPage\":{\"@id\":\"https:\\\/\\\/aufildespierres.com\\\/index.php\\\/product\\\/tour-en-agate-arbre\\\/#primaryimage\"},\"image\":{\"@id\":\"https:\\\/\\\/aufildespierres.com\\\/index.php\\\/product\\\/tour-en-agate-arbre\\\/#primaryimage\"},\"thumbnailUrl\":\"https:\\\/\\\/aufildespierres.com\\\/wp-content\\\/uploads\\\/2024\\\/06\\\/20240626_092316-scaled.jpg\",\"datePublished\":\"2024-06-26T08:07:53+00:00\",\"dateModified\":\"2026-04-24T20:39:41+00:00\",\"description\":\"Tour Agate Arbre naturelle : pierre d\u2019ancrage apaisante, id\u00e9ale pour r\u00e9duire stress, anxi\u00e9t\u00e9 et retrouver stabilit\u00e9 \u00e9motionnelle, clart\u00e9 mentale et connexion \u00e0 l\u2019\u00e9nergie de la Terre.\",\"breadcrumb\":{\"@id\":\"https:\\\/\\\/aufildespierres.com\\\/index.php\\\/product\\\/tour-en-agate-arbre\\\/#breadcrumb\"},\"inLanguage\":\"fr-FR\",\"potentialAction\":[{\"@type\":\"ReadAction\",\"target\":[\"https:\\\/\\\/aufildespierres.com\\\/index.php\\\/product\\\/tour-en-agate-arbre\\\/\"]}]},{\"@type\":\"ImageObject\",\"inLanguage\":\"fr-FR\",\"@id\":\"https:\\\/\\\/aufildespierres.com\\\/index.php\\\/product\\\/tour-en-agate-arbre\\\/#primaryimage\",\"url\":\"https:\\\/\\\/aufildespierres.com\\\/wp-content\\\/uploads\\\/2024\\\/06\\\/20240626_092316-scaled.jpg\",\"contentUrl\":\"https:\\\/\\\/aufildespierres.com\\\/wp-content\\\/uploads\\\/2024\\\/06\\\/20240626_092316-scaled.jpg\",\"width\":1920,\"height\":2560},{\"@type\":\"BreadcrumbList\",\"@id\":\"https:\\\/\\\/aufildespierres.com\\\/index.php\\\/product\\\/tour-en-agate-arbre\\\/#breadcrumb\",\"itemListElement\":[{\"@type\":\"ListItem\",\"position\":1,\"name\":\"Accueil\",\"item\":\"https:\\\/\\\/aufildespierres.com\\\/\"},{\"@type\":\"ListItem\",\"position\":2,\"name\":\"Boutique de Lithoth\u00e9rapie\",\"item\":\"https:\\\/\\\/aufildespierres.com\\\/index.php\\\/boutique-de-lithotherapie\\\/\"},{\"@type\":\"ListItem\",\"position\":3,\"name\":\"Tour en Agate arbre\"}]},{\"@type\":\"WebSite\",\"@id\":\"https:\\\/\\\/aufildespierres.com\\\/#website\",\"url\":\"https:\\\/\\\/aufildespierres.com\\\/\",\"name\":\"Au fil des pierres\",\"description\":\"Au fil des pierres\",\"publisher\":{\"@id\":\"https:\\\/\\\/aufildespierres.com\\\/#organization\"},\"potentialAction\":[{\"@type\":\"SearchAction\",\"target\":{\"@type\":\"EntryPoint\",\"urlTemplate\":\"https:\\\/\\\/aufildespierres.com\\\/?s={search_term_string}\"},\"query-input\":{\"@type\":\"PropertyValueSpecification\",\"valueRequired\":true,\"valueName\":\"search_term_string\"}}],\"inLanguage\":\"fr-FR\"},{\"@type\":\"Organization\",\"@id\":\"https:\\\/\\\/aufildespierres.com\\\/#organization\",\"name\":\"Au fil des pierres\",\"url\":\"https:\\\/\\\/aufildespierres.com\\\/\",\"logo\":{\"@type\":\"ImageObject\",\"inLanguage\":\"fr-FR\",\"@id\":\"https:\\\/\\\/aufildespierres.com\\\/#\\\/schema\\\/logo\\\/image\\\/\",\"url\":\"https:\\\/\\\/aufildespierres.com\\\/wp-content\\\/uploads\\\/2023\\\/05\\\/cropped-Logo-PNG-Transparent.png\",\"contentUrl\":\"https:\\\/\\\/aufildespierres.com\\\/wp-content\\\/uploads\\\/2023\\\/05\\\/cropped-Logo-PNG-Transparent.png\",\"width\":1776,\"height\":1625,\"caption\":\"Au fil des pierres\"},\"image\":{\"@id\":\"https:\\\/\\\/aufildespierres.com\\\/#\\\/schema\\\/logo\\\/image\\\/\"}}]}<\/script>\n<!-- \/ Yoast SEO plugin. -->","yoast_head_json":{"title":"Tour en Agate arbre - Au fil des pierres","description":"Tour Agate Arbre naturelle : pierre d\u2019ancrage apaisante, id\u00e9ale pour r\u00e9duire stress, anxi\u00e9t\u00e9 et retrouver stabilit\u00e9 \u00e9motionnelle, clart\u00e9 mentale et connexion \u00e0 l\u2019\u00e9nergie de la Terre.","robots":{"index":"index","follow":"follow","max-snippet":"max-snippet:-1","max-image-preview":"max-image-preview:large","max-video-preview":"max-video-preview:-1"},"canonical":"https:\/\/aufildespierres.com\/index.php\/product\/tour-en-agate-arbre\/","og_locale":"fr_FR","og_type":"article","og_title":"Tour en Agate arbre - Au fil des pierres","og_description":"Tour Agate Arbre naturelle : pierre d\u2019ancrage apaisante, id\u00e9ale pour r\u00e9duire stress, anxi\u00e9t\u00e9 et retrouver stabilit\u00e9 \u00e9motionnelle, clart\u00e9 mentale et connexion \u00e0 l\u2019\u00e9nergie de la Terre.","og_url":"https:\/\/aufildespierres.com\/index.php\/product\/tour-en-agate-arbre\/","og_site_name":"Au fil des pierres","article_modified_time":"2026-04-24T20:39:41+00:00","og_image":[{"width":1920,"height":2560,"url":"https:\/\/aufildespierres.com\/wp-content\/uploads\/2024\/06\/20240626_092316-scaled.jpg","type":"image\/jpeg"}],"twitter_card":"summary_large_image","twitter_misc":{"Dur\u00e9e de lecture estim\u00e9e":"3 minutes"},"schema":{"@context":"https:\/\/schema.org","@graph":[{"@type":"WebPage","@id":"https:\/\/aufildespierres.com\/index.php\/product\/tour-en-agate-arbre\/","url":"https:\/\/aufildespierres.com\/index.php\/product\/tour-en-agate-arbre\/","name":"Tour en Agate arbre - Au fil des pierres","isPartOf":{"@id":"https:\/\/aufildespierres.com\/#website"},"primaryImageOfPage":{"@id":"https:\/\/aufildespierres.com\/index.php\/product\/tour-en-agate-arbre\/#primaryimage"},"image":{"@id":"https:\/\/aufildespierres.com\/index.php\/product\/tour-en-agate-arbre\/#primaryimage"},"thumbnailUrl":"https:\/\/aufildespierres.com\/wp-content\/uploads\/2024\/06\/20240626_092316-scaled.jpg","datePublished":"2024-06-26T08:07:53+00:00","dateModified":"2026-04-24T20:39:41+00:00","description":"Tour Agate Arbre naturelle : pierre d\u2019ancrage apaisante, id\u00e9ale pour r\u00e9duire stress, anxi\u00e9t\u00e9 et retrouver stabilit\u00e9 \u00e9motionnelle, clart\u00e9 mentale et connexion \u00e0 l\u2019\u00e9nergie de la Terre.","breadcrumb":{"@id":"https:\/\/aufildespierres.com\/index.php\/product\/tour-en-agate-arbre\/#breadcrumb"},"inLanguage":"fr-FR","potentialAction":[{"@type":"ReadAction","target":["https:\/\/aufildespierres.com\/index.php\/product\/tour-en-agate-arbre\/"]}]},{"@type":"ImageObject","inLanguage":"fr-FR","@id":"https:\/\/aufildespierres.com\/index.php\/product\/tour-en-agate-arbre\/#primaryimage","url":"https:\/\/aufildespierres.com\/wp-content\/uploads\/2024\/06\/20240626_092316-scaled.jpg","contentUrl":"https:\/\/aufildespierres.com\/wp-content\/uploads\/2024\/06\/20240626_092316-scaled.jpg","width":1920,"height":2560},{"@type":"BreadcrumbList","@id":"https:\/\/aufildespierres.com\/index.php\/product\/tour-en-agate-arbre\/#breadcrumb","itemListElement":[{"@type":"ListItem","position":1,"name":"Accueil","item":"https:\/\/aufildespierres.com\/"},{"@type":"ListItem","position":2,"name":"Boutique de Lithoth\u00e9rapie","item":"https:\/\/aufildespierres.com\/index.php\/boutique-de-lithotherapie\/"},{"@type":"ListItem","position":3,"name":"Tour en Agate arbre"}]},{"@type":"WebSite","@id":"https:\/\/aufildespierres.com\/#website","url":"https:\/\/aufildespierres.com\/","name":"Au fil des pierres","description":"Au fil des pierres","publisher":{"@id":"https:\/\/aufildespierres.com\/#organization"},"potentialAction":[{"@type":"SearchAction","target":{"@type":"EntryPoint","urlTemplate":"https:\/\/aufildespierres.com\/?s={search_term_string}"},"query-input":{"@type":"PropertyValueSpecification","valueRequired":true,"valueName":"search_term_string"}}],"inLanguage":"fr-FR"},{"@type":"Organization","@id":"https:\/\/aufildespierres.com\/#organization","name":"Au fil des pierres","url":"https:\/\/aufildespierres.com\/","logo":{"@type":"ImageObject","inLanguage":"fr-FR","@id":"https:\/\/aufildespierres.com\/#\/schema\/logo\/image\/","url":"https:\/\/aufildespierres.com\/wp-content\/uploads\/2023\/05\/cropped-Logo-PNG-Transparent.png","contentUrl":"https:\/\/aufildespierres.com\/wp-content\/uploads\/2023\/05\/cropped-Logo-PNG-Transparent.png","width":1776,"height":1625,"caption":"Au fil des pierres"},"image":{"@id":"https:\/\/aufildespierres.com\/#\/schema\/logo\/image\/"}}]}},"_links":{"self":[{"href":"https:\/\/aufildespierres.com\/index.php\/wp-json\/wp\/v2\/product\/2546","targetHints":{"allow":["GET"]}}],"collection":[{"href":"https:\/\/aufildespierres.com\/index.php\/wp-json\/wp\/v2\/product"}],"about":[{"href":"https:\/\/aufildespierres.com\/index.php\/wp-json\/wp\/v2\/types\/product"}],"replies":[{"embeddable":true,"href":"https:\/\/aufildespierres.com\/index.php\/wp-json\/wp\/v2\/comments?post=2546"}],"wp:featuredmedia":[{"embeddable":true,"href":"https:\/\/aufildespierres.com\/index.php\/wp-json\/wp\/v2\/media\/2549"}],"wp:attachment":[{"href":"https:\/\/aufildespierres.com\/index.php\/wp-json\/wp\/v2\/media?parent=2546"}],"wp:term":[{"taxonomy":"product_brand","embeddable":true,"href":"https:\/\/aufildespierres.com\/index.php\/wp-json\/wp\/v2\/product_brand?post=2546"},{"taxonomy":"product_cat","embeddable":true,"href":"https:\/\/aufildespierres.com\/index.php\/wp-json\/wp\/v2\/product_cat?post=2546"},{"taxonomy":"product_tag","embeddable":true,"href":"https:\/\/aufildespierres.com\/index.php\/wp-json\/wp\/v2\/product_tag?post=2546"}],"curies":[{"name":"wp","href":"https:\/\/api.w.org\/{rel}","templated":true}]}}