{"id":2562,"date":"2024-06-26T12:30:37","date_gmt":"2024-06-26T10:30:37","guid":{"rendered":"https:\/\/aufildespierres.com\/?post_type=product&#038;p=2562"},"modified":"2025-11-23T15:19:41","modified_gmt":"2025-11-23T14:19:41","slug":"opale-verte","status":"publish","type":"product","link":"https:\/\/aufildespierres.com\/index.php\/product\/opale-verte\/","title":{"rendered":"Opale verte"},"content":{"rendered":"<p><strong>Opale verte en forme libre \u00e0 poser\u00a0<\/strong><\/p>\n<p>poids 259 grammes<\/p>\n<p>hauteur 9 cm<\/p>\n<p><strong>OPALE VERTE<\/strong><\/p>\n<p><strong>LIBERATION DES EMOTIONS<\/strong><\/p>\n<p>&nbsp;<\/p>\n<p>chakra du coeur<\/p>\n<p><em>Propri\u00e9t\u00e9s psychiques :<\/em><\/p>\n<ul>\n<li>Guide vers une approche positive de la vie<\/li>\n<li>Eveille les qualit\u00e9s mystiques , utile \u00e0 la m\u00e9ditation , permet de se connecter plus facilement \u00e0 l&rsquo;archange Raphael .<\/li>\n<li>Stimule cr\u00e9ativit\u00e9 et originalit\u00e9<\/li>\n<li>Permet de se trouver soi m\u00eame<\/li>\n<li>Pierre karmique qui fait ressurgir l&rsquo;\u00e9motionnel refoul\u00e9 du pass\u00e9 ou des vies ant\u00e9rieures et nous permet d&rsquo;assumer nos sentiments .<\/li>\n<li>Elle permet de lib\u00e9rer les ressentiments ,col\u00e8res, qui ont besoin d&rsquo;\u00eatre lib\u00e9r\u00e9es pour avancer, diminue stress et angoisses, conflits et tensions, et apaise le mental<\/li>\n<li>Pierre de changement qui attire l\u2019abondance dans sa vie en lib\u00e9rant les pens\u00e9es n\u00e9gatives, les croyances limitantes, le formatage et la peur du manque. Elle favorise la circulation d\u2019\u00e9nergie dans le corps et aide \u00e0 l\u00e2cher prise pour cr\u00e9er du flux d\u2019abondance. Favorise un rapport \u00e0 l&rsquo;argent selon la loi de l&rsquo;\u00e9change (donner pour recevoir ) et accompagne vers l&rsquo;abondance.<\/li>\n<li>Associ\u00e9e \u00e0 l&rsquo;amour, l&rsquo;\u00e9rotisme la passion et le d\u00e9sir<\/li>\n<li>Aide \u00e0 se souvenir de ses r\u00eaves<\/li>\n<li>Aide \u00e0 se sentir s\u00e9curis\u00e9 et \u00e0 s&rsquo;ouvrir aux autres<\/li>\n<\/ul>\n<p>&nbsp;<\/p>\n<p><em>Propri\u00e9t\u00e9s physiques :<\/em><\/p>\n<ul>\n<li>Favorise le rajeunissement cellulaire<\/li>\n<li>Stimule le syst\u00e8me immunitaire<\/li>\n<li>Purifie le foie et reins<\/li>\n<li>Aide au sommeil<\/li>\n<li>Soutient lors de convalescence<\/li>\n<li>Associ\u00e9 a de la pierre de lune elle favorisera une plus grande lib\u00e9ration \u00e9motionnelle<\/li>\n<li>Associ\u00e9e \u00e0 de la pyrite ou citrine elle favorisera prosp\u00e9rit\u00e9 et relations compliqu\u00e9es avec l&rsquo;argent .<\/li>\n<\/ul>\n<p>Pierre qui contient 30% d&rsquo;eau , ne pas la conserver dans un endroit trop chaud ou trop sec et ne pas l\u2019exposer \u00e0 la chaleur .<\/p>\n<p>Adapt\u00e9e plus particuli\u00e8rement aux b\u00e9liers et sagittaires .<\/p>\n<p>&nbsp;<\/p>\n<p>&nbsp;<\/p>\n","protected":false},"excerpt":{"rendered":"<p>Opale verte en forme libre \u00e0 poser\u00a0 poids 259 grammes hauteur 9 cm OPALE VERTE LIBERATION DES EMOTIONS &nbsp; chakra du coeur Propri\u00e9t\u00e9s psychiques : Guide vers une approche positive de la vie Eveille les qualit\u00e9s mystiques , utile \u00e0 la m\u00e9ditation , permet de se connecter plus facilement \u00e0 l&rsquo;archange Raphael . Stimule cr\u00e9ativit\u00e9 [&hellip;]<\/p>\n","protected":false},"featured_media":2563,"comment_status":"open","ping_status":"closed","template":"","meta":{"site-sidebar-layout":"default","site-content-layout":"","ast-site-content-layout":"default","site-content-style":"default","site-sidebar-style":"default","ast-global-header-display":"","ast-banner-title-visibility":"","ast-main-header-display":"","ast-hfb-above-header-display":"","ast-hfb-below-header-display":"","ast-hfb-mobile-header-display":"","site-post-title":"","ast-breadcrumbs-content":"","ast-featured-img":"","footer-sml-layout":"","ast-disable-related-posts":"","theme-transparent-header-meta":"default","adv-header-id-meta":"","stick-header-meta":"","header-above-stick-meta":"","header-main-stick-meta":"","header-below-stick-meta":"","astra-migrate-meta-layouts":"set","ast-page-background-enabled":"default","ast-page-background-meta":{"desktop":{"background-color":"var(--ast-global-color-4)","background-image":"","background-repeat":"repeat","background-position":"center center","background-size":"auto","background-attachment":"scroll","background-type":"","background-media":"","overlay-type":"","overlay-color":"","overlay-opacity":"","overlay-gradient":""},"tablet":{"background-color":"","background-image":"","background-repeat":"repeat","background-position":"center center","background-size":"auto","background-attachment":"scroll","background-type":"","background-media":"","overlay-type":"","overlay-color":"","overlay-opacity":"","overlay-gradient":""},"mobile":{"background-color":"","background-image":"","background-repeat":"repeat","background-position":"center center","background-size":"auto","background-attachment":"scroll","background-type":"","background-media":"","overlay-type":"","overlay-color":"","overlay-opacity":"","overlay-gradient":""}},"ast-content-background-meta":{"desktop":{"background-color":"var(--ast-global-color-5)","background-image":"","background-repeat":"repeat","background-position":"center center","background-size":"auto","background-attachment":"scroll","background-type":"","background-media":"","overlay-type":"","overlay-color":"","overlay-opacity":"","overlay-gradient":""},"tablet":{"background-color":"var(--ast-global-color-5)","background-image":"","background-repeat":"repeat","background-position":"center center","background-size":"auto","background-attachment":"scroll","background-type":"","background-media":"","overlay-type":"","overlay-color":"","overlay-opacity":"","overlay-gradient":""},"mobile":{"background-color":"var(--ast-global-color-5)","background-image":"","background-repeat":"repeat","background-position":"center center","background-size":"auto","background-attachment":"scroll","background-type":"","background-media":"","overlay-type":"","overlay-color":"","overlay-opacity":"","overlay-gradient":""}},"_glsr_average":0,"_glsr_ranking":0,"_glsr_reviews":0},"product_brand":[],"product_cat":[179,209,78],"product_tag":[],"class_list":{"0":"post-2562","1":"product","2":"type-product","3":"status-publish","4":"has-post-thumbnail","6":"product_cat-formes-libres","7":"product_cat-opale-verte","8":"product_cat-vert","9":"desktop-align-left","10":"tablet-align-left","11":"mobile-align-left","13":"first","14":"outofstock","15":"purchasable","16":"product-type-simple"},"yoast_head":"<!-- This site is optimized with the Yoast SEO plugin v27.4 - https:\/\/yoast.com\/product\/yoast-seo-wordpress\/ -->\n<title>Opale verte - Au fil des pierres<\/title>\n<meta name=\"robots\" content=\"index, follow, max-snippet:-1, max-image-preview:large, max-video-preview:-1\" \/>\n<link rel=\"canonical\" href=\"https:\/\/aufildespierres.com\/index.php\/product\/opale-verte\/\" \/>\n<meta property=\"og:locale\" content=\"fr_FR\" \/>\n<meta property=\"og:type\" content=\"article\" \/>\n<meta property=\"og:title\" content=\"Opale verte - Au fil des pierres\" \/>\n<meta property=\"og:description\" content=\"Opale verte en forme libre \u00e0 poser\u00a0 poids 259 grammes hauteur 9 cm OPALE VERTE LIBERATION DES EMOTIONS &nbsp; chakra du coeur Propri\u00e9t\u00e9s psychiques : Guide vers une approche positive de la vie Eveille les qualit\u00e9s mystiques , utile \u00e0 la m\u00e9ditation , permet de se connecter plus facilement \u00e0 l&rsquo;archange Raphael . Stimule cr\u00e9ativit\u00e9 [&hellip;]\" \/>\n<meta property=\"og:url\" content=\"https:\/\/aufildespierres.com\/index.php\/product\/opale-verte\/\" \/>\n<meta property=\"og:site_name\" content=\"Au fil des pierres\" \/>\n<meta property=\"article:modified_time\" content=\"2025-11-23T14:19:41+00:00\" \/>\n<meta property=\"og:image\" content=\"https:\/\/aufildespierres.com\/wp-content\/uploads\/2024\/06\/20240626_115143-scaled.jpg\" \/>\n\t<meta property=\"og:image:width\" content=\"1920\" \/>\n\t<meta property=\"og:image:height\" content=\"2560\" \/>\n\t<meta property=\"og:image:type\" content=\"image\/jpeg\" \/>\n<meta name=\"twitter:card\" content=\"summary_large_image\" \/>\n<meta name=\"twitter:label1\" content=\"Dur\u00e9e de lecture estim\u00e9e\" \/>\n\t<meta name=\"twitter:data1\" content=\"2 minutes\" \/>\n<script type=\"application\/ld+json\" class=\"yoast-schema-graph\">{\"@context\":\"https:\\\/\\\/schema.org\",\"@graph\":[{\"@type\":\"WebPage\",\"@id\":\"https:\\\/\\\/aufildespierres.com\\\/index.php\\\/product\\\/opale-verte\\\/\",\"url\":\"https:\\\/\\\/aufildespierres.com\\\/index.php\\\/product\\\/opale-verte\\\/\",\"name\":\"Opale verte - Au fil des pierres\",\"isPartOf\":{\"@id\":\"https:\\\/\\\/aufildespierres.com\\\/#website\"},\"primaryImageOfPage\":{\"@id\":\"https:\\\/\\\/aufildespierres.com\\\/index.php\\\/product\\\/opale-verte\\\/#primaryimage\"},\"image\":{\"@id\":\"https:\\\/\\\/aufildespierres.com\\\/index.php\\\/product\\\/opale-verte\\\/#primaryimage\"},\"thumbnailUrl\":\"https:\\\/\\\/aufildespierres.com\\\/wp-content\\\/uploads\\\/2024\\\/06\\\/20240626_115143-scaled.jpg\",\"datePublished\":\"2024-06-26T10:30:37+00:00\",\"dateModified\":\"2025-11-23T14:19:41+00:00\",\"breadcrumb\":{\"@id\":\"https:\\\/\\\/aufildespierres.com\\\/index.php\\\/product\\\/opale-verte\\\/#breadcrumb\"},\"inLanguage\":\"fr-FR\",\"potentialAction\":[{\"@type\":\"ReadAction\",\"target\":[\"https:\\\/\\\/aufildespierres.com\\\/index.php\\\/product\\\/opale-verte\\\/\"]}]},{\"@type\":\"ImageObject\",\"inLanguage\":\"fr-FR\",\"@id\":\"https:\\\/\\\/aufildespierres.com\\\/index.php\\\/product\\\/opale-verte\\\/#primaryimage\",\"url\":\"https:\\\/\\\/aufildespierres.com\\\/wp-content\\\/uploads\\\/2024\\\/06\\\/20240626_115143-scaled.jpg\",\"contentUrl\":\"https:\\\/\\\/aufildespierres.com\\\/wp-content\\\/uploads\\\/2024\\\/06\\\/20240626_115143-scaled.jpg\",\"width\":1920,\"height\":2560},{\"@type\":\"BreadcrumbList\",\"@id\":\"https:\\\/\\\/aufildespierres.com\\\/index.php\\\/product\\\/opale-verte\\\/#breadcrumb\",\"itemListElement\":[{\"@type\":\"ListItem\",\"position\":1,\"name\":\"Accueil\",\"item\":\"https:\\\/\\\/aufildespierres.com\\\/\"},{\"@type\":\"ListItem\",\"position\":2,\"name\":\"Boutique de Lithoth\u00e9rapie\",\"item\":\"https:\\\/\\\/aufildespierres.com\\\/index.php\\\/boutique-de-lithotherapie\\\/\"},{\"@type\":\"ListItem\",\"position\":3,\"name\":\"Opale verte\"}]},{\"@type\":\"WebSite\",\"@id\":\"https:\\\/\\\/aufildespierres.com\\\/#website\",\"url\":\"https:\\\/\\\/aufildespierres.com\\\/\",\"name\":\"Au fil des pierres\",\"description\":\"Au fil des pierres\",\"publisher\":{\"@id\":\"https:\\\/\\\/aufildespierres.com\\\/#organization\"},\"potentialAction\":[{\"@type\":\"SearchAction\",\"target\":{\"@type\":\"EntryPoint\",\"urlTemplate\":\"https:\\\/\\\/aufildespierres.com\\\/?s={search_term_string}\"},\"query-input\":{\"@type\":\"PropertyValueSpecification\",\"valueRequired\":true,\"valueName\":\"search_term_string\"}}],\"inLanguage\":\"fr-FR\"},{\"@type\":\"Organization\",\"@id\":\"https:\\\/\\\/aufildespierres.com\\\/#organization\",\"name\":\"Au fil des pierres\",\"url\":\"https:\\\/\\\/aufildespierres.com\\\/\",\"logo\":{\"@type\":\"ImageObject\",\"inLanguage\":\"fr-FR\",\"@id\":\"https:\\\/\\\/aufildespierres.com\\\/#\\\/schema\\\/logo\\\/image\\\/\",\"url\":\"https:\\\/\\\/aufildespierres.com\\\/wp-content\\\/uploads\\\/2023\\\/05\\\/cropped-Logo-PNG-Transparent.png\",\"contentUrl\":\"https:\\\/\\\/aufildespierres.com\\\/wp-content\\\/uploads\\\/2023\\\/05\\\/cropped-Logo-PNG-Transparent.png\",\"width\":1776,\"height\":1625,\"caption\":\"Au fil des pierres\"},\"image\":{\"@id\":\"https:\\\/\\\/aufildespierres.com\\\/#\\\/schema\\\/logo\\\/image\\\/\"}}]}<\/script>\n<!-- \/ Yoast SEO plugin. -->","yoast_head_json":{"title":"Opale verte - Au fil des pierres","robots":{"index":"index","follow":"follow","max-snippet":"max-snippet:-1","max-image-preview":"max-image-preview:large","max-video-preview":"max-video-preview:-1"},"canonical":"https:\/\/aufildespierres.com\/index.php\/product\/opale-verte\/","og_locale":"fr_FR","og_type":"article","og_title":"Opale verte - Au fil des pierres","og_description":"Opale verte en forme libre \u00e0 poser\u00a0 poids 259 grammes hauteur 9 cm OPALE VERTE LIBERATION DES EMOTIONS &nbsp; chakra du coeur Propri\u00e9t\u00e9s psychiques : Guide vers une approche positive de la vie Eveille les qualit\u00e9s mystiques , utile \u00e0 la m\u00e9ditation , permet de se connecter plus facilement \u00e0 l&rsquo;archange Raphael . Stimule cr\u00e9ativit\u00e9 [&hellip;]","og_url":"https:\/\/aufildespierres.com\/index.php\/product\/opale-verte\/","og_site_name":"Au fil des pierres","article_modified_time":"2025-11-23T14:19:41+00:00","og_image":[{"width":1920,"height":2560,"url":"https:\/\/aufildespierres.com\/wp-content\/uploads\/2024\/06\/20240626_115143-scaled.jpg","type":"image\/jpeg"}],"twitter_card":"summary_large_image","twitter_misc":{"Dur\u00e9e de lecture estim\u00e9e":"2 minutes"},"schema":{"@context":"https:\/\/schema.org","@graph":[{"@type":"WebPage","@id":"https:\/\/aufildespierres.com\/index.php\/product\/opale-verte\/","url":"https:\/\/aufildespierres.com\/index.php\/product\/opale-verte\/","name":"Opale verte - Au fil des pierres","isPartOf":{"@id":"https:\/\/aufildespierres.com\/#website"},"primaryImageOfPage":{"@id":"https:\/\/aufildespierres.com\/index.php\/product\/opale-verte\/#primaryimage"},"image":{"@id":"https:\/\/aufildespierres.com\/index.php\/product\/opale-verte\/#primaryimage"},"thumbnailUrl":"https:\/\/aufildespierres.com\/wp-content\/uploads\/2024\/06\/20240626_115143-scaled.jpg","datePublished":"2024-06-26T10:30:37+00:00","dateModified":"2025-11-23T14:19:41+00:00","breadcrumb":{"@id":"https:\/\/aufildespierres.com\/index.php\/product\/opale-verte\/#breadcrumb"},"inLanguage":"fr-FR","potentialAction":[{"@type":"ReadAction","target":["https:\/\/aufildespierres.com\/index.php\/product\/opale-verte\/"]}]},{"@type":"ImageObject","inLanguage":"fr-FR","@id":"https:\/\/aufildespierres.com\/index.php\/product\/opale-verte\/#primaryimage","url":"https:\/\/aufildespierres.com\/wp-content\/uploads\/2024\/06\/20240626_115143-scaled.jpg","contentUrl":"https:\/\/aufildespierres.com\/wp-content\/uploads\/2024\/06\/20240626_115143-scaled.jpg","width":1920,"height":2560},{"@type":"BreadcrumbList","@id":"https:\/\/aufildespierres.com\/index.php\/product\/opale-verte\/#breadcrumb","itemListElement":[{"@type":"ListItem","position":1,"name":"Accueil","item":"https:\/\/aufildespierres.com\/"},{"@type":"ListItem","position":2,"name":"Boutique de Lithoth\u00e9rapie","item":"https:\/\/aufildespierres.com\/index.php\/boutique-de-lithotherapie\/"},{"@type":"ListItem","position":3,"name":"Opale verte"}]},{"@type":"WebSite","@id":"https:\/\/aufildespierres.com\/#website","url":"https:\/\/aufildespierres.com\/","name":"Au fil des pierres","description":"Au fil des pierres","publisher":{"@id":"https:\/\/aufildespierres.com\/#organization"},"potentialAction":[{"@type":"SearchAction","target":{"@type":"EntryPoint","urlTemplate":"https:\/\/aufildespierres.com\/?s={search_term_string}"},"query-input":{"@type":"PropertyValueSpecification","valueRequired":true,"valueName":"search_term_string"}}],"inLanguage":"fr-FR"},{"@type":"Organization","@id":"https:\/\/aufildespierres.com\/#organization","name":"Au fil des pierres","url":"https:\/\/aufildespierres.com\/","logo":{"@type":"ImageObject","inLanguage":"fr-FR","@id":"https:\/\/aufildespierres.com\/#\/schema\/logo\/image\/","url":"https:\/\/aufildespierres.com\/wp-content\/uploads\/2023\/05\/cropped-Logo-PNG-Transparent.png","contentUrl":"https:\/\/aufildespierres.com\/wp-content\/uploads\/2023\/05\/cropped-Logo-PNG-Transparent.png","width":1776,"height":1625,"caption":"Au fil des pierres"},"image":{"@id":"https:\/\/aufildespierres.com\/#\/schema\/logo\/image\/"}}]}},"_links":{"self":[{"href":"https:\/\/aufildespierres.com\/index.php\/wp-json\/wp\/v2\/product\/2562","targetHints":{"allow":["GET"]}}],"collection":[{"href":"https:\/\/aufildespierres.com\/index.php\/wp-json\/wp\/v2\/product"}],"about":[{"href":"https:\/\/aufildespierres.com\/index.php\/wp-json\/wp\/v2\/types\/product"}],"replies":[{"embeddable":true,"href":"https:\/\/aufildespierres.com\/index.php\/wp-json\/wp\/v2\/comments?post=2562"}],"wp:featuredmedia":[{"embeddable":true,"href":"https:\/\/aufildespierres.com\/index.php\/wp-json\/wp\/v2\/media\/2563"}],"wp:attachment":[{"href":"https:\/\/aufildespierres.com\/index.php\/wp-json\/wp\/v2\/media?parent=2562"}],"wp:term":[{"taxonomy":"product_brand","embeddable":true,"href":"https:\/\/aufildespierres.com\/index.php\/wp-json\/wp\/v2\/product_brand?post=2562"},{"taxonomy":"product_cat","embeddable":true,"href":"https:\/\/aufildespierres.com\/index.php\/wp-json\/wp\/v2\/product_cat?post=2562"},{"taxonomy":"product_tag","embeddable":true,"href":"https:\/\/aufildespierres.com\/index.php\/wp-json\/wp\/v2\/product_tag?post=2562"}],"curies":[{"name":"wp","href":"https:\/\/api.w.org\/{rel}","templated":true}]}}