{"id":2613,"date":"2024-07-12T09:47:36","date_gmt":"2024-07-12T07:47:36","guid":{"rendered":"https:\/\/aufildespierres.com\/?post_type=product&#038;p=2613"},"modified":"2026-04-24T14:33:23","modified_gmt":"2026-04-24T12:33:23","slug":"bracelet-baroque-en-pietersite","status":"publish","type":"product","link":"https:\/\/aufildespierres.com\/index.php\/product\/bracelet-baroque-en-pietersite\/","title":{"rendered":"Bracelet baroque en Pietersite"},"content":{"rendered":"<section class=\"text-token-text-primary w-full focus:outline-none [--shadow-height:45px] has-data-writing-block:pointer-events-none has-data-writing-block:-mt-(--shadow-height) has-data-writing-block:pt-(--shadow-height) [&amp;:has([data-writing-block])&gt;*]:pointer-events-auto [content-visibility:auto] supports-[content-visibility:auto]:[contain-intrinsic-size:auto_100lvh] R6Vx5W_threadScrollVars scroll-mb-[calc(var(--scroll-root-safe-area-inset-bottom,0px)+var(--thread-response-height))] scroll-mt-[calc(var(--header-height)+min(200px,max(70px,20svh)))]\" dir=\"auto\" data-turn-id=\"request-WEB:55e31d74-59aa-4b5e-8da2-fceab8ca51d8-3\" data-testid=\"conversation-turn-8\" data-scroll-anchor=\"false\" data-turn=\"assistant\">\n<div class=\"text-base my-auto mx-auto pb-10 [--thread-content-margin:var(--thread-content-margin-xs,calc(var(--spacing)*4))] @w-sm\/main:[--thread-content-margin:var(--thread-content-margin-sm,calc(var(--spacing)*6))] @w-lg\/main:[--thread-content-margin:var(--thread-content-margin-lg,calc(var(--spacing)*16))] px-(--thread-content-margin)\">\n<div class=\"[--thread-content-max-width:40rem] @w-lg\/main:[--thread-content-max-width:48rem] mx-auto max-w-(--thread-content-max-width) flex-1 group\/turn-messages focus-visible:outline-hidden relative flex w-full min-w-0 flex-col agent-turn\">\n<div class=\"flex max-w-full flex-col gap-4 grow\">\n<div class=\"min-h-8 text-message relative flex w-full flex-col items-end gap-2 text-start break-words whitespace-normal outline-none keyboard-focused:focus-ring [.text-message+&amp;]:mt-1\" dir=\"auto\" tabindex=\"0\" data-message-author-role=\"assistant\" data-message-id=\"6c5de355-ac6c-4ed6-8d95-2585143669fa\" data-message-model-slug=\"gpt-5-3\" data-turn-start-message=\"true\">\n<div class=\"flex w-full flex-col gap-1 empty:hidden\">\n<div class=\"markdown prose dark:prose-invert w-full wrap-break-word light markdown-new-styling\">\n<p data-start=\"63\" data-end=\"281\">Le bracelet baroque en Pietersite, forme galet, est un bijou naturel au style unique. Il convient \u00e0 un poignet de 17 \u00e0 18 cm. Ainsi, il s\u2019int\u00e8gre facilement dans une d\u00e9marche de bien-\u00eatre et de d\u00e9veloppement personnel.<\/p>\n<p data-start=\"283\" data-end=\"596\">La pietersite est une pierre fascinante aux nuances de brun, bleu et jaune. Elle r\u00e9sulte d\u2019un m\u00e9lange naturel d\u2019\u0153il de tigre, d\u2019\u0153il de faucon, de crocidolite et de bronzite. Par cons\u00e9quent, elle combine les propri\u00e9t\u00e9s \u00e9nerg\u00e9tiques de ces min\u00e9raux. Son \u00e9nergie est \u00e0 la fois dynamique, protectrice et \u00e9quilibrante.<\/p>\n<p data-start=\"598\" data-end=\"851\">Sur le plan \u00e9nerg\u00e9tique, cette pierre favorise l\u2019\u00e9quilibre global. Elle aide \u00e0 harmoniser les \u00e9motions et \u00e0 se sentir align\u00e9. De plus, elle \u00e9loigne la tristesse et les pens\u00e9es n\u00e9gatives. Ainsi, elle apporte dynamisme, motivation et stabilit\u00e9 int\u00e9rieure.<\/p>\n<p data-start=\"853\" data-end=\"1145\">La pietersite renforce \u00e9galement l\u2019estime de soi et la confiance personnelle. Elle encourage \u00e0 avancer sans d\u00e9pendre du regard des autres. Par ailleurs, elle stimule la volont\u00e9 et soutient la r\u00e9alisation des objectifs. Elle favorise aussi la cr\u00e9ativit\u00e9, l\u2019imagination et la capacit\u00e9 d\u2019\u00e9coute.<\/p>\n<p data-start=\"1147\" data-end=\"1459\">En compl\u00e9ment, cette pierre aide \u00e0 d\u00e9passer les ind\u00e9cisions. Elle apporte une attitude positive et un meilleur discernement. Ainsi, elle permet de faire la diff\u00e9rence entre d\u00e9sir et r\u00e9alit\u00e9. Elle aide \u00e9galement \u00e0 se concentrer sur l\u2019essentiel. Gr\u00e2ce \u00e0 cette clart\u00e9, elle soutient un \u00e9quilibre \u00e9motionnel durable.<\/p>\n<p data-start=\"1461\" data-end=\"1675\">La pietersite est particuli\u00e8rement utile lors des p\u00e9riodes de changement. En effet, elle permet de rester serein face aux bouleversements. Elle accompagne les transitions en apportant force int\u00e9rieure et stabilit\u00e9.<\/p>\n<p data-start=\"1677\" data-end=\"1895\">Sur le plan physique, cette pierre stimule le m\u00e9tabolisme et r\u00e9duit la fatigue. Elle soutient aussi le syst\u00e8me nerveux, endocrinien et digestif. De plus, elle contribue au bon fonctionnement de la vue et de l\u2019audition.<\/p>\n<p data-start=\"1897\" data-end=\"2293\">Ce bracelet attire souvent les personnes en qu\u00eate de transformation et de clart\u00e9. Cette attirance peut r\u00e9v\u00e9ler un d\u00e9s\u00e9quilibre du chakra du plexus solaire ou du troisi\u00e8me \u0153il. Cela se manifeste par des doutes, un manque de direction ou une confusion mentale. En M\u00e9decine Traditionnelle Chinoise, cela correspond souvent \u00e0 un d\u00e9s\u00e9quilibre des \u00e9nergies Bois et Feu, li\u00e9 au stress ou \u00e0 l\u2019ind\u00e9cision.<\/p>\n<p data-start=\"2295\" data-end=\"2464\" data-is-last-node=\"\" data-is-only-node=\"\">\n<\/div>\n<\/div>\n<\/div>\n<\/div>\n<div class=\"z-0 flex min-h-[46px] justify-start\"><\/div>\n<div class=\"mt-3 w-full empty:hidden\">\n<div class=\"text-center\"><\/div>\n<\/div>\n<\/div>\n<\/div>\n<\/section>\n<div class=\"pointer-events-none -mt-px h-px translate-y-[calc(var(--scroll-root-safe-area-inset-bottom)-14*var(--spacing))]\" aria-hidden=\"true\"><\/div>\n","protected":false},"excerpt":{"rendered":"<p>Le bracelet baroque en Pietersite, forme galet, est un bijou naturel au style unique. Il convient \u00e0 un poignet de 17 \u00e0 18 cm. Ainsi, il s\u2019int\u00e8gre facilement dans une d\u00e9marche de bien-\u00eatre et de d\u00e9veloppement personnel. La pietersite est une pierre fascinante aux nuances de brun, bleu et jaune. Elle r\u00e9sulte d\u2019un m\u00e9lange naturel [&hellip;]<\/p>\n","protected":false},"featured_media":2614,"comment_status":"open","ping_status":"closed","template":"","meta":{"site-sidebar-layout":"default","site-content-layout":"","ast-site-content-layout":"default","site-content-style":"default","site-sidebar-style":"default","ast-global-header-display":"","ast-banner-title-visibility":"","ast-main-header-display":"","ast-hfb-above-header-display":"","ast-hfb-below-header-display":"","ast-hfb-mobile-header-display":"","site-post-title":"","ast-breadcrumbs-content":"","ast-featured-img":"","footer-sml-layout":"","ast-disable-related-posts":"","theme-transparent-header-meta":"default","adv-header-id-meta":"","stick-header-meta":"","header-above-stick-meta":"","header-main-stick-meta":"","header-below-stick-meta":"","astra-migrate-meta-layouts":"set","ast-page-background-enabled":"default","ast-page-background-meta":{"desktop":{"background-color":"var(--ast-global-color-4)","background-image":"","background-repeat":"repeat","background-position":"center center","background-size":"auto","background-attachment":"scroll","background-type":"","background-media":"","overlay-type":"","overlay-color":"","overlay-opacity":"","overlay-gradient":""},"tablet":{"background-color":"","background-image":"","background-repeat":"repeat","background-position":"center center","background-size":"auto","background-attachment":"scroll","background-type":"","background-media":"","overlay-type":"","overlay-color":"","overlay-opacity":"","overlay-gradient":""},"mobile":{"background-color":"","background-image":"","background-repeat":"repeat","background-position":"center center","background-size":"auto","background-attachment":"scroll","background-type":"","background-media":"","overlay-type":"","overlay-color":"","overlay-opacity":"","overlay-gradient":""}},"ast-content-background-meta":{"desktop":{"background-color":"var(--ast-global-color-5)","background-image":"","background-repeat":"repeat","background-position":"center center","background-size":"auto","background-attachment":"scroll","background-type":"","background-media":"","overlay-type":"","overlay-color":"","overlay-opacity":"","overlay-gradient":""},"tablet":{"background-color":"var(--ast-global-color-5)","background-image":"","background-repeat":"repeat","background-position":"center center","background-size":"auto","background-attachment":"scroll","background-type":"","background-media":"","overlay-type":"","overlay-color":"","overlay-opacity":"","overlay-gradient":""},"mobile":{"background-color":"var(--ast-global-color-5)","background-image":"","background-repeat":"repeat","background-position":"center center","background-size":"auto","background-attachment":"scroll","background-type":"","background-media":"","overlay-type":"","overlay-color":"","overlay-opacity":"","overlay-gradient":""}},"_glsr_average":0,"_glsr_ranking":0,"_glsr_reviews":0},"product_brand":[],"product_cat":[107,56,290,59,103,172],"product_tag":[],"class_list":{"0":"post-2613","1":"product","2":"type-product","3":"status-publish","4":"has-post-thumbnail","6":"product_cat-bracelets-baroques","7":"product_cat-bracelets-de-lithotherapie","8":"product_cat-bracelets-de-lithotherapie-femmes","9":"product_cat-bracelets-de-lithotherapie-hommes","10":"product_cat-marron","11":"product_cat-pietersite","12":"desktop-align-left","13":"tablet-align-left","14":"mobile-align-left","16":"first","17":"instock","18":"purchasable","19":"product-type-simple"},"yoast_head":"<!-- This site is optimized with the Yoast SEO plugin v27.5 - https:\/\/yoast.com\/product\/yoast-seo-wordpress\/ -->\n<title>Bracelet baroque en Pietersite - Au fil des pierres<\/title>\n<meta name=\"description\" content=\"Bracelet baroque en Pietersite Pierre d\u2019\u00e9quilibre, motivation et confiance en soi. Id\u00e9al pour clart\u00e9 mentale, \u00e9nergie et transformation personnelle.\" \/>\n<meta name=\"robots\" content=\"index, follow, max-snippet:-1, max-image-preview:large, max-video-preview:-1\" \/>\n<link rel=\"canonical\" href=\"https:\/\/aufildespierres.com\/index.php\/product\/bracelet-baroque-en-pietersite\/\" \/>\n<meta property=\"og:locale\" content=\"fr_FR\" \/>\n<meta property=\"og:type\" content=\"article\" \/>\n<meta property=\"og:title\" content=\"Bracelet baroque en Pietersite - Au fil des pierres\" \/>\n<meta property=\"og:description\" content=\"Bracelet baroque en Pietersite Pierre d\u2019\u00e9quilibre, motivation et confiance en soi. Id\u00e9al pour clart\u00e9 mentale, \u00e9nergie et transformation personnelle.\" \/>\n<meta property=\"og:url\" content=\"https:\/\/aufildespierres.com\/index.php\/product\/bracelet-baroque-en-pietersite\/\" \/>\n<meta property=\"og:site_name\" content=\"Au fil des pierres\" \/>\n<meta property=\"article:modified_time\" content=\"2026-04-24T12:33:23+00:00\" \/>\n<meta property=\"og:image\" content=\"https:\/\/aufildespierres.com\/wp-content\/uploads\/2024\/07\/20240712_073333-scaled.jpg\" \/>\n\t<meta property=\"og:image:width\" content=\"2062\" \/>\n\t<meta property=\"og:image:height\" content=\"2560\" \/>\n\t<meta property=\"og:image:type\" content=\"image\/jpeg\" \/>\n<meta name=\"twitter:card\" content=\"summary_large_image\" \/>\n<meta name=\"twitter:label1\" content=\"Dur\u00e9e de lecture estim\u00e9e\" \/>\n\t<meta name=\"twitter:data1\" content=\"3 minutes\" \/>\n<script type=\"application\/ld+json\" class=\"yoast-schema-graph\">{\"@context\":\"https:\\\/\\\/schema.org\",\"@graph\":[{\"@type\":\"WebPage\",\"@id\":\"https:\\\/\\\/aufildespierres.com\\\/index.php\\\/product\\\/bracelet-baroque-en-pietersite\\\/\",\"url\":\"https:\\\/\\\/aufildespierres.com\\\/index.php\\\/product\\\/bracelet-baroque-en-pietersite\\\/\",\"name\":\"Bracelet baroque en Pietersite - Au fil des pierres\",\"isPartOf\":{\"@id\":\"https:\\\/\\\/aufildespierres.com\\\/#website\"},\"primaryImageOfPage\":{\"@id\":\"https:\\\/\\\/aufildespierres.com\\\/index.php\\\/product\\\/bracelet-baroque-en-pietersite\\\/#primaryimage\"},\"image\":{\"@id\":\"https:\\\/\\\/aufildespierres.com\\\/index.php\\\/product\\\/bracelet-baroque-en-pietersite\\\/#primaryimage\"},\"thumbnailUrl\":\"https:\\\/\\\/aufildespierres.com\\\/wp-content\\\/uploads\\\/2024\\\/07\\\/20240712_073333-scaled.jpg\",\"datePublished\":\"2024-07-12T07:47:36+00:00\",\"dateModified\":\"2026-04-24T12:33:23+00:00\",\"description\":\"Bracelet baroque en Pietersite Pierre d\u2019\u00e9quilibre, motivation et confiance en soi. Id\u00e9al pour clart\u00e9 mentale, \u00e9nergie et transformation personnelle.\",\"breadcrumb\":{\"@id\":\"https:\\\/\\\/aufildespierres.com\\\/index.php\\\/product\\\/bracelet-baroque-en-pietersite\\\/#breadcrumb\"},\"inLanguage\":\"fr-FR\",\"potentialAction\":[{\"@type\":\"ReadAction\",\"target\":[\"https:\\\/\\\/aufildespierres.com\\\/index.php\\\/product\\\/bracelet-baroque-en-pietersite\\\/\"]}]},{\"@type\":\"ImageObject\",\"inLanguage\":\"fr-FR\",\"@id\":\"https:\\\/\\\/aufildespierres.com\\\/index.php\\\/product\\\/bracelet-baroque-en-pietersite\\\/#primaryimage\",\"url\":\"https:\\\/\\\/aufildespierres.com\\\/wp-content\\\/uploads\\\/2024\\\/07\\\/20240712_073333-scaled.jpg\",\"contentUrl\":\"https:\\\/\\\/aufildespierres.com\\\/wp-content\\\/uploads\\\/2024\\\/07\\\/20240712_073333-scaled.jpg\",\"width\":2062,\"height\":2560},{\"@type\":\"BreadcrumbList\",\"@id\":\"https:\\\/\\\/aufildespierres.com\\\/index.php\\\/product\\\/bracelet-baroque-en-pietersite\\\/#breadcrumb\",\"itemListElement\":[{\"@type\":\"ListItem\",\"position\":1,\"name\":\"Accueil\",\"item\":\"https:\\\/\\\/aufildespierres.com\\\/\"},{\"@type\":\"ListItem\",\"position\":2,\"name\":\"Boutique de Lithoth\u00e9rapie\",\"item\":\"https:\\\/\\\/aufildespierres.com\\\/index.php\\\/boutique-de-lithotherapie\\\/\"},{\"@type\":\"ListItem\",\"position\":3,\"name\":\"Bracelet baroque en Pietersite\"}]},{\"@type\":\"WebSite\",\"@id\":\"https:\\\/\\\/aufildespierres.com\\\/#website\",\"url\":\"https:\\\/\\\/aufildespierres.com\\\/\",\"name\":\"Au fil des pierres\",\"description\":\"Au fil des pierres\",\"publisher\":{\"@id\":\"https:\\\/\\\/aufildespierres.com\\\/#organization\"},\"potentialAction\":[{\"@type\":\"SearchAction\",\"target\":{\"@type\":\"EntryPoint\",\"urlTemplate\":\"https:\\\/\\\/aufildespierres.com\\\/?s={search_term_string}\"},\"query-input\":{\"@type\":\"PropertyValueSpecification\",\"valueRequired\":true,\"valueName\":\"search_term_string\"}}],\"inLanguage\":\"fr-FR\"},{\"@type\":\"Organization\",\"@id\":\"https:\\\/\\\/aufildespierres.com\\\/#organization\",\"name\":\"Au fil des pierres\",\"url\":\"https:\\\/\\\/aufildespierres.com\\\/\",\"logo\":{\"@type\":\"ImageObject\",\"inLanguage\":\"fr-FR\",\"@id\":\"https:\\\/\\\/aufildespierres.com\\\/#\\\/schema\\\/logo\\\/image\\\/\",\"url\":\"https:\\\/\\\/aufildespierres.com\\\/wp-content\\\/uploads\\\/2023\\\/05\\\/cropped-Logo-PNG-Transparent.png\",\"contentUrl\":\"https:\\\/\\\/aufildespierres.com\\\/wp-content\\\/uploads\\\/2023\\\/05\\\/cropped-Logo-PNG-Transparent.png\",\"width\":1776,\"height\":1625,\"caption\":\"Au fil des pierres\"},\"image\":{\"@id\":\"https:\\\/\\\/aufildespierres.com\\\/#\\\/schema\\\/logo\\\/image\\\/\"}}]}<\/script>\n<!-- \/ Yoast SEO plugin. -->","yoast_head_json":{"title":"Bracelet baroque en Pietersite - Au fil des pierres","description":"Bracelet baroque en Pietersite Pierre d\u2019\u00e9quilibre, motivation et confiance en soi. Id\u00e9al pour clart\u00e9 mentale, \u00e9nergie et transformation personnelle.","robots":{"index":"index","follow":"follow","max-snippet":"max-snippet:-1","max-image-preview":"max-image-preview:large","max-video-preview":"max-video-preview:-1"},"canonical":"https:\/\/aufildespierres.com\/index.php\/product\/bracelet-baroque-en-pietersite\/","og_locale":"fr_FR","og_type":"article","og_title":"Bracelet baroque en Pietersite - Au fil des pierres","og_description":"Bracelet baroque en Pietersite Pierre d\u2019\u00e9quilibre, motivation et confiance en soi. Id\u00e9al pour clart\u00e9 mentale, \u00e9nergie et transformation personnelle.","og_url":"https:\/\/aufildespierres.com\/index.php\/product\/bracelet-baroque-en-pietersite\/","og_site_name":"Au fil des pierres","article_modified_time":"2026-04-24T12:33:23+00:00","og_image":[{"width":2062,"height":2560,"url":"https:\/\/aufildespierres.com\/wp-content\/uploads\/2024\/07\/20240712_073333-scaled.jpg","type":"image\/jpeg"}],"twitter_card":"summary_large_image","twitter_misc":{"Dur\u00e9e de lecture estim\u00e9e":"3 minutes"},"schema":{"@context":"https:\/\/schema.org","@graph":[{"@type":"WebPage","@id":"https:\/\/aufildespierres.com\/index.php\/product\/bracelet-baroque-en-pietersite\/","url":"https:\/\/aufildespierres.com\/index.php\/product\/bracelet-baroque-en-pietersite\/","name":"Bracelet baroque en Pietersite - Au fil des pierres","isPartOf":{"@id":"https:\/\/aufildespierres.com\/#website"},"primaryImageOfPage":{"@id":"https:\/\/aufildespierres.com\/index.php\/product\/bracelet-baroque-en-pietersite\/#primaryimage"},"image":{"@id":"https:\/\/aufildespierres.com\/index.php\/product\/bracelet-baroque-en-pietersite\/#primaryimage"},"thumbnailUrl":"https:\/\/aufildespierres.com\/wp-content\/uploads\/2024\/07\/20240712_073333-scaled.jpg","datePublished":"2024-07-12T07:47:36+00:00","dateModified":"2026-04-24T12:33:23+00:00","description":"Bracelet baroque en Pietersite Pierre d\u2019\u00e9quilibre, motivation et confiance en soi. Id\u00e9al pour clart\u00e9 mentale, \u00e9nergie et transformation personnelle.","breadcrumb":{"@id":"https:\/\/aufildespierres.com\/index.php\/product\/bracelet-baroque-en-pietersite\/#breadcrumb"},"inLanguage":"fr-FR","potentialAction":[{"@type":"ReadAction","target":["https:\/\/aufildespierres.com\/index.php\/product\/bracelet-baroque-en-pietersite\/"]}]},{"@type":"ImageObject","inLanguage":"fr-FR","@id":"https:\/\/aufildespierres.com\/index.php\/product\/bracelet-baroque-en-pietersite\/#primaryimage","url":"https:\/\/aufildespierres.com\/wp-content\/uploads\/2024\/07\/20240712_073333-scaled.jpg","contentUrl":"https:\/\/aufildespierres.com\/wp-content\/uploads\/2024\/07\/20240712_073333-scaled.jpg","width":2062,"height":2560},{"@type":"BreadcrumbList","@id":"https:\/\/aufildespierres.com\/index.php\/product\/bracelet-baroque-en-pietersite\/#breadcrumb","itemListElement":[{"@type":"ListItem","position":1,"name":"Accueil","item":"https:\/\/aufildespierres.com\/"},{"@type":"ListItem","position":2,"name":"Boutique de Lithoth\u00e9rapie","item":"https:\/\/aufildespierres.com\/index.php\/boutique-de-lithotherapie\/"},{"@type":"ListItem","position":3,"name":"Bracelet baroque en Pietersite"}]},{"@type":"WebSite","@id":"https:\/\/aufildespierres.com\/#website","url":"https:\/\/aufildespierres.com\/","name":"Au fil des pierres","description":"Au fil des pierres","publisher":{"@id":"https:\/\/aufildespierres.com\/#organization"},"potentialAction":[{"@type":"SearchAction","target":{"@type":"EntryPoint","urlTemplate":"https:\/\/aufildespierres.com\/?s={search_term_string}"},"query-input":{"@type":"PropertyValueSpecification","valueRequired":true,"valueName":"search_term_string"}}],"inLanguage":"fr-FR"},{"@type":"Organization","@id":"https:\/\/aufildespierres.com\/#organization","name":"Au fil des pierres","url":"https:\/\/aufildespierres.com\/","logo":{"@type":"ImageObject","inLanguage":"fr-FR","@id":"https:\/\/aufildespierres.com\/#\/schema\/logo\/image\/","url":"https:\/\/aufildespierres.com\/wp-content\/uploads\/2023\/05\/cropped-Logo-PNG-Transparent.png","contentUrl":"https:\/\/aufildespierres.com\/wp-content\/uploads\/2023\/05\/cropped-Logo-PNG-Transparent.png","width":1776,"height":1625,"caption":"Au fil des pierres"},"image":{"@id":"https:\/\/aufildespierres.com\/#\/schema\/logo\/image\/"}}]}},"_links":{"self":[{"href":"https:\/\/aufildespierres.com\/index.php\/wp-json\/wp\/v2\/product\/2613","targetHints":{"allow":["GET"]}}],"collection":[{"href":"https:\/\/aufildespierres.com\/index.php\/wp-json\/wp\/v2\/product"}],"about":[{"href":"https:\/\/aufildespierres.com\/index.php\/wp-json\/wp\/v2\/types\/product"}],"replies":[{"embeddable":true,"href":"https:\/\/aufildespierres.com\/index.php\/wp-json\/wp\/v2\/comments?post=2613"}],"wp:featuredmedia":[{"embeddable":true,"href":"https:\/\/aufildespierres.com\/index.php\/wp-json\/wp\/v2\/media\/2614"}],"wp:attachment":[{"href":"https:\/\/aufildespierres.com\/index.php\/wp-json\/wp\/v2\/media?parent=2613"}],"wp:term":[{"taxonomy":"product_brand","embeddable":true,"href":"https:\/\/aufildespierres.com\/index.php\/wp-json\/wp\/v2\/product_brand?post=2613"},{"taxonomy":"product_cat","embeddable":true,"href":"https:\/\/aufildespierres.com\/index.php\/wp-json\/wp\/v2\/product_cat?post=2613"},{"taxonomy":"product_tag","embeddable":true,"href":"https:\/\/aufildespierres.com\/index.php\/wp-json\/wp\/v2\/product_tag?post=2613"}],"curies":[{"name":"wp","href":"https:\/\/api.w.org\/{rel}","templated":true}]}}