{"id":2615,"date":"2024-07-12T10:22:46","date_gmt":"2024-07-12T08:22:46","guid":{"rendered":"https:\/\/aufildespierres.com\/?post_type=product&#038;p=2615"},"modified":"2025-09-08T20:51:23","modified_gmt":"2025-09-08T18:51:23","slug":"bracelet-baroque-larimar-fluorite-et-agate","status":"publish","type":"product","link":"https:\/\/aufildespierres.com\/index.php\/product\/bracelet-baroque-larimar-fluorite-et-agate\/","title":{"rendered":"Bracelet baroque Larimar Fluorite et Agate"},"content":{"rendered":"<p>Bracelet baroque compos\u00e9 de Larimar forme galet, Fluorite bleue perle ronde 6mm, Agate blue lace forme chips<\/p>\n<p>Convient \u00e0 un poignet de 17 \u00e0 18 cm<\/p>\n<p>LARIMAR<\/p>\n<ul>\n<li>Apaise et apporte de l&rsquo;optimisme et aide \u00e0 avoir un esprit positif avec une paix int\u00e9rieure<\/li>\n<li>Recommand\u00e9 aux col\u00e9reux et impatients<\/li>\n<li>Aide \u00e0 exprimer ses opinions id\u00e9es et d\u00e9sirs<\/li>\n<li>Associ\u00e9e au Yin en symbole de douceur, tol\u00e9rance, compassion<\/li>\n<li>Harmonise toutes les \u00e9nergies<\/li>\n<li>Aide \u00e0 concr\u00e9tiser des projets<\/li>\n<li>Limite les col\u00e8res, angoisses, frayeurs, culpabilit\u00e9s.<\/li>\n<\/ul>\n<ul>\n<li>Soutient foie, rate, v\u00e9sicule biliaire, surr\u00e9nales<\/li>\n<li>Agit sur le syst\u00e8me nerveux<\/li>\n<li>Facilite la souplesse des articulations et cartilages<\/li>\n<li>Peut apaiser migraines et douleurs de cou li\u00e9es au stress<\/li>\n<li>Aide \u00e0 l&rsquo;allaitement.<\/li>\n<\/ul>\n<p><strong>Fluorite :<\/strong><\/p>\n<ul>\n<li>Aide \u00e0 limiter les peurs, angoisses et blocages psychologiques<\/li>\n<li>Soutient la croissance osseuse et limite les troubles dentaires<\/li>\n<li>Stimule le syst\u00e8me veineux,\u00a0 agit sur hypertension et cholest\u00e9rol et syst\u00e8me immunitaire<\/li>\n<li>Am\u00e9liore le syst\u00e8me respiratoire, ORL et maux de gorge<\/li>\n<li>Favorise les capacit\u00e9s d&rsquo;\u00e9coute et d&rsquo;expression et l&rsquo;impartialit\u00e9<\/li>\n<li>Stimule concentration, logique, bon sens.<\/li>\n<\/ul>\n<p><strong><em>Agate blue lace <\/em><\/strong><\/p>\n<ul>\n<li>Apaise les situations de stress<\/li>\n<li>Favorise la communication et l&rsquo;expression pos\u00e9e des \u00e9motions (calme ceux qui parlent trop, ceux qui parlent sans r\u00e9fl\u00e9chir soutient ceux qui communiquent dans leur m\u00e9tier, favorise \u00e9coute patience)<\/li>\n<li>Favorise acceptation de soi et confiance, soulage des col\u00e8res et amertume en encourageant l&rsquo;amour.<\/li>\n<li>Calme les enfants hyperactifs parlant fort<\/li>\n<li>B\u00e9n\u00e9fique pour les troubles li\u00e9s \u00e0 la gorge<\/li>\n<li>Dissipe les anciens sch\u00e9mas bloqu\u00e9s, les peurs, jugements rejets pass\u00e9s.<\/li>\n<\/ul>\n<p>&nbsp;<\/p>\n","protected":false},"excerpt":{"rendered":"<p>Bracelet baroque compos\u00e9 de Larimar forme galet, Fluorite bleue perle ronde 6mm, Agate blue lace forme chips Convient \u00e0 un poignet de 17 \u00e0 18 cm LARIMAR Apaise et apporte de l&rsquo;optimisme et aide \u00e0 avoir un esprit positif avec une paix int\u00e9rieure Recommand\u00e9 aux col\u00e9reux et impatients Aide \u00e0 exprimer ses opinions id\u00e9es et [&hellip;]<\/p>\n","protected":false},"featured_media":2616,"comment_status":"open","ping_status":"closed","template":"","meta":{"site-sidebar-layout":"default","site-content-layout":"","ast-site-content-layout":"default","site-content-style":"default","site-sidebar-style":"default","ast-global-header-display":"","ast-banner-title-visibility":"","ast-main-header-display":"","ast-hfb-above-header-display":"","ast-hfb-below-header-display":"","ast-hfb-mobile-header-display":"","site-post-title":"","ast-breadcrumbs-content":"","ast-featured-img":"","footer-sml-layout":"","ast-disable-related-posts":"","theme-transparent-header-meta":"default","adv-header-id-meta":"","stick-header-meta":"","header-above-stick-meta":"","header-main-stick-meta":"","header-below-stick-meta":"","astra-migrate-meta-layouts":"set","ast-page-background-enabled":"default","ast-page-background-meta":{"desktop":{"background-color":"var(--ast-global-color-4)","background-image":"","background-repeat":"repeat","background-position":"center center","background-size":"auto","background-attachment":"scroll","background-type":"","background-media":"","overlay-type":"","overlay-color":"","overlay-opacity":"","overlay-gradient":""},"tablet":{"background-color":"","background-image":"","background-repeat":"repeat","background-position":"center center","background-size":"auto","background-attachment":"scroll","background-type":"","background-media":"","overlay-type":"","overlay-color":"","overlay-opacity":"","overlay-gradient":""},"mobile":{"background-color":"","background-image":"","background-repeat":"repeat","background-position":"center center","background-size":"auto","background-attachment":"scroll","background-type":"","background-media":"","overlay-type":"","overlay-color":"","overlay-opacity":"","overlay-gradient":""}},"ast-content-background-meta":{"desktop":{"background-color":"var(--ast-global-color-5)","background-image":"","background-repeat":"repeat","background-position":"center center","background-size":"auto","background-attachment":"scroll","background-type":"","background-media":"","overlay-type":"","overlay-color":"","overlay-opacity":"","overlay-gradient":""},"tablet":{"background-color":"var(--ast-global-color-5)","background-image":"","background-repeat":"repeat","background-position":"center center","background-size":"auto","background-attachment":"scroll","background-type":"","background-media":"","overlay-type":"","overlay-color":"","overlay-opacity":"","overlay-gradient":""},"mobile":{"background-color":"var(--ast-global-color-5)","background-image":"","background-repeat":"repeat","background-position":"center center","background-size":"auto","background-attachment":"scroll","background-type":"","background-media":"","overlay-type":"","overlay-color":"","overlay-opacity":"","overlay-gradient":""}},"_glsr_average":0,"_glsr_ranking":0,"_glsr_reviews":0},"product_brand":[],"product_cat":[105,72,107,56,290,85,116,190],"product_tag":[],"class_list":{"0":"post-2615","1":"product","2":"type-product","3":"status-publish","4":"has-post-thumbnail","6":"product_cat-agate-bleue","7":"product_cat-bleu","8":"product_cat-bracelets-baroques","9":"product_cat-bracelets-de-lithotherapie","10":"product_cat-bracelets-de-lithotherapie-femmes","11":"product_cat-fluorite","12":"product_cat-larimar","13":"product_cat-turquoise","14":"desktop-align-left","15":"tablet-align-left","16":"mobile-align-left","18":"first","19":"instock","20":"purchasable","21":"product-type-simple"},"yoast_head":"<!-- This site is optimized with the Yoast SEO plugin v27.5 - https:\/\/yoast.com\/product\/yoast-seo-wordpress\/ -->\n<title>Bracelet baroque Larimar Fluorite et Agate - Au fil des pierres<\/title>\n<meta name=\"robots\" content=\"index, follow, max-snippet:-1, max-image-preview:large, max-video-preview:-1\" \/>\n<link rel=\"canonical\" href=\"https:\/\/aufildespierres.com\/index.php\/product\/bracelet-baroque-larimar-fluorite-et-agate\/\" \/>\n<meta property=\"og:locale\" content=\"fr_FR\" \/>\n<meta property=\"og:type\" content=\"article\" \/>\n<meta property=\"og:title\" content=\"Bracelet baroque Larimar Fluorite et Agate - Au fil des pierres\" \/>\n<meta property=\"og:description\" content=\"Bracelet baroque compos\u00e9 de Larimar forme galet, Fluorite bleue perle ronde 6mm, Agate blue lace forme chips Convient \u00e0 un poignet de 17 \u00e0 18 cm LARIMAR Apaise et apporte de l&rsquo;optimisme et aide \u00e0 avoir un esprit positif avec une paix int\u00e9rieure Recommand\u00e9 aux col\u00e9reux et impatients Aide \u00e0 exprimer ses opinions id\u00e9es et [&hellip;]\" \/>\n<meta property=\"og:url\" content=\"https:\/\/aufildespierres.com\/index.php\/product\/bracelet-baroque-larimar-fluorite-et-agate\/\" \/>\n<meta property=\"og:site_name\" content=\"Au fil des pierres\" \/>\n<meta property=\"article:modified_time\" content=\"2025-09-08T18:51:23+00:00\" \/>\n<meta property=\"og:image\" content=\"https:\/\/aufildespierres.com\/wp-content\/uploads\/2024\/07\/20240712_073345-scaled.jpg\" \/>\n\t<meta property=\"og:image:width\" content=\"1920\" \/>\n\t<meta property=\"og:image:height\" content=\"2560\" \/>\n\t<meta property=\"og:image:type\" content=\"image\/jpeg\" \/>\n<meta name=\"twitter:card\" content=\"summary_large_image\" \/>\n<meta name=\"twitter:label1\" content=\"Dur\u00e9e de lecture estim\u00e9e\" \/>\n\t<meta name=\"twitter:data1\" content=\"2 minutes\" \/>\n<script type=\"application\/ld+json\" class=\"yoast-schema-graph\">{\"@context\":\"https:\\\/\\\/schema.org\",\"@graph\":[{\"@type\":\"WebPage\",\"@id\":\"https:\\\/\\\/aufildespierres.com\\\/index.php\\\/product\\\/bracelet-baroque-larimar-fluorite-et-agate\\\/\",\"url\":\"https:\\\/\\\/aufildespierres.com\\\/index.php\\\/product\\\/bracelet-baroque-larimar-fluorite-et-agate\\\/\",\"name\":\"Bracelet baroque Larimar Fluorite et Agate - Au fil des pierres\",\"isPartOf\":{\"@id\":\"https:\\\/\\\/aufildespierres.com\\\/#website\"},\"primaryImageOfPage\":{\"@id\":\"https:\\\/\\\/aufildespierres.com\\\/index.php\\\/product\\\/bracelet-baroque-larimar-fluorite-et-agate\\\/#primaryimage\"},\"image\":{\"@id\":\"https:\\\/\\\/aufildespierres.com\\\/index.php\\\/product\\\/bracelet-baroque-larimar-fluorite-et-agate\\\/#primaryimage\"},\"thumbnailUrl\":\"https:\\\/\\\/aufildespierres.com\\\/wp-content\\\/uploads\\\/2024\\\/07\\\/20240712_073345-scaled.jpg\",\"datePublished\":\"2024-07-12T08:22:46+00:00\",\"dateModified\":\"2025-09-08T18:51:23+00:00\",\"breadcrumb\":{\"@id\":\"https:\\\/\\\/aufildespierres.com\\\/index.php\\\/product\\\/bracelet-baroque-larimar-fluorite-et-agate\\\/#breadcrumb\"},\"inLanguage\":\"fr-FR\",\"potentialAction\":[{\"@type\":\"ReadAction\",\"target\":[\"https:\\\/\\\/aufildespierres.com\\\/index.php\\\/product\\\/bracelet-baroque-larimar-fluorite-et-agate\\\/\"]}]},{\"@type\":\"ImageObject\",\"inLanguage\":\"fr-FR\",\"@id\":\"https:\\\/\\\/aufildespierres.com\\\/index.php\\\/product\\\/bracelet-baroque-larimar-fluorite-et-agate\\\/#primaryimage\",\"url\":\"https:\\\/\\\/aufildespierres.com\\\/wp-content\\\/uploads\\\/2024\\\/07\\\/20240712_073345-scaled.jpg\",\"contentUrl\":\"https:\\\/\\\/aufildespierres.com\\\/wp-content\\\/uploads\\\/2024\\\/07\\\/20240712_073345-scaled.jpg\",\"width\":1920,\"height\":2560},{\"@type\":\"BreadcrumbList\",\"@id\":\"https:\\\/\\\/aufildespierres.com\\\/index.php\\\/product\\\/bracelet-baroque-larimar-fluorite-et-agate\\\/#breadcrumb\",\"itemListElement\":[{\"@type\":\"ListItem\",\"position\":1,\"name\":\"Accueil\",\"item\":\"https:\\\/\\\/aufildespierres.com\\\/\"},{\"@type\":\"ListItem\",\"position\":2,\"name\":\"Boutique de Lithoth\u00e9rapie\",\"item\":\"https:\\\/\\\/aufildespierres.com\\\/index.php\\\/boutique-de-lithotherapie\\\/\"},{\"@type\":\"ListItem\",\"position\":3,\"name\":\"Bracelet baroque Larimar Fluorite et Agate\"}]},{\"@type\":\"WebSite\",\"@id\":\"https:\\\/\\\/aufildespierres.com\\\/#website\",\"url\":\"https:\\\/\\\/aufildespierres.com\\\/\",\"name\":\"Au fil des pierres\",\"description\":\"Au fil des pierres\",\"publisher\":{\"@id\":\"https:\\\/\\\/aufildespierres.com\\\/#organization\"},\"potentialAction\":[{\"@type\":\"SearchAction\",\"target\":{\"@type\":\"EntryPoint\",\"urlTemplate\":\"https:\\\/\\\/aufildespierres.com\\\/?s={search_term_string}\"},\"query-input\":{\"@type\":\"PropertyValueSpecification\",\"valueRequired\":true,\"valueName\":\"search_term_string\"}}],\"inLanguage\":\"fr-FR\"},{\"@type\":\"Organization\",\"@id\":\"https:\\\/\\\/aufildespierres.com\\\/#organization\",\"name\":\"Au fil des pierres\",\"url\":\"https:\\\/\\\/aufildespierres.com\\\/\",\"logo\":{\"@type\":\"ImageObject\",\"inLanguage\":\"fr-FR\",\"@id\":\"https:\\\/\\\/aufildespierres.com\\\/#\\\/schema\\\/logo\\\/image\\\/\",\"url\":\"https:\\\/\\\/aufildespierres.com\\\/wp-content\\\/uploads\\\/2023\\\/05\\\/cropped-Logo-PNG-Transparent.png\",\"contentUrl\":\"https:\\\/\\\/aufildespierres.com\\\/wp-content\\\/uploads\\\/2023\\\/05\\\/cropped-Logo-PNG-Transparent.png\",\"width\":1776,\"height\":1625,\"caption\":\"Au fil des pierres\"},\"image\":{\"@id\":\"https:\\\/\\\/aufildespierres.com\\\/#\\\/schema\\\/logo\\\/image\\\/\"}}]}<\/script>\n<!-- \/ Yoast SEO plugin. -->","yoast_head_json":{"title":"Bracelet baroque Larimar Fluorite et Agate - Au fil des pierres","robots":{"index":"index","follow":"follow","max-snippet":"max-snippet:-1","max-image-preview":"max-image-preview:large","max-video-preview":"max-video-preview:-1"},"canonical":"https:\/\/aufildespierres.com\/index.php\/product\/bracelet-baroque-larimar-fluorite-et-agate\/","og_locale":"fr_FR","og_type":"article","og_title":"Bracelet baroque Larimar Fluorite et Agate - Au fil des pierres","og_description":"Bracelet baroque compos\u00e9 de Larimar forme galet, Fluorite bleue perle ronde 6mm, Agate blue lace forme chips Convient \u00e0 un poignet de 17 \u00e0 18 cm LARIMAR Apaise et apporte de l&rsquo;optimisme et aide \u00e0 avoir un esprit positif avec une paix int\u00e9rieure Recommand\u00e9 aux col\u00e9reux et impatients Aide \u00e0 exprimer ses opinions id\u00e9es et [&hellip;]","og_url":"https:\/\/aufildespierres.com\/index.php\/product\/bracelet-baroque-larimar-fluorite-et-agate\/","og_site_name":"Au fil des pierres","article_modified_time":"2025-09-08T18:51:23+00:00","og_image":[{"width":1920,"height":2560,"url":"https:\/\/aufildespierres.com\/wp-content\/uploads\/2024\/07\/20240712_073345-scaled.jpg","type":"image\/jpeg"}],"twitter_card":"summary_large_image","twitter_misc":{"Dur\u00e9e de lecture estim\u00e9e":"2 minutes"},"schema":{"@context":"https:\/\/schema.org","@graph":[{"@type":"WebPage","@id":"https:\/\/aufildespierres.com\/index.php\/product\/bracelet-baroque-larimar-fluorite-et-agate\/","url":"https:\/\/aufildespierres.com\/index.php\/product\/bracelet-baroque-larimar-fluorite-et-agate\/","name":"Bracelet baroque Larimar Fluorite et Agate - Au fil des pierres","isPartOf":{"@id":"https:\/\/aufildespierres.com\/#website"},"primaryImageOfPage":{"@id":"https:\/\/aufildespierres.com\/index.php\/product\/bracelet-baroque-larimar-fluorite-et-agate\/#primaryimage"},"image":{"@id":"https:\/\/aufildespierres.com\/index.php\/product\/bracelet-baroque-larimar-fluorite-et-agate\/#primaryimage"},"thumbnailUrl":"https:\/\/aufildespierres.com\/wp-content\/uploads\/2024\/07\/20240712_073345-scaled.jpg","datePublished":"2024-07-12T08:22:46+00:00","dateModified":"2025-09-08T18:51:23+00:00","breadcrumb":{"@id":"https:\/\/aufildespierres.com\/index.php\/product\/bracelet-baroque-larimar-fluorite-et-agate\/#breadcrumb"},"inLanguage":"fr-FR","potentialAction":[{"@type":"ReadAction","target":["https:\/\/aufildespierres.com\/index.php\/product\/bracelet-baroque-larimar-fluorite-et-agate\/"]}]},{"@type":"ImageObject","inLanguage":"fr-FR","@id":"https:\/\/aufildespierres.com\/index.php\/product\/bracelet-baroque-larimar-fluorite-et-agate\/#primaryimage","url":"https:\/\/aufildespierres.com\/wp-content\/uploads\/2024\/07\/20240712_073345-scaled.jpg","contentUrl":"https:\/\/aufildespierres.com\/wp-content\/uploads\/2024\/07\/20240712_073345-scaled.jpg","width":1920,"height":2560},{"@type":"BreadcrumbList","@id":"https:\/\/aufildespierres.com\/index.php\/product\/bracelet-baroque-larimar-fluorite-et-agate\/#breadcrumb","itemListElement":[{"@type":"ListItem","position":1,"name":"Accueil","item":"https:\/\/aufildespierres.com\/"},{"@type":"ListItem","position":2,"name":"Boutique de Lithoth\u00e9rapie","item":"https:\/\/aufildespierres.com\/index.php\/boutique-de-lithotherapie\/"},{"@type":"ListItem","position":3,"name":"Bracelet baroque Larimar Fluorite et Agate"}]},{"@type":"WebSite","@id":"https:\/\/aufildespierres.com\/#website","url":"https:\/\/aufildespierres.com\/","name":"Au fil des pierres","description":"Au fil des pierres","publisher":{"@id":"https:\/\/aufildespierres.com\/#organization"},"potentialAction":[{"@type":"SearchAction","target":{"@type":"EntryPoint","urlTemplate":"https:\/\/aufildespierres.com\/?s={search_term_string}"},"query-input":{"@type":"PropertyValueSpecification","valueRequired":true,"valueName":"search_term_string"}}],"inLanguage":"fr-FR"},{"@type":"Organization","@id":"https:\/\/aufildespierres.com\/#organization","name":"Au fil des pierres","url":"https:\/\/aufildespierres.com\/","logo":{"@type":"ImageObject","inLanguage":"fr-FR","@id":"https:\/\/aufildespierres.com\/#\/schema\/logo\/image\/","url":"https:\/\/aufildespierres.com\/wp-content\/uploads\/2023\/05\/cropped-Logo-PNG-Transparent.png","contentUrl":"https:\/\/aufildespierres.com\/wp-content\/uploads\/2023\/05\/cropped-Logo-PNG-Transparent.png","width":1776,"height":1625,"caption":"Au fil des pierres"},"image":{"@id":"https:\/\/aufildespierres.com\/#\/schema\/logo\/image\/"}}]}},"_links":{"self":[{"href":"https:\/\/aufildespierres.com\/index.php\/wp-json\/wp\/v2\/product\/2615","targetHints":{"allow":["GET"]}}],"collection":[{"href":"https:\/\/aufildespierres.com\/index.php\/wp-json\/wp\/v2\/product"}],"about":[{"href":"https:\/\/aufildespierres.com\/index.php\/wp-json\/wp\/v2\/types\/product"}],"replies":[{"embeddable":true,"href":"https:\/\/aufildespierres.com\/index.php\/wp-json\/wp\/v2\/comments?post=2615"}],"wp:featuredmedia":[{"embeddable":true,"href":"https:\/\/aufildespierres.com\/index.php\/wp-json\/wp\/v2\/media\/2616"}],"wp:attachment":[{"href":"https:\/\/aufildespierres.com\/index.php\/wp-json\/wp\/v2\/media?parent=2615"}],"wp:term":[{"taxonomy":"product_brand","embeddable":true,"href":"https:\/\/aufildespierres.com\/index.php\/wp-json\/wp\/v2\/product_brand?post=2615"},{"taxonomy":"product_cat","embeddable":true,"href":"https:\/\/aufildespierres.com\/index.php\/wp-json\/wp\/v2\/product_cat?post=2615"},{"taxonomy":"product_tag","embeddable":true,"href":"https:\/\/aufildespierres.com\/index.php\/wp-json\/wp\/v2\/product_tag?post=2615"}],"curies":[{"name":"wp","href":"https:\/\/api.w.org\/{rel}","templated":true}]}}