{"id":2620,"date":"2024-07-12T18:45:11","date_gmt":"2024-07-12T16:45:11","guid":{"rendered":"https:\/\/aufildespierres.com\/?post_type=product&#038;p=2620"},"modified":"2026-04-23T21:09:03","modified_gmt":"2026-04-23T19:09:03","slug":"pointe-en-jaspe-zebre","status":"publish","type":"product","link":"https:\/\/aufildespierres.com\/index.php\/product\/pointe-en-jaspe-zebre\/","title":{"rendered":"Pointe Jaspe z\u00e8bre"},"content":{"rendered":"<p data-start=\"93\" data-end=\"159\"><strong data-start=\"93\" data-end=\"159\">Pointe Jaspe Z\u00e8bre \u2013 hauteur 9,5 cm \u2013 base 2,5 cm \u2013 poids 89 g<\/strong><\/p>\n<p data-start=\"161\" data-end=\"511\">Cette pointe Jaspe Z\u00e8bre diffuse une \u00e9nergie d\u2019\u00e9quilibre et de stabilit\u00e9, id\u00e9ale pour renforcer l\u2019ancrage et stimuler la motivation. Gr\u00e2ce \u00e0 sa forme en pointe, elle canalise l\u2019\u00e9nergie et la dirige efficacement. Ainsi, si cette pierre vous attire, cela indique souvent un besoin de structuration int\u00e9rieure, de courage et d\u2019alignement dans vos choix.<\/p>\n<p data-start=\"513\" data-end=\"852\">Le jaspe z\u00e8bre se distingue par ses bandes naturelles aux teintes vari\u00e9es, allant du blanc au noir, en passant par le marron, le rose ou le vert. Cette dualit\u00e9 de couleurs symbolise l\u2019\u00e9quilibre entre le Yin et le Yang. Par cons\u00e9quent, il agit directement sur le chakra racine et le chakra sacr\u00e9, favorisant \u00e0 la fois ancrage et cr\u00e9ativit\u00e9.<\/p>\n<p data-start=\"854\" data-end=\"1142\">Sur le plan psychologique, le jaspe z\u00e8bre stimule l\u2019imagination et renforce la cr\u00e9ativit\u00e9. Il apporte \u00e9galement une sensation de s\u00e9curit\u00e9 et de protection. De plus, il augmente la d\u00e9termination, la motivation et la concentration, ce qui vous aide \u00e0 atteindre vos objectifs avec constance.<\/p>\n<p data-start=\"1144\" data-end=\"1381\">Ensuite, cette pierre favorise l\u2019introspection et encourage une honn\u00eatet\u00e9 sinc\u00e8re envers soi-m\u00eame. Elle vous aide \u00e0 suivre votre c\u0153ur sans d\u00e9pendre du regard des autres. Ainsi, elle d\u00e9veloppe l\u2019assurance et le courage dans vos d\u00e9cisions.<\/p>\n<p data-start=\"1383\" data-end=\"1715\">Par ailleurs, le jaspe z\u00e8bre am\u00e9liore les relations humaines. Il favorise la g\u00e9n\u00e9rosit\u00e9, la compr\u00e9hension et une attitude plus calme et bienveillante. Il incite \u00e9galement les personnes tr\u00e8s bavardes ou impulsives \u00e0 adopter plus de retenue et de discr\u00e9tion. En compl\u00e9ment, il d\u00e9veloppe la compassion et soutient les \u00e9lans altruistes.<\/p>\n<p data-start=\"1717\" data-end=\"1935\">Sur le plan physique, le jaspe z\u00e8bre revitalise le corps et accompagne les phases de r\u00e9cup\u00e9ration apr\u00e8s une blessure ou une op\u00e9ration. Il r\u00e9duit la fatigue nerveuse et physique tout en harmonisant le corps et l\u2019esprit.<\/p>\n<p data-start=\"1937\" data-end=\"2243\">De plus, il soutient le squelette, les os et les dents. Il peut \u00e9galement soulager certains troubles respiratoires comme les bronchites. Il agit sur plusieurs syst\u00e8mes du corps, notamment le syst\u00e8me lymphatique, les reins, la vessie, le syst\u00e8me endocrinien, le foie, le pancr\u00e9as et la circulation sanguine.<\/p>\n<p data-start=\"2245\" data-end=\"2428\">Enfin, cette pierre aide \u00e0 limiter les addictions et les comportements alimentaires d\u00e9s\u00e9quilibr\u00e9s. Elle favorise l\u2019\u00e9limination des toxines et contribue \u00e0 un meilleur \u00e9quilibre global.<\/p>\n<p data-start=\"2430\" data-end=\"2767\"><strong data-start=\"2430\" data-end=\"2471\">Comment l\u2019utiliser en lithoth\u00e9rapie :<\/strong><br data-start=\"2471\" data-end=\"2474\" \/>Placez la pointe Jaspe Z\u00e8bre dans votre espace de vie ou utilisez-la lors de vos moments de recentrage. Ensuite, respirez profond\u00e9ment et posez une intention claire. Enfin, utilisez-la r\u00e9guli\u00e8rement afin de stabiliser ses effets dans le temps, car la lithoth\u00e9rapie agit de mani\u00e8re progressive.<\/p>\n","protected":false},"excerpt":{"rendered":"<p>Pointe Jaspe Z\u00e8bre \u2013 hauteur 9,5 cm \u2013 base 2,5 cm \u2013 poids 89 g Cette pointe Jaspe Z\u00e8bre diffuse une \u00e9nergie d\u2019\u00e9quilibre et de stabilit\u00e9, id\u00e9ale pour renforcer l\u2019ancrage et stimuler la motivation. Gr\u00e2ce \u00e0 sa forme en pointe, elle canalise l\u2019\u00e9nergie et la dirige efficacement. Ainsi, si cette pierre vous attire, cela indique [&hellip;]<\/p>\n","protected":false},"featured_media":2621,"comment_status":"open","ping_status":"closed","template":"","meta":{"site-sidebar-layout":"default","site-content-layout":"","ast-site-content-layout":"default","site-content-style":"default","site-sidebar-style":"default","ast-global-header-display":"","ast-banner-title-visibility":"","ast-main-header-display":"","ast-hfb-above-header-display":"","ast-hfb-below-header-display":"","ast-hfb-mobile-header-display":"","site-post-title":"","ast-breadcrumbs-content":"","ast-featured-img":"","footer-sml-layout":"","ast-disable-related-posts":"","theme-transparent-header-meta":"default","adv-header-id-meta":"","stick-header-meta":"","header-above-stick-meta":"","header-main-stick-meta":"","header-below-stick-meta":"","astra-migrate-meta-layouts":"set","ast-page-background-enabled":"default","ast-page-background-meta":{"desktop":{"background-color":"var(--ast-global-color-4)","background-image":"","background-repeat":"repeat","background-position":"center center","background-size":"auto","background-attachment":"scroll","background-type":"","background-media":"","overlay-type":"","overlay-color":"","overlay-opacity":"","overlay-gradient":""},"tablet":{"background-color":"","background-image":"","background-repeat":"repeat","background-position":"center center","background-size":"auto","background-attachment":"scroll","background-type":"","background-media":"","overlay-type":"","overlay-color":"","overlay-opacity":"","overlay-gradient":""},"mobile":{"background-color":"","background-image":"","background-repeat":"repeat","background-position":"center center","background-size":"auto","background-attachment":"scroll","background-type":"","background-media":"","overlay-type":"","overlay-color":"","overlay-opacity":"","overlay-gradient":""}},"ast-content-background-meta":{"desktop":{"background-color":"var(--ast-global-color-5)","background-image":"","background-repeat":"repeat","background-position":"center center","background-size":"auto","background-attachment":"scroll","background-type":"","background-media":"","overlay-type":"","overlay-color":"","overlay-opacity":"","overlay-gradient":""},"tablet":{"background-color":"var(--ast-global-color-5)","background-image":"","background-repeat":"repeat","background-position":"center center","background-size":"auto","background-attachment":"scroll","background-type":"","background-media":"","overlay-type":"","overlay-color":"","overlay-opacity":"","overlay-gradient":""},"mobile":{"background-color":"var(--ast-global-color-5)","background-image":"","background-repeat":"repeat","background-position":"center center","background-size":"auto","background-attachment":"scroll","background-type":"","background-media":"","overlay-type":"","overlay-color":"","overlay-opacity":"","overlay-gradient":""}},"_glsr_average":0,"_glsr_ranking":0,"_glsr_reviews":0},"product_brand":[],"product_cat":[67,265,66,32,199],"product_tag":[],"class_list":{"0":"post-2620","1":"product","2":"type-product","3":"status-publish","4":"has-post-thumbnail","6":"product_cat-blanc","7":"product_cat-jaspe-zebre","8":"product_cat-noir","9":"product_cat-pierres-polies","10":"product_cat-pointes","11":"desktop-align-left","12":"tablet-align-left","13":"mobile-align-left","15":"first","16":"instock","17":"purchasable","18":"product-type-simple"},"yoast_head":"<!-- This site is optimized with the Yoast SEO plugin v27.5 - https:\/\/yoast.com\/product\/yoast-seo-wordpress\/ -->\n<title>Pointe Jaspe z\u00e8bre - Au fil des pierres<\/title>\n<meta name=\"description\" content=\"Pointe Jaspe Z\u00e8bre 9,5 cm : pierre d\u2019ancrage et \u00e9quilibre Yin Yang. Stimule motivation, cr\u00e9ativit\u00e9 et aide \u00e0 g\u00e9rer \u00e9motions et \u00e9nergie au quotidien.\" \/>\n<meta name=\"robots\" content=\"index, follow, max-snippet:-1, max-image-preview:large, max-video-preview:-1\" \/>\n<link rel=\"canonical\" href=\"https:\/\/aufildespierres.com\/index.php\/product\/pointe-en-jaspe-zebre\/\" \/>\n<meta property=\"og:locale\" content=\"fr_FR\" \/>\n<meta property=\"og:type\" content=\"article\" \/>\n<meta property=\"og:title\" content=\"Pointe Jaspe z\u00e8bre - Au fil des pierres\" \/>\n<meta property=\"og:description\" content=\"Pointe Jaspe Z\u00e8bre 9,5 cm : pierre d\u2019ancrage et \u00e9quilibre Yin Yang. Stimule motivation, cr\u00e9ativit\u00e9 et aide \u00e0 g\u00e9rer \u00e9motions et \u00e9nergie au quotidien.\" \/>\n<meta property=\"og:url\" content=\"https:\/\/aufildespierres.com\/index.php\/product\/pointe-en-jaspe-zebre\/\" \/>\n<meta property=\"og:site_name\" content=\"Au fil des pierres\" \/>\n<meta property=\"article:modified_time\" content=\"2026-04-23T19:09:03+00:00\" \/>\n<meta property=\"og:image\" content=\"https:\/\/aufildespierres.com\/wp-content\/uploads\/2024\/07\/20240712_124859-scaled.jpg\" \/>\n\t<meta property=\"og:image:width\" content=\"1920\" \/>\n\t<meta property=\"og:image:height\" content=\"2560\" \/>\n\t<meta property=\"og:image:type\" content=\"image\/jpeg\" \/>\n<meta name=\"twitter:card\" content=\"summary_large_image\" \/>\n<meta name=\"twitter:label1\" content=\"Dur\u00e9e de lecture estim\u00e9e\" \/>\n\t<meta name=\"twitter:data1\" content=\"3 minutes\" \/>\n<script type=\"application\/ld+json\" class=\"yoast-schema-graph\">{\"@context\":\"https:\\\/\\\/schema.org\",\"@graph\":[{\"@type\":\"WebPage\",\"@id\":\"https:\\\/\\\/aufildespierres.com\\\/index.php\\\/product\\\/pointe-en-jaspe-zebre\\\/\",\"url\":\"https:\\\/\\\/aufildespierres.com\\\/index.php\\\/product\\\/pointe-en-jaspe-zebre\\\/\",\"name\":\"Pointe Jaspe z\u00e8bre - Au fil des pierres\",\"isPartOf\":{\"@id\":\"https:\\\/\\\/aufildespierres.com\\\/#website\"},\"primaryImageOfPage\":{\"@id\":\"https:\\\/\\\/aufildespierres.com\\\/index.php\\\/product\\\/pointe-en-jaspe-zebre\\\/#primaryimage\"},\"image\":{\"@id\":\"https:\\\/\\\/aufildespierres.com\\\/index.php\\\/product\\\/pointe-en-jaspe-zebre\\\/#primaryimage\"},\"thumbnailUrl\":\"https:\\\/\\\/aufildespierres.com\\\/wp-content\\\/uploads\\\/2024\\\/07\\\/20240712_124859-scaled.jpg\",\"datePublished\":\"2024-07-12T16:45:11+00:00\",\"dateModified\":\"2026-04-23T19:09:03+00:00\",\"description\":\"Pointe Jaspe Z\u00e8bre 9,5 cm : pierre d\u2019ancrage et \u00e9quilibre Yin Yang. Stimule motivation, cr\u00e9ativit\u00e9 et aide \u00e0 g\u00e9rer \u00e9motions et \u00e9nergie au quotidien.\",\"breadcrumb\":{\"@id\":\"https:\\\/\\\/aufildespierres.com\\\/index.php\\\/product\\\/pointe-en-jaspe-zebre\\\/#breadcrumb\"},\"inLanguage\":\"fr-FR\",\"potentialAction\":[{\"@type\":\"ReadAction\",\"target\":[\"https:\\\/\\\/aufildespierres.com\\\/index.php\\\/product\\\/pointe-en-jaspe-zebre\\\/\"]}]},{\"@type\":\"ImageObject\",\"inLanguage\":\"fr-FR\",\"@id\":\"https:\\\/\\\/aufildespierres.com\\\/index.php\\\/product\\\/pointe-en-jaspe-zebre\\\/#primaryimage\",\"url\":\"https:\\\/\\\/aufildespierres.com\\\/wp-content\\\/uploads\\\/2024\\\/07\\\/20240712_124859-scaled.jpg\",\"contentUrl\":\"https:\\\/\\\/aufildespierres.com\\\/wp-content\\\/uploads\\\/2024\\\/07\\\/20240712_124859-scaled.jpg\",\"width\":1920,\"height\":2560},{\"@type\":\"BreadcrumbList\",\"@id\":\"https:\\\/\\\/aufildespierres.com\\\/index.php\\\/product\\\/pointe-en-jaspe-zebre\\\/#breadcrumb\",\"itemListElement\":[{\"@type\":\"ListItem\",\"position\":1,\"name\":\"Accueil\",\"item\":\"https:\\\/\\\/aufildespierres.com\\\/\"},{\"@type\":\"ListItem\",\"position\":2,\"name\":\"Boutique de Lithoth\u00e9rapie\",\"item\":\"https:\\\/\\\/aufildespierres.com\\\/index.php\\\/boutique-de-lithotherapie\\\/\"},{\"@type\":\"ListItem\",\"position\":3,\"name\":\"Pointe Jaspe z\u00e8bre\"}]},{\"@type\":\"WebSite\",\"@id\":\"https:\\\/\\\/aufildespierres.com\\\/#website\",\"url\":\"https:\\\/\\\/aufildespierres.com\\\/\",\"name\":\"Au fil des pierres\",\"description\":\"Au fil des pierres\",\"publisher\":{\"@id\":\"https:\\\/\\\/aufildespierres.com\\\/#organization\"},\"potentialAction\":[{\"@type\":\"SearchAction\",\"target\":{\"@type\":\"EntryPoint\",\"urlTemplate\":\"https:\\\/\\\/aufildespierres.com\\\/?s={search_term_string}\"},\"query-input\":{\"@type\":\"PropertyValueSpecification\",\"valueRequired\":true,\"valueName\":\"search_term_string\"}}],\"inLanguage\":\"fr-FR\"},{\"@type\":\"Organization\",\"@id\":\"https:\\\/\\\/aufildespierres.com\\\/#organization\",\"name\":\"Au fil des pierres\",\"url\":\"https:\\\/\\\/aufildespierres.com\\\/\",\"logo\":{\"@type\":\"ImageObject\",\"inLanguage\":\"fr-FR\",\"@id\":\"https:\\\/\\\/aufildespierres.com\\\/#\\\/schema\\\/logo\\\/image\\\/\",\"url\":\"https:\\\/\\\/aufildespierres.com\\\/wp-content\\\/uploads\\\/2023\\\/05\\\/cropped-Logo-PNG-Transparent.png\",\"contentUrl\":\"https:\\\/\\\/aufildespierres.com\\\/wp-content\\\/uploads\\\/2023\\\/05\\\/cropped-Logo-PNG-Transparent.png\",\"width\":1776,\"height\":1625,\"caption\":\"Au fil des pierres\"},\"image\":{\"@id\":\"https:\\\/\\\/aufildespierres.com\\\/#\\\/schema\\\/logo\\\/image\\\/\"}}]}<\/script>\n<!-- \/ Yoast SEO plugin. -->","yoast_head_json":{"title":"Pointe Jaspe z\u00e8bre - Au fil des pierres","description":"Pointe Jaspe Z\u00e8bre 9,5 cm : pierre d\u2019ancrage et \u00e9quilibre Yin Yang. Stimule motivation, cr\u00e9ativit\u00e9 et aide \u00e0 g\u00e9rer \u00e9motions et \u00e9nergie au quotidien.","robots":{"index":"index","follow":"follow","max-snippet":"max-snippet:-1","max-image-preview":"max-image-preview:large","max-video-preview":"max-video-preview:-1"},"canonical":"https:\/\/aufildespierres.com\/index.php\/product\/pointe-en-jaspe-zebre\/","og_locale":"fr_FR","og_type":"article","og_title":"Pointe Jaspe z\u00e8bre - Au fil des pierres","og_description":"Pointe Jaspe Z\u00e8bre 9,5 cm : pierre d\u2019ancrage et \u00e9quilibre Yin Yang. Stimule motivation, cr\u00e9ativit\u00e9 et aide \u00e0 g\u00e9rer \u00e9motions et \u00e9nergie au quotidien.","og_url":"https:\/\/aufildespierres.com\/index.php\/product\/pointe-en-jaspe-zebre\/","og_site_name":"Au fil des pierres","article_modified_time":"2026-04-23T19:09:03+00:00","og_image":[{"width":1920,"height":2560,"url":"https:\/\/aufildespierres.com\/wp-content\/uploads\/2024\/07\/20240712_124859-scaled.jpg","type":"image\/jpeg"}],"twitter_card":"summary_large_image","twitter_misc":{"Dur\u00e9e de lecture estim\u00e9e":"3 minutes"},"schema":{"@context":"https:\/\/schema.org","@graph":[{"@type":"WebPage","@id":"https:\/\/aufildespierres.com\/index.php\/product\/pointe-en-jaspe-zebre\/","url":"https:\/\/aufildespierres.com\/index.php\/product\/pointe-en-jaspe-zebre\/","name":"Pointe Jaspe z\u00e8bre - Au fil des pierres","isPartOf":{"@id":"https:\/\/aufildespierres.com\/#website"},"primaryImageOfPage":{"@id":"https:\/\/aufildespierres.com\/index.php\/product\/pointe-en-jaspe-zebre\/#primaryimage"},"image":{"@id":"https:\/\/aufildespierres.com\/index.php\/product\/pointe-en-jaspe-zebre\/#primaryimage"},"thumbnailUrl":"https:\/\/aufildespierres.com\/wp-content\/uploads\/2024\/07\/20240712_124859-scaled.jpg","datePublished":"2024-07-12T16:45:11+00:00","dateModified":"2026-04-23T19:09:03+00:00","description":"Pointe Jaspe Z\u00e8bre 9,5 cm : pierre d\u2019ancrage et \u00e9quilibre Yin Yang. Stimule motivation, cr\u00e9ativit\u00e9 et aide \u00e0 g\u00e9rer \u00e9motions et \u00e9nergie au quotidien.","breadcrumb":{"@id":"https:\/\/aufildespierres.com\/index.php\/product\/pointe-en-jaspe-zebre\/#breadcrumb"},"inLanguage":"fr-FR","potentialAction":[{"@type":"ReadAction","target":["https:\/\/aufildespierres.com\/index.php\/product\/pointe-en-jaspe-zebre\/"]}]},{"@type":"ImageObject","inLanguage":"fr-FR","@id":"https:\/\/aufildespierres.com\/index.php\/product\/pointe-en-jaspe-zebre\/#primaryimage","url":"https:\/\/aufildespierres.com\/wp-content\/uploads\/2024\/07\/20240712_124859-scaled.jpg","contentUrl":"https:\/\/aufildespierres.com\/wp-content\/uploads\/2024\/07\/20240712_124859-scaled.jpg","width":1920,"height":2560},{"@type":"BreadcrumbList","@id":"https:\/\/aufildespierres.com\/index.php\/product\/pointe-en-jaspe-zebre\/#breadcrumb","itemListElement":[{"@type":"ListItem","position":1,"name":"Accueil","item":"https:\/\/aufildespierres.com\/"},{"@type":"ListItem","position":2,"name":"Boutique de Lithoth\u00e9rapie","item":"https:\/\/aufildespierres.com\/index.php\/boutique-de-lithotherapie\/"},{"@type":"ListItem","position":3,"name":"Pointe Jaspe z\u00e8bre"}]},{"@type":"WebSite","@id":"https:\/\/aufildespierres.com\/#website","url":"https:\/\/aufildespierres.com\/","name":"Au fil des pierres","description":"Au fil des pierres","publisher":{"@id":"https:\/\/aufildespierres.com\/#organization"},"potentialAction":[{"@type":"SearchAction","target":{"@type":"EntryPoint","urlTemplate":"https:\/\/aufildespierres.com\/?s={search_term_string}"},"query-input":{"@type":"PropertyValueSpecification","valueRequired":true,"valueName":"search_term_string"}}],"inLanguage":"fr-FR"},{"@type":"Organization","@id":"https:\/\/aufildespierres.com\/#organization","name":"Au fil des pierres","url":"https:\/\/aufildespierres.com\/","logo":{"@type":"ImageObject","inLanguage":"fr-FR","@id":"https:\/\/aufildespierres.com\/#\/schema\/logo\/image\/","url":"https:\/\/aufildespierres.com\/wp-content\/uploads\/2023\/05\/cropped-Logo-PNG-Transparent.png","contentUrl":"https:\/\/aufildespierres.com\/wp-content\/uploads\/2023\/05\/cropped-Logo-PNG-Transparent.png","width":1776,"height":1625,"caption":"Au fil des pierres"},"image":{"@id":"https:\/\/aufildespierres.com\/#\/schema\/logo\/image\/"}}]}},"_links":{"self":[{"href":"https:\/\/aufildespierres.com\/index.php\/wp-json\/wp\/v2\/product\/2620","targetHints":{"allow":["GET"]}}],"collection":[{"href":"https:\/\/aufildespierres.com\/index.php\/wp-json\/wp\/v2\/product"}],"about":[{"href":"https:\/\/aufildespierres.com\/index.php\/wp-json\/wp\/v2\/types\/product"}],"replies":[{"embeddable":true,"href":"https:\/\/aufildespierres.com\/index.php\/wp-json\/wp\/v2\/comments?post=2620"}],"wp:featuredmedia":[{"embeddable":true,"href":"https:\/\/aufildespierres.com\/index.php\/wp-json\/wp\/v2\/media\/2621"}],"wp:attachment":[{"href":"https:\/\/aufildespierres.com\/index.php\/wp-json\/wp\/v2\/media?parent=2620"}],"wp:term":[{"taxonomy":"product_brand","embeddable":true,"href":"https:\/\/aufildespierres.com\/index.php\/wp-json\/wp\/v2\/product_brand?post=2620"},{"taxonomy":"product_cat","embeddable":true,"href":"https:\/\/aufildespierres.com\/index.php\/wp-json\/wp\/v2\/product_cat?post=2620"},{"taxonomy":"product_tag","embeddable":true,"href":"https:\/\/aufildespierres.com\/index.php\/wp-json\/wp\/v2\/product_tag?post=2620"}],"curies":[{"name":"wp","href":"https:\/\/api.w.org\/{rel}","templated":true}]}}