{"id":2805,"date":"2024-09-10T14:15:18","date_gmt":"2024-09-10T12:15:18","guid":{"rendered":"https:\/\/aufildespierres.com\/?post_type=product&#038;p=2805"},"modified":"2026-04-14T21:08:29","modified_gmt":"2026-04-14T19:08:29","slug":"bracelet-cornaline-et-grenat","status":"publish","type":"product","link":"https:\/\/aufildespierres.com\/index.php\/product\/bracelet-cornaline-et-grenat\/","title":{"rendered":"Bracelet Cornaline et Grenat"},"content":{"rendered":"<p>&nbsp;<\/p>\n<section class=\"text-token-text-primary w-full focus:outline-none [--shadow-height:45px] has-data-writing-block:pointer-events-none has-data-writing-block:-mt-(--shadow-height) has-data-writing-block:pt-(--shadow-height) [&amp;:has([data-writing-block])&gt;*]:pointer-events-auto R6Vx5W_threadScrollVars scroll-mb-[calc(var(--scroll-root-safe-area-inset-bottom,0px)+var(--thread-response-height))] scroll-mt-(--header-height)\" dir=\"auto\" data-turn-id=\"0727b1b3-56cf-4d4f-902e-5765a1ac5bc5\" data-testid=\"conversation-turn-15\" data-scroll-anchor=\"false\" data-turn=\"user\"><\/section>\n<section class=\"text-token-text-primary w-full focus:outline-none [--shadow-height:45px] has-data-writing-block:pointer-events-none has-data-writing-block:-mt-(--shadow-height) has-data-writing-block:pt-(--shadow-height) [&amp;:has([data-writing-block])&gt;*]:pointer-events-auto [content-visibility:auto] supports-[content-visibility:auto]:[contain-intrinsic-size:auto_100lvh] R6Vx5W_threadScrollVars scroll-mb-[calc(var(--scroll-root-safe-area-inset-bottom,0px)+var(--thread-response-height))] scroll-mt-[calc(var(--header-height)+min(200px,max(70px,20svh)))]\" dir=\"auto\" data-turn-id=\"request-WEB:d8d4e2bf-bd60-460d-ae73-6de85292b0be-7\" data-testid=\"conversation-turn-16\" data-scroll-anchor=\"false\" data-turn=\"assistant\">\n<div class=\"text-base my-auto mx-auto pb-10 [--thread-content-margin:var(--thread-content-margin-xs,calc(var(--spacing)*4))] @w-sm\/main:[--thread-content-margin:var(--thread-content-margin-sm,calc(var(--spacing)*6))] @w-lg\/main:[--thread-content-margin:var(--thread-content-margin-lg,calc(var(--spacing)*16))] px-(--thread-content-margin)\">\n<div class=\"[--thread-content-max-width:40rem] @w-lg\/main:[--thread-content-max-width:48rem] mx-auto max-w-(--thread-content-max-width) flex-1 group\/turn-messages focus-visible:outline-hidden relative flex w-full min-w-0 flex-col agent-turn\">\n<div class=\"flex max-w-full flex-col gap-4 grow\">\n<div class=\"min-h-8 text-message relative flex w-full flex-col items-end gap-2 text-start break-words whitespace-normal outline-none keyboard-focused:focus-ring [.text-message+&amp;]:mt-1\" dir=\"auto\" tabindex=\"0\" data-message-author-role=\"assistant\" data-message-id=\"a66453e6-d750-4576-80e3-60188a4b8ffe\" data-message-model-slug=\"gpt-5-3\" data-turn-start-message=\"true\">\n<div class=\"flex w-full flex-col gap-1 empty:hidden\">\n<div class=\"markdown prose dark:prose-invert w-full wrap-break-word light markdown-new-styling\">\n<p data-start=\"0\" data-end=\"317\"><strong>Bracelet Cornaline et Grenat<\/strong><\/p>\n<p data-start=\"0\" data-end=\"317\">compos\u00e9 de 15 pierres de grenat pyrope et de 4 pierres de cornaline en 8 mm, sublim\u00e9 par une perle feuille d\u2019automne en cornaline, ce bijou associe \u00e9nergie, vitalit\u00e9 et \u00e9l\u00e9gance. Il s\u2019adresse particuli\u00e8rement aux personnes en qu\u00eate de dynamisme, de motivation et de renouveau \u00e9motionnel.<\/p>\n<p data-start=\"319\" data-end=\"715\">Le grenat est une pierre puissante associ\u00e9e \u00e0 l\u2019\u00e9nergie du feu. Ainsi, il agit directement sur le chakra sacr\u00e9 et le plexus solaire, favorisant l\u2019ancrage et la force int\u00e9rieure. Il stimule la motivation, renforce la confiance en soi et d\u00e9veloppe le courage n\u00e9cessaire pour concr\u00e9tiser ses projets. De plus, il apporte une \u00e9nergie positive et soutient la pers\u00e9v\u00e9rance dans les p\u00e9riodes difficiles.<\/p>\n<p data-start=\"717\" data-end=\"1140\">Par ailleurs, le grenat aide \u00e0 stabiliser les \u00e9motions et encourage le respect de soi. Il favorise \u00e9galement la compassion et l\u2019ouverture aux autres, tout en renfor\u00e7ant les engagements personnels et affectifs. Gr\u00e2ce \u00e0 son \u00e9nergie intense, il stimule la passion, la vitalit\u00e9 et la joie de vivre. Cependant, en raison de sa forte stimulation, il est d\u00e9conseill\u00e9 aux personnes hypertendues, impulsives ou sujettes \u00e0 la col\u00e8re.<\/p>\n<p data-start=\"1142\" data-end=\"1467\">Sur le plan physique, le grenat est reconnu pour ses effets revitalisants. Il soutient la circulation sanguine, tonifie le c\u0153ur et contribue \u00e0 purifier le sang. De plus, il aide \u00e0 renforcer les os et \u00e0 soulager certaines tensions articulaires. Il agit \u00e9galement comme un soutien global pour l\u2019organisme en p\u00e9riode de fatigue.<\/p>\n<p data-start=\"1469\" data-end=\"1768\">La cornaline, quant \u00e0 elle, apporte douceur et \u00e9quilibre. Elle favorise la confiance en soi et encourage la prise d\u2019initiative. Ainsi, elle aide \u00e0 avancer sans rester bloqu\u00e9 dans des exp\u00e9riences pass\u00e9es. Elle permet \u00e9galement de vivre pleinement le moment pr\u00e9sent en renfor\u00e7ant l\u2019ancrage \u00e0 la terre.<\/p>\n<p data-start=\"1770\" data-end=\"2101\">De plus, la cornaline apaise les \u00e9motions et r\u00e9duit le stress mental. Elle soutient la concentration, la m\u00e9moire et la cr\u00e9ativit\u00e9. Elle agit aussi sur la vitalit\u00e9 g\u00e9n\u00e9rale et stimule l\u2019\u00e9nergie corporelle. Sur le plan physique, elle favorise la circulation sanguine, soutient le syst\u00e8me digestif et contribue \u00e0 l\u2019\u00e9quilibre hormonal.<\/p>\n<p data-start=\"2103\" data-end=\"2350\" data-is-last-node=\"\" data-is-only-node=\"\">Ce <strong>Bracelet Cornaline et Grenat<\/strong> est donc un alli\u00e9 id\u00e9al pour retrouver \u00e9nergie, passion et stabilit\u00e9. \u00c0 la fois puissant et harmonisant, il accompagne votre \u00e9volution personnelle tout en apportant une touche chaleureuse et naturelle \u00e0 votre style.<\/p>\n<\/div>\n<\/div>\n<\/div>\n<\/div>\n<div class=\"z-0 flex min-h-[46px] justify-start\"><\/div>\n<\/div>\n<\/div>\n<\/section>\n<div class=\"pointer-events-none -mt-px h-px translate-y-[calc(var(--scroll-root-safe-area-inset-bottom)-14*var(--spacing))]\" aria-hidden=\"true\"><\/div>\n<p>&nbsp;<\/p>\n<p>&nbsp;<\/p>\n<p>&nbsp;<\/p>\n","protected":false},"excerpt":{"rendered":"<p>&nbsp; Bracelet Cornaline et Grenat compos\u00e9 de 15 pierres de grenat pyrope et de 4 pierres de cornaline en 8 mm, sublim\u00e9 par une perle feuille d\u2019automne en cornaline, ce bijou associe \u00e9nergie, vitalit\u00e9 et \u00e9l\u00e9gance. Il s\u2019adresse particuli\u00e8rement aux personnes en qu\u00eate de dynamisme, de motivation et de renouveau \u00e9motionnel. Le grenat est une [&hellip;]<\/p>\n","protected":false},"featured_media":2806,"comment_status":"open","ping_status":"closed","template":"","meta":{"site-sidebar-layout":"default","site-content-layout":"","ast-site-content-layout":"default","site-content-style":"default","site-sidebar-style":"default","ast-global-header-display":"","ast-banner-title-visibility":"","ast-main-header-display":"","ast-hfb-above-header-display":"","ast-hfb-below-header-display":"","ast-hfb-mobile-header-display":"","site-post-title":"","ast-breadcrumbs-content":"","ast-featured-img":"","footer-sml-layout":"","ast-disable-related-posts":"","theme-transparent-header-meta":"default","adv-header-id-meta":"","stick-header-meta":"","header-above-stick-meta":"","header-main-stick-meta":"","header-below-stick-meta":"","astra-migrate-meta-layouts":"set","ast-page-background-enabled":"default","ast-page-background-meta":{"desktop":{"background-color":"var(--ast-global-color-4)","background-image":"","background-repeat":"repeat","background-position":"center center","background-size":"auto","background-attachment":"scroll","background-type":"","background-media":"","overlay-type":"","overlay-color":"","overlay-opacity":"","overlay-gradient":""},"tablet":{"background-color":"","background-image":"","background-repeat":"repeat","background-position":"center center","background-size":"auto","background-attachment":"scroll","background-type":"","background-media":"","overlay-type":"","overlay-color":"","overlay-opacity":"","overlay-gradient":""},"mobile":{"background-color":"","background-image":"","background-repeat":"repeat","background-position":"center center","background-size":"auto","background-attachment":"scroll","background-type":"","background-media":"","overlay-type":"","overlay-color":"","overlay-opacity":"","overlay-gradient":""}},"ast-content-background-meta":{"desktop":{"background-color":"var(--ast-global-color-5)","background-image":"","background-repeat":"repeat","background-position":"center center","background-size":"auto","background-attachment":"scroll","background-type":"","background-media":"","overlay-type":"","overlay-color":"","overlay-opacity":"","overlay-gradient":""},"tablet":{"background-color":"var(--ast-global-color-5)","background-image":"","background-repeat":"repeat","background-position":"center center","background-size":"auto","background-attachment":"scroll","background-type":"","background-media":"","overlay-type":"","overlay-color":"","overlay-opacity":"","overlay-gradient":""},"mobile":{"background-color":"var(--ast-global-color-5)","background-image":"","background-repeat":"repeat","background-position":"center center","background-size":"auto","background-attachment":"scroll","background-type":"","background-media":"","overlay-type":"","overlay-color":"","overlay-opacity":"","overlay-gradient":""}},"_glsr_average":0,"_glsr_ranking":0,"_glsr_reviews":0},"product_brand":[],"product_cat":[102,56,290,49,95,100,76,15,41],"product_tag":[],"class_list":{"0":"post-2805","1":"product","2":"type-product","3":"status-publish","4":"has-post-thumbnail","6":"product_cat-bordeaux","7":"product_cat-bracelets-de-lithotherapie","8":"product_cat-bracelets-de-lithotherapie-femmes","9":"product_cat-confiance-en-soi","10":"product_cat-cornaline","11":"product_cat-grenat","12":"product_cat-rouge","13":"product_cat-tout","14":"product_cat-vitalite","15":"desktop-align-left","16":"tablet-align-left","17":"mobile-align-left","19":"first","20":"instock","21":"purchasable","22":"product-type-variable"},"yoast_head":"<!-- This site is optimized with the Yoast SEO plugin v27.5 - https:\/\/yoast.com\/product\/yoast-seo-wordpress\/ -->\n<title>Bracelet Cornaline et Grenat - Au fil des pierres<\/title>\n<meta name=\"description\" content=\"Bracelet en Cornaline et Grenat naturel, pierres d\u2019\u00e9nergie, vitalit\u00e9 et motivation. Un bijou puissant pour renforcer confiance, ancrage et courage.\" \/>\n<meta name=\"robots\" content=\"index, follow, max-snippet:-1, max-image-preview:large, max-video-preview:-1\" \/>\n<link rel=\"canonical\" href=\"https:\/\/aufildespierres.com\/index.php\/product\/bracelet-cornaline-et-grenat\/\" \/>\n<meta property=\"og:locale\" content=\"fr_FR\" \/>\n<meta property=\"og:type\" content=\"article\" \/>\n<meta property=\"og:title\" content=\"Bracelet Cornaline et Grenat - Au fil des pierres\" \/>\n<meta property=\"og:description\" content=\"Bracelet en Cornaline et Grenat naturel, pierres d\u2019\u00e9nergie, vitalit\u00e9 et motivation. Un bijou puissant pour renforcer confiance, ancrage et courage.\" \/>\n<meta property=\"og:url\" content=\"https:\/\/aufildespierres.com\/index.php\/product\/bracelet-cornaline-et-grenat\/\" \/>\n<meta property=\"og:site_name\" content=\"Au fil des pierres\" \/>\n<meta property=\"article:modified_time\" content=\"2026-04-14T19:08:29+00:00\" \/>\n<meta property=\"og:image\" content=\"https:\/\/aufildespierres.com\/wp-content\/uploads\/2024\/09\/20240910_135532-scaled.jpg\" \/>\n\t<meta property=\"og:image:width\" content=\"2450\" \/>\n\t<meta property=\"og:image:height\" content=\"2560\" \/>\n\t<meta property=\"og:image:type\" content=\"image\/jpeg\" \/>\n<meta name=\"twitter:card\" content=\"summary_large_image\" \/>\n<meta name=\"twitter:label1\" content=\"Dur\u00e9e de lecture estim\u00e9e\" \/>\n\t<meta name=\"twitter:data1\" content=\"3 minutes\" \/>\n<script type=\"application\/ld+json\" class=\"yoast-schema-graph\">{\"@context\":\"https:\\\/\\\/schema.org\",\"@graph\":[{\"@type\":\"WebPage\",\"@id\":\"https:\\\/\\\/aufildespierres.com\\\/index.php\\\/product\\\/bracelet-cornaline-et-grenat\\\/\",\"url\":\"https:\\\/\\\/aufildespierres.com\\\/index.php\\\/product\\\/bracelet-cornaline-et-grenat\\\/\",\"name\":\"Bracelet Cornaline et Grenat - Au fil des pierres\",\"isPartOf\":{\"@id\":\"https:\\\/\\\/aufildespierres.com\\\/#website\"},\"primaryImageOfPage\":{\"@id\":\"https:\\\/\\\/aufildespierres.com\\\/index.php\\\/product\\\/bracelet-cornaline-et-grenat\\\/#primaryimage\"},\"image\":{\"@id\":\"https:\\\/\\\/aufildespierres.com\\\/index.php\\\/product\\\/bracelet-cornaline-et-grenat\\\/#primaryimage\"},\"thumbnailUrl\":\"https:\\\/\\\/aufildespierres.com\\\/wp-content\\\/uploads\\\/2024\\\/09\\\/20240910_135532-scaled.jpg\",\"datePublished\":\"2024-09-10T12:15:18+00:00\",\"dateModified\":\"2026-04-14T19:08:29+00:00\",\"description\":\"Bracelet en Cornaline et Grenat naturel, pierres d\u2019\u00e9nergie, vitalit\u00e9 et motivation. Un bijou puissant pour renforcer confiance, ancrage et courage.\",\"breadcrumb\":{\"@id\":\"https:\\\/\\\/aufildespierres.com\\\/index.php\\\/product\\\/bracelet-cornaline-et-grenat\\\/#breadcrumb\"},\"inLanguage\":\"fr-FR\",\"potentialAction\":[{\"@type\":\"ReadAction\",\"target\":[\"https:\\\/\\\/aufildespierres.com\\\/index.php\\\/product\\\/bracelet-cornaline-et-grenat\\\/\"]}]},{\"@type\":\"ImageObject\",\"inLanguage\":\"fr-FR\",\"@id\":\"https:\\\/\\\/aufildespierres.com\\\/index.php\\\/product\\\/bracelet-cornaline-et-grenat\\\/#primaryimage\",\"url\":\"https:\\\/\\\/aufildespierres.com\\\/wp-content\\\/uploads\\\/2024\\\/09\\\/20240910_135532-scaled.jpg\",\"contentUrl\":\"https:\\\/\\\/aufildespierres.com\\\/wp-content\\\/uploads\\\/2024\\\/09\\\/20240910_135532-scaled.jpg\",\"width\":2450,\"height\":2560},{\"@type\":\"BreadcrumbList\",\"@id\":\"https:\\\/\\\/aufildespierres.com\\\/index.php\\\/product\\\/bracelet-cornaline-et-grenat\\\/#breadcrumb\",\"itemListElement\":[{\"@type\":\"ListItem\",\"position\":1,\"name\":\"Accueil\",\"item\":\"https:\\\/\\\/aufildespierres.com\\\/\"},{\"@type\":\"ListItem\",\"position\":2,\"name\":\"Boutique de Lithoth\u00e9rapie\",\"item\":\"https:\\\/\\\/aufildespierres.com\\\/index.php\\\/boutique-de-lithotherapie\\\/\"},{\"@type\":\"ListItem\",\"position\":3,\"name\":\"Bracelet Cornaline et Grenat\"}]},{\"@type\":\"WebSite\",\"@id\":\"https:\\\/\\\/aufildespierres.com\\\/#website\",\"url\":\"https:\\\/\\\/aufildespierres.com\\\/\",\"name\":\"Au fil des pierres\",\"description\":\"Au fil des pierres\",\"publisher\":{\"@id\":\"https:\\\/\\\/aufildespierres.com\\\/#organization\"},\"potentialAction\":[{\"@type\":\"SearchAction\",\"target\":{\"@type\":\"EntryPoint\",\"urlTemplate\":\"https:\\\/\\\/aufildespierres.com\\\/?s={search_term_string}\"},\"query-input\":{\"@type\":\"PropertyValueSpecification\",\"valueRequired\":true,\"valueName\":\"search_term_string\"}}],\"inLanguage\":\"fr-FR\"},{\"@type\":\"Organization\",\"@id\":\"https:\\\/\\\/aufildespierres.com\\\/#organization\",\"name\":\"Au fil des pierres\",\"url\":\"https:\\\/\\\/aufildespierres.com\\\/\",\"logo\":{\"@type\":\"ImageObject\",\"inLanguage\":\"fr-FR\",\"@id\":\"https:\\\/\\\/aufildespierres.com\\\/#\\\/schema\\\/logo\\\/image\\\/\",\"url\":\"https:\\\/\\\/aufildespierres.com\\\/wp-content\\\/uploads\\\/2023\\\/05\\\/cropped-Logo-PNG-Transparent.png\",\"contentUrl\":\"https:\\\/\\\/aufildespierres.com\\\/wp-content\\\/uploads\\\/2023\\\/05\\\/cropped-Logo-PNG-Transparent.png\",\"width\":1776,\"height\":1625,\"caption\":\"Au fil des pierres\"},\"image\":{\"@id\":\"https:\\\/\\\/aufildespierres.com\\\/#\\\/schema\\\/logo\\\/image\\\/\"}}]}<\/script>\n<!-- \/ Yoast SEO plugin. -->","yoast_head_json":{"title":"Bracelet Cornaline et Grenat - Au fil des pierres","description":"Bracelet en Cornaline et Grenat naturel, pierres d\u2019\u00e9nergie, vitalit\u00e9 et motivation. Un bijou puissant pour renforcer confiance, ancrage et courage.","robots":{"index":"index","follow":"follow","max-snippet":"max-snippet:-1","max-image-preview":"max-image-preview:large","max-video-preview":"max-video-preview:-1"},"canonical":"https:\/\/aufildespierres.com\/index.php\/product\/bracelet-cornaline-et-grenat\/","og_locale":"fr_FR","og_type":"article","og_title":"Bracelet Cornaline et Grenat - Au fil des pierres","og_description":"Bracelet en Cornaline et Grenat naturel, pierres d\u2019\u00e9nergie, vitalit\u00e9 et motivation. Un bijou puissant pour renforcer confiance, ancrage et courage.","og_url":"https:\/\/aufildespierres.com\/index.php\/product\/bracelet-cornaline-et-grenat\/","og_site_name":"Au fil des pierres","article_modified_time":"2026-04-14T19:08:29+00:00","og_image":[{"width":2450,"height":2560,"url":"https:\/\/aufildespierres.com\/wp-content\/uploads\/2024\/09\/20240910_135532-scaled.jpg","type":"image\/jpeg"}],"twitter_card":"summary_large_image","twitter_misc":{"Dur\u00e9e de lecture estim\u00e9e":"3 minutes"},"schema":{"@context":"https:\/\/schema.org","@graph":[{"@type":"WebPage","@id":"https:\/\/aufildespierres.com\/index.php\/product\/bracelet-cornaline-et-grenat\/","url":"https:\/\/aufildespierres.com\/index.php\/product\/bracelet-cornaline-et-grenat\/","name":"Bracelet Cornaline et Grenat - Au fil des pierres","isPartOf":{"@id":"https:\/\/aufildespierres.com\/#website"},"primaryImageOfPage":{"@id":"https:\/\/aufildespierres.com\/index.php\/product\/bracelet-cornaline-et-grenat\/#primaryimage"},"image":{"@id":"https:\/\/aufildespierres.com\/index.php\/product\/bracelet-cornaline-et-grenat\/#primaryimage"},"thumbnailUrl":"https:\/\/aufildespierres.com\/wp-content\/uploads\/2024\/09\/20240910_135532-scaled.jpg","datePublished":"2024-09-10T12:15:18+00:00","dateModified":"2026-04-14T19:08:29+00:00","description":"Bracelet en Cornaline et Grenat naturel, pierres d\u2019\u00e9nergie, vitalit\u00e9 et motivation. Un bijou puissant pour renforcer confiance, ancrage et courage.","breadcrumb":{"@id":"https:\/\/aufildespierres.com\/index.php\/product\/bracelet-cornaline-et-grenat\/#breadcrumb"},"inLanguage":"fr-FR","potentialAction":[{"@type":"ReadAction","target":["https:\/\/aufildespierres.com\/index.php\/product\/bracelet-cornaline-et-grenat\/"]}]},{"@type":"ImageObject","inLanguage":"fr-FR","@id":"https:\/\/aufildespierres.com\/index.php\/product\/bracelet-cornaline-et-grenat\/#primaryimage","url":"https:\/\/aufildespierres.com\/wp-content\/uploads\/2024\/09\/20240910_135532-scaled.jpg","contentUrl":"https:\/\/aufildespierres.com\/wp-content\/uploads\/2024\/09\/20240910_135532-scaled.jpg","width":2450,"height":2560},{"@type":"BreadcrumbList","@id":"https:\/\/aufildespierres.com\/index.php\/product\/bracelet-cornaline-et-grenat\/#breadcrumb","itemListElement":[{"@type":"ListItem","position":1,"name":"Accueil","item":"https:\/\/aufildespierres.com\/"},{"@type":"ListItem","position":2,"name":"Boutique de Lithoth\u00e9rapie","item":"https:\/\/aufildespierres.com\/index.php\/boutique-de-lithotherapie\/"},{"@type":"ListItem","position":3,"name":"Bracelet Cornaline et Grenat"}]},{"@type":"WebSite","@id":"https:\/\/aufildespierres.com\/#website","url":"https:\/\/aufildespierres.com\/","name":"Au fil des pierres","description":"Au fil des pierres","publisher":{"@id":"https:\/\/aufildespierres.com\/#organization"},"potentialAction":[{"@type":"SearchAction","target":{"@type":"EntryPoint","urlTemplate":"https:\/\/aufildespierres.com\/?s={search_term_string}"},"query-input":{"@type":"PropertyValueSpecification","valueRequired":true,"valueName":"search_term_string"}}],"inLanguage":"fr-FR"},{"@type":"Organization","@id":"https:\/\/aufildespierres.com\/#organization","name":"Au fil des pierres","url":"https:\/\/aufildespierres.com\/","logo":{"@type":"ImageObject","inLanguage":"fr-FR","@id":"https:\/\/aufildespierres.com\/#\/schema\/logo\/image\/","url":"https:\/\/aufildespierres.com\/wp-content\/uploads\/2023\/05\/cropped-Logo-PNG-Transparent.png","contentUrl":"https:\/\/aufildespierres.com\/wp-content\/uploads\/2023\/05\/cropped-Logo-PNG-Transparent.png","width":1776,"height":1625,"caption":"Au fil des pierres"},"image":{"@id":"https:\/\/aufildespierres.com\/#\/schema\/logo\/image\/"}}]}},"_links":{"self":[{"href":"https:\/\/aufildespierres.com\/index.php\/wp-json\/wp\/v2\/product\/2805","targetHints":{"allow":["GET"]}}],"collection":[{"href":"https:\/\/aufildespierres.com\/index.php\/wp-json\/wp\/v2\/product"}],"about":[{"href":"https:\/\/aufildespierres.com\/index.php\/wp-json\/wp\/v2\/types\/product"}],"replies":[{"embeddable":true,"href":"https:\/\/aufildespierres.com\/index.php\/wp-json\/wp\/v2\/comments?post=2805"}],"wp:featuredmedia":[{"embeddable":true,"href":"https:\/\/aufildespierres.com\/index.php\/wp-json\/wp\/v2\/media\/2806"}],"wp:attachment":[{"href":"https:\/\/aufildespierres.com\/index.php\/wp-json\/wp\/v2\/media?parent=2805"}],"wp:term":[{"taxonomy":"product_brand","embeddable":true,"href":"https:\/\/aufildespierres.com\/index.php\/wp-json\/wp\/v2\/product_brand?post=2805"},{"taxonomy":"product_cat","embeddable":true,"href":"https:\/\/aufildespierres.com\/index.php\/wp-json\/wp\/v2\/product_cat?post=2805"},{"taxonomy":"product_tag","embeddable":true,"href":"https:\/\/aufildespierres.com\/index.php\/wp-json\/wp\/v2\/product_tag?post=2805"}],"curies":[{"name":"wp","href":"https:\/\/api.w.org\/{rel}","templated":true}]}}