{"id":3090,"date":"2024-12-08T12:47:06","date_gmt":"2024-12-08T11:47:06","guid":{"rendered":"https:\/\/aufildespierres.com\/?post_type=product&#038;p=3090"},"modified":"2026-04-14T14:33:42","modified_gmt":"2026-04-14T12:33:42","slug":"ganesh-quartz-rose-aura","status":"publish","type":"product","link":"https:\/\/aufildespierres.com\/index.php\/product\/ganesh-quartz-rose-aura\/","title":{"rendered":"Ganesh Quartz rose aura"},"content":{"rendered":"<div>\n<div class=\"flex h-svh w-screen flex-col\">\n<div class=\"relative z-0 flex min-h-0 w-full flex-1\">\n<div class=\"relative flex min-h-0 w-full flex-1\">\n<div class=\"@container\/main relative flex min-w-0 flex-1 flex-col -translate-y-[calc(env(safe-area-inset-bottom,0px)\/2)] pt-[calc(env(safe-area-inset-bottom,0px)\/2)]\">\n<div class=\"@w-sm\/main:[scrollbar-gutter:var(--stage-scroll-gutter)] touch:[scrollbar-width:none] group\/scroll-root relative flex min-h-0 min-w-0 flex-1 flex-col [scrollbar-gutter:stable] not-print:overflow-x-clip not-print:overflow-y-auto group-data-stream-active\/scroll-root:[overflow-anchor:none] scroll-pt-(--header-height) [--sticky-padding-top:var(--header-height)] [--sticky-padding-bottom:0px] [--scroll-root-safe-area-inset-top:calc(var(--sticky-padding-top)+env(safe-area-inset-top,0px))] [--scroll-root-safe-area-inset-bottom:calc(var(--sticky-padding-bottom)+var(--screen-keyboard-height,0px)+env(safe-area-inset-bottom,0px))] [--scroll-root-safe-area-height:calc(100lvh-var(--scroll-root-safe-area-inset-top)-var(--scroll-root-safe-area-inset-bottom))] has-data-[fixed-header=less-than-xl]:@w-xl\/main:scroll-pt-0 has-data-[fixed-header=less-than-xl]:@w-xl\/main:[--sticky-padding-top:0px] has-data-[fixed-header=less-than-xxl]:@w-2xl\/main:scroll-pt-0 has-data-[fixed-header=less-than-xxl]:@w-2xl\/main:[--sticky-padding-top:0px]\" data-scroll-root=\"\" data-scroll-from-top=\"\"><main id=\"main\" class=\"min-h-0 flex-1\"><\/p>\n<div id=\"thread\" class=\"group\/thread flex flex-col min-h-full\">\n<div class=\"composer-parent flex flex-1 flex-col focus-visible:outline-0\" role=\"presentation\">\n<div class=\"relative basis-auto flex-col -mb-(--composer-overlap-px) pb-(--composer-overlap-px) [--composer-overlap-px:28px] grow flex\">\n<div class=\"flex flex-col text-sm\">\n<section class=\"text-token-text-primary w-full focus:outline-none [--shadow-height:45px] has-data-writing-block:pointer-events-none has-data-writing-block:-mt-(--shadow-height) has-data-writing-block:pt-(--shadow-height) [&amp;:has([data-writing-block])&gt;*]:pointer-events-auto [content-visibility:auto] supports-[content-visibility:auto]:[contain-intrinsic-size:auto_100lvh] R6Vx5W_threadScrollVars scroll-mb-[calc(var(--scroll-root-safe-area-inset-bottom,0px)+var(--thread-response-height))] scroll-mt-[calc(var(--header-height)+min(200px,max(70px,20svh)))]\" dir=\"auto\" data-turn-id=\"request-WEB:a4427b8c-6112-4bd5-b372-5351f8904bb7-8\" data-testid=\"conversation-turn-18\" data-scroll-anchor=\"false\" data-turn=\"assistant\">\n<div class=\"text-base my-auto mx-auto pb-10 [--thread-content-margin:var(--thread-content-margin-xs,calc(var(--spacing)*4))] @w-sm\/main:[--thread-content-margin:var(--thread-content-margin-sm,calc(var(--spacing)*6))] @w-lg\/main:[--thread-content-margin:var(--thread-content-margin-lg,calc(var(--spacing)*16))] px-(--thread-content-margin)\">\n<div class=\"[--thread-content-max-width:40rem] @w-lg\/main:[--thread-content-max-width:48rem] mx-auto max-w-(--thread-content-max-width) flex-1 group\/turn-messages focus-visible:outline-hidden relative flex w-full min-w-0 flex-col agent-turn\">\n<div class=\"flex max-w-full flex-col gap-4 grow\">\n<div class=\"min-h-8 text-message relative flex w-full flex-col items-end gap-2 text-start break-words whitespace-normal outline-none keyboard-focused:focus-ring [.text-message+&amp;]:mt-1\" dir=\"auto\" tabindex=\"0\" data-message-author-role=\"assistant\" data-message-id=\"07cf80c6-690b-430f-979a-cf83bec5bfa1\" data-message-model-slug=\"gpt-5-3\" data-turn-start-message=\"true\">\n<div class=\"flex w-full flex-col gap-1 empty:hidden\">\n<div class=\"markdown prose dark:prose-invert w-full wrap-break-word light markdown-new-styling\">\n<p data-start=\"85\" data-end=\"112\"><strong data-start=\"85\" data-end=\"112\">Ganesh quartz rose aura<\/strong><\/p>\n<p data-start=\"114\" data-end=\"364\">Cette statue de <strong data-start=\"130\" data-end=\"157\">Ganesh quartz rose aura<\/strong> mesure 8,5 cm de hauteur. Elle repr\u00e9sente le dieu hindou Ganesh, symbole de sagesse, de protection et de r\u00e9ussite. Ainsi, elle est id\u00e9ale pour apporter une \u00e9nergie positive et harmonieuse \u00e0 votre int\u00e9rieur.<\/p>\n<p data-start=\"366\" data-end=\"714\">Le quartz rose aura n&rsquo; est pas totalement naturel : c&rsquo;est une pierre ayant subi un traitement sp\u00e9cifique. En effet, elle est recouverte d\u2019un m\u00e9lange de m\u00e9taux pr\u00e9cieux comme l\u2019or, l\u2019argent et le platine. Ce proc\u00e9d\u00e9 lui donne un aspect nacr\u00e9, brillant et des reflets iris\u00e9s uniques. M\u00eame si son apparence n\u2019est plus\u00a0 naturelle, ses propri\u00e9t\u00e9s \u00e9nerg\u00e9tiques restent intactes.<\/p>\n<p data-start=\"716\" data-end=\"1002\">Cette pierre poss\u00e8de une vibration \u00e9lev\u00e9e. Elle aide \u00e0 stabiliser les \u00e9motions et favorise un profond apaisement int\u00e9rieur. De plus, elle agit comme un bouclier protecteur autour de l\u2019aura. Par cons\u00e9quent, elle contribue \u00e0 instaurer la paix int\u00e9rieure, la clart\u00e9 mentale et la s\u00e9r\u00e9nit\u00e9.<\/p>\n<p data-start=\"1004\" data-end=\"1357\">Le <strong data-start=\"1007\" data-end=\"1034\">Ganesh quartz rose aura<\/strong> est \u00e9galement reconnu pour ses effets sur le c\u0153ur et les \u00e9motions. Il favorise l\u2019amour, la confiance en soi et l\u2019acceptation personnelle. Ainsi, il aide \u00e0 se reconnecter \u00e0 soi-m\u00eame et \u00e0 d\u00e9velopper une image positive. Il accompagne aussi les p\u00e9riodes difficiles, notamment apr\u00e8s des d\u00e9ceptions amoureuses ou relationnelles.<\/p>\n<p data-start=\"1359\" data-end=\"1649\">Ensuite, cette pierre apaise le stress, la nervosit\u00e9 et les tensions. Elle aide \u00e0 r\u00e9duire les comportements n\u00e9gatifs comme la jalousie ou l\u2019agressivit\u00e9. De plus, elle facilite l\u2019endormissement et am\u00e9liore la qualit\u00e9 du sommeil. Elle permet donc de retrouver un \u00e9quilibre \u00e9motionnel durable.<\/p>\n<p data-start=\"1651\" data-end=\"1875\">Sur le plan physique, le quartz rose aura soutient le syst\u00e8me cardiaque. Il aide \u00e0 tonifier le c\u0153ur et peut contribuer \u00e0 faire baisser la tension art\u00e9rielle. Ainsi, il participe \u00e0 un bien-\u00eatre global du corps et de l\u2019esprit.<\/p>\n<p data-start=\"1877\" data-end=\"2067\" data-is-last-node=\"\" data-is-only-node=\"\">En r\u00e9sum\u00e9, cette statue de <strong data-start=\"1904\" data-end=\"1931\">Ganesh quartz rose aura<\/strong> est parfaite pour allier spiritualit\u00e9, protection et harmonie au quotidien. Elle constitue \u00e9galement un cadeau symbolique et inspirant.<\/p>\n<\/div>\n<\/div>\n<\/div>\n<\/div>\n<div class=\"z-0 flex min-h-[46px] justify-start\"><\/div>\n<\/div>\n<\/div>\n<\/section>\n<\/div>\n<\/div>\n<div id=\"thread-bottom-container\" class=\"sticky bottom-0 z-10 group\/thread-bottom-container relative isolate w-full basis-auto has-data-has-thread-error:pt-2 has-data-has-thread-error:[box-shadow:var(--sharp-edge-bottom-shadow)] md:border-transparent md:pt-0 dark:border-white\/20 md:dark:border-transparent print:hidden content-fade single-line flex flex-col\">\n<div class=\"-mt-4 text-token-text-secondary relative w-full overflow-hidden text-center text-xs [view-transition-name:var(--vt-disclaimer)] md:px-[60px]\"><\/div>\n<\/div>\n<\/div>\n<\/div>\n<p><\/main><\/div>\n<\/div>\n<\/div>\n<\/div>\n<div><\/div>\n<\/div>\n<\/div>\n<p>&nbsp;<\/p>\n<p><dialog class=\"group\/dialog @container inset-0 min-h-full min-w-full items-center justify-center overflow-auto overscroll-y-contain bg-[rgba(0,0,0,0.5)] whitespace-normal backdrop-blur-[1px]\"><\/dialog><\/p>\n<p>&nbsp;<\/p>\n<p>&nbsp;<\/p>\n","protected":false},"excerpt":{"rendered":"<p>Ganesh quartz rose aura Cette statue de Ganesh quartz rose aura mesure 8,5 cm de hauteur. Elle repr\u00e9sente le dieu hindou Ganesh, symbole de sagesse, de protection et de r\u00e9ussite. Ainsi, elle est id\u00e9ale pour apporter une \u00e9nergie positive et harmonieuse \u00e0 votre int\u00e9rieur. Le quartz rose aura n&rsquo; est pas totalement naturel : c&rsquo;est [&hellip;]<\/p>\n","protected":false},"featured_media":3091,"comment_status":"open","ping_status":"closed","template":"","meta":{"site-sidebar-layout":"default","site-content-layout":"","ast-site-content-layout":"default","site-content-style":"default","site-sidebar-style":"default","ast-global-header-display":"","ast-banner-title-visibility":"","ast-main-header-display":"","ast-hfb-above-header-display":"","ast-hfb-below-header-display":"","ast-hfb-mobile-header-display":"","site-post-title":"","ast-breadcrumbs-content":"","ast-featured-img":"","footer-sml-layout":"","ast-disable-related-posts":"","theme-transparent-header-meta":"default","adv-header-id-meta":"","stick-header-meta":"","header-above-stick-meta":"","header-main-stick-meta":"","header-below-stick-meta":"","astra-migrate-meta-layouts":"set","ast-page-background-enabled":"default","ast-page-background-meta":{"desktop":{"background-color":"var(--ast-global-color-4)","background-image":"","background-repeat":"repeat","background-position":"center center","background-size":"auto","background-attachment":"scroll","background-type":"","background-media":"","overlay-type":"","overlay-color":"","overlay-opacity":"","overlay-gradient":""},"tablet":{"background-color":"","background-image":"","background-repeat":"repeat","background-position":"center center","background-size":"auto","background-attachment":"scroll","background-type":"","background-media":"","overlay-type":"","overlay-color":"","overlay-opacity":"","overlay-gradient":""},"mobile":{"background-color":"","background-image":"","background-repeat":"repeat","background-position":"center center","background-size":"auto","background-attachment":"scroll","background-type":"","background-media":"","overlay-type":"","overlay-color":"","overlay-opacity":"","overlay-gradient":""}},"ast-content-background-meta":{"desktop":{"background-color":"var(--ast-global-color-5)","background-image":"","background-repeat":"repeat","background-position":"center center","background-size":"auto","background-attachment":"scroll","background-type":"","background-media":"","overlay-type":"","overlay-color":"","overlay-opacity":"","overlay-gradient":""},"tablet":{"background-color":"var(--ast-global-color-5)","background-image":"","background-repeat":"repeat","background-position":"center center","background-size":"auto","background-attachment":"scroll","background-type":"","background-media":"","overlay-type":"","overlay-color":"","overlay-opacity":"","overlay-gradient":""},"mobile":{"background-color":"var(--ast-global-color-5)","background-image":"","background-repeat":"repeat","background-position":"center center","background-size":"auto","background-attachment":"scroll","background-type":"","background-media":"","overlay-type":"","overlay-color":"","overlay-opacity":"","overlay-gradient":""}},"_glsr_average":0,"_glsr_ranking":0,"_glsr_reviews":0},"product_brand":[],"product_cat":[75,65,200],"product_tag":[],"class_list":{"0":"post-3090","1":"product","2":"type-product","3":"status-publish","4":"has-post-thumbnail","6":"product_cat-quartz-rose","7":"product_cat-rose","8":"product_cat-sculptees","9":"desktop-align-left","10":"tablet-align-left","11":"mobile-align-left","13":"first","14":"instock","15":"purchasable","16":"product-type-simple"},"yoast_head":"<!-- This site is optimized with the Yoast SEO plugin v27.5 - https:\/\/yoast.com\/product\/yoast-seo-wordpress\/ -->\n<title>Ganesh Quartz rose aura - Au fil des pierres<\/title>\n<meta name=\"description\" content=\"Ganesh Quartz rose aura trait\u00e9 par ajout de min\u00e9raux comme or et argent pour lui conf\u00e9rer son aspect aura qui refl\u00e8te en prisme la lumi\u00e8re de l&#039;arc en ciel .Le ganesh est un produit artisanal qui provient du Pakistan et est sculpt\u00e9 \u00e0 la main. Outre son aspect spirituel il apporte les bienfaits du quartz rose et sa brillance d\u00e9corative.\" \/>\n<meta name=\"robots\" content=\"index, follow, max-snippet:-1, max-image-preview:large, max-video-preview:-1\" \/>\n<link rel=\"canonical\" href=\"https:\/\/aufildespierres.com\/index.php\/product\/ganesh-quartz-rose-aura\/\" \/>\n<meta property=\"og:locale\" content=\"fr_FR\" \/>\n<meta property=\"og:type\" content=\"article\" \/>\n<meta property=\"og:title\" content=\"Ganesh Quartz rose aura - Au fil des pierres\" \/>\n<meta property=\"og:description\" content=\"Ganesh Quartz rose aura trait\u00e9 par ajout de min\u00e9raux comme or et argent pour lui conf\u00e9rer son aspect aura qui refl\u00e8te en prisme la lumi\u00e8re de l&#039;arc en ciel .Le ganesh est un produit artisanal qui provient du Pakistan et est sculpt\u00e9 \u00e0 la main. Outre son aspect spirituel il apporte les bienfaits du quartz rose et sa brillance d\u00e9corative.\" \/>\n<meta property=\"og:url\" content=\"https:\/\/aufildespierres.com\/index.php\/product\/ganesh-quartz-rose-aura\/\" \/>\n<meta property=\"og:site_name\" content=\"Au fil des pierres\" \/>\n<meta property=\"article:modified_time\" content=\"2026-04-14T12:33:42+00:00\" \/>\n<meta property=\"og:image\" content=\"https:\/\/aufildespierres.com\/wp-content\/uploads\/2024\/12\/20241118_133114-scaled.jpg\" \/>\n\t<meta property=\"og:image:width\" content=\"2024\" \/>\n\t<meta property=\"og:image:height\" content=\"2560\" \/>\n\t<meta property=\"og:image:type\" content=\"image\/jpeg\" \/>\n<meta name=\"twitter:card\" content=\"summary_large_image\" \/>\n<meta name=\"twitter:label1\" content=\"Dur\u00e9e de lecture estim\u00e9e\" \/>\n\t<meta name=\"twitter:data1\" content=\"2 minutes\" \/>\n<script type=\"application\/ld+json\" class=\"yoast-schema-graph\">{\"@context\":\"https:\\\/\\\/schema.org\",\"@graph\":[{\"@type\":\"WebPage\",\"@id\":\"https:\\\/\\\/aufildespierres.com\\\/index.php\\\/product\\\/ganesh-quartz-rose-aura\\\/\",\"url\":\"https:\\\/\\\/aufildespierres.com\\\/index.php\\\/product\\\/ganesh-quartz-rose-aura\\\/\",\"name\":\"Ganesh Quartz rose aura - Au fil des pierres\",\"isPartOf\":{\"@id\":\"https:\\\/\\\/aufildespierres.com\\\/#website\"},\"primaryImageOfPage\":{\"@id\":\"https:\\\/\\\/aufildespierres.com\\\/index.php\\\/product\\\/ganesh-quartz-rose-aura\\\/#primaryimage\"},\"image\":{\"@id\":\"https:\\\/\\\/aufildespierres.com\\\/index.php\\\/product\\\/ganesh-quartz-rose-aura\\\/#primaryimage\"},\"thumbnailUrl\":\"https:\\\/\\\/aufildespierres.com\\\/wp-content\\\/uploads\\\/2024\\\/12\\\/20241118_133114-scaled.jpg\",\"datePublished\":\"2024-12-08T11:47:06+00:00\",\"dateModified\":\"2026-04-14T12:33:42+00:00\",\"description\":\"Ganesh Quartz rose aura trait\u00e9 par ajout de min\u00e9raux comme or et argent pour lui conf\u00e9rer son aspect aura qui refl\u00e8te en prisme la lumi\u00e8re de l'arc en ciel .Le ganesh est un produit artisanal qui provient du Pakistan et est sculpt\u00e9 \u00e0 la main. Outre son aspect spirituel il apporte les bienfaits du quartz rose et sa brillance d\u00e9corative.\",\"breadcrumb\":{\"@id\":\"https:\\\/\\\/aufildespierres.com\\\/index.php\\\/product\\\/ganesh-quartz-rose-aura\\\/#breadcrumb\"},\"inLanguage\":\"fr-FR\",\"potentialAction\":[{\"@type\":\"ReadAction\",\"target\":[\"https:\\\/\\\/aufildespierres.com\\\/index.php\\\/product\\\/ganesh-quartz-rose-aura\\\/\"]}]},{\"@type\":\"ImageObject\",\"inLanguage\":\"fr-FR\",\"@id\":\"https:\\\/\\\/aufildespierres.com\\\/index.php\\\/product\\\/ganesh-quartz-rose-aura\\\/#primaryimage\",\"url\":\"https:\\\/\\\/aufildespierres.com\\\/wp-content\\\/uploads\\\/2024\\\/12\\\/20241118_133114-scaled.jpg\",\"contentUrl\":\"https:\\\/\\\/aufildespierres.com\\\/wp-content\\\/uploads\\\/2024\\\/12\\\/20241118_133114-scaled.jpg\",\"width\":2024,\"height\":2560},{\"@type\":\"BreadcrumbList\",\"@id\":\"https:\\\/\\\/aufildespierres.com\\\/index.php\\\/product\\\/ganesh-quartz-rose-aura\\\/#breadcrumb\",\"itemListElement\":[{\"@type\":\"ListItem\",\"position\":1,\"name\":\"Accueil\",\"item\":\"https:\\\/\\\/aufildespierres.com\\\/\"},{\"@type\":\"ListItem\",\"position\":2,\"name\":\"Boutique de Lithoth\u00e9rapie\",\"item\":\"https:\\\/\\\/aufildespierres.com\\\/index.php\\\/boutique-de-lithotherapie\\\/\"},{\"@type\":\"ListItem\",\"position\":3,\"name\":\"Ganesh Quartz rose aura\"}]},{\"@type\":\"WebSite\",\"@id\":\"https:\\\/\\\/aufildespierres.com\\\/#website\",\"url\":\"https:\\\/\\\/aufildespierres.com\\\/\",\"name\":\"Au fil des pierres\",\"description\":\"Au fil des pierres\",\"publisher\":{\"@id\":\"https:\\\/\\\/aufildespierres.com\\\/#organization\"},\"potentialAction\":[{\"@type\":\"SearchAction\",\"target\":{\"@type\":\"EntryPoint\",\"urlTemplate\":\"https:\\\/\\\/aufildespierres.com\\\/?s={search_term_string}\"},\"query-input\":{\"@type\":\"PropertyValueSpecification\",\"valueRequired\":true,\"valueName\":\"search_term_string\"}}],\"inLanguage\":\"fr-FR\"},{\"@type\":\"Organization\",\"@id\":\"https:\\\/\\\/aufildespierres.com\\\/#organization\",\"name\":\"Au fil des pierres\",\"url\":\"https:\\\/\\\/aufildespierres.com\\\/\",\"logo\":{\"@type\":\"ImageObject\",\"inLanguage\":\"fr-FR\",\"@id\":\"https:\\\/\\\/aufildespierres.com\\\/#\\\/schema\\\/logo\\\/image\\\/\",\"url\":\"https:\\\/\\\/aufildespierres.com\\\/wp-content\\\/uploads\\\/2023\\\/05\\\/cropped-Logo-PNG-Transparent.png\",\"contentUrl\":\"https:\\\/\\\/aufildespierres.com\\\/wp-content\\\/uploads\\\/2023\\\/05\\\/cropped-Logo-PNG-Transparent.png\",\"width\":1776,\"height\":1625,\"caption\":\"Au fil des pierres\"},\"image\":{\"@id\":\"https:\\\/\\\/aufildespierres.com\\\/#\\\/schema\\\/logo\\\/image\\\/\"}}]}<\/script>\n<!-- \/ Yoast SEO plugin. -->","yoast_head_json":{"title":"Ganesh Quartz rose aura - Au fil des pierres","description":"Ganesh Quartz rose aura trait\u00e9 par ajout de min\u00e9raux comme or et argent pour lui conf\u00e9rer son aspect aura qui refl\u00e8te en prisme la lumi\u00e8re de l'arc en ciel .Le ganesh est un produit artisanal qui provient du Pakistan et est sculpt\u00e9 \u00e0 la main. Outre son aspect spirituel il apporte les bienfaits du quartz rose et sa brillance d\u00e9corative.","robots":{"index":"index","follow":"follow","max-snippet":"max-snippet:-1","max-image-preview":"max-image-preview:large","max-video-preview":"max-video-preview:-1"},"canonical":"https:\/\/aufildespierres.com\/index.php\/product\/ganesh-quartz-rose-aura\/","og_locale":"fr_FR","og_type":"article","og_title":"Ganesh Quartz rose aura - Au fil des pierres","og_description":"Ganesh Quartz rose aura trait\u00e9 par ajout de min\u00e9raux comme or et argent pour lui conf\u00e9rer son aspect aura qui refl\u00e8te en prisme la lumi\u00e8re de l'arc en ciel .Le ganesh est un produit artisanal qui provient du Pakistan et est sculpt\u00e9 \u00e0 la main. Outre son aspect spirituel il apporte les bienfaits du quartz rose et sa brillance d\u00e9corative.","og_url":"https:\/\/aufildespierres.com\/index.php\/product\/ganesh-quartz-rose-aura\/","og_site_name":"Au fil des pierres","article_modified_time":"2026-04-14T12:33:42+00:00","og_image":[{"width":2024,"height":2560,"url":"https:\/\/aufildespierres.com\/wp-content\/uploads\/2024\/12\/20241118_133114-scaled.jpg","type":"image\/jpeg"}],"twitter_card":"summary_large_image","twitter_misc":{"Dur\u00e9e de lecture estim\u00e9e":"2 minutes"},"schema":{"@context":"https:\/\/schema.org","@graph":[{"@type":"WebPage","@id":"https:\/\/aufildespierres.com\/index.php\/product\/ganesh-quartz-rose-aura\/","url":"https:\/\/aufildespierres.com\/index.php\/product\/ganesh-quartz-rose-aura\/","name":"Ganesh Quartz rose aura - Au fil des pierres","isPartOf":{"@id":"https:\/\/aufildespierres.com\/#website"},"primaryImageOfPage":{"@id":"https:\/\/aufildespierres.com\/index.php\/product\/ganesh-quartz-rose-aura\/#primaryimage"},"image":{"@id":"https:\/\/aufildespierres.com\/index.php\/product\/ganesh-quartz-rose-aura\/#primaryimage"},"thumbnailUrl":"https:\/\/aufildespierres.com\/wp-content\/uploads\/2024\/12\/20241118_133114-scaled.jpg","datePublished":"2024-12-08T11:47:06+00:00","dateModified":"2026-04-14T12:33:42+00:00","description":"Ganesh Quartz rose aura trait\u00e9 par ajout de min\u00e9raux comme or et argent pour lui conf\u00e9rer son aspect aura qui refl\u00e8te en prisme la lumi\u00e8re de l'arc en ciel .Le ganesh est un produit artisanal qui provient du Pakistan et est sculpt\u00e9 \u00e0 la main. Outre son aspect spirituel il apporte les bienfaits du quartz rose et sa brillance d\u00e9corative.","breadcrumb":{"@id":"https:\/\/aufildespierres.com\/index.php\/product\/ganesh-quartz-rose-aura\/#breadcrumb"},"inLanguage":"fr-FR","potentialAction":[{"@type":"ReadAction","target":["https:\/\/aufildespierres.com\/index.php\/product\/ganesh-quartz-rose-aura\/"]}]},{"@type":"ImageObject","inLanguage":"fr-FR","@id":"https:\/\/aufildespierres.com\/index.php\/product\/ganesh-quartz-rose-aura\/#primaryimage","url":"https:\/\/aufildespierres.com\/wp-content\/uploads\/2024\/12\/20241118_133114-scaled.jpg","contentUrl":"https:\/\/aufildespierres.com\/wp-content\/uploads\/2024\/12\/20241118_133114-scaled.jpg","width":2024,"height":2560},{"@type":"BreadcrumbList","@id":"https:\/\/aufildespierres.com\/index.php\/product\/ganesh-quartz-rose-aura\/#breadcrumb","itemListElement":[{"@type":"ListItem","position":1,"name":"Accueil","item":"https:\/\/aufildespierres.com\/"},{"@type":"ListItem","position":2,"name":"Boutique de Lithoth\u00e9rapie","item":"https:\/\/aufildespierres.com\/index.php\/boutique-de-lithotherapie\/"},{"@type":"ListItem","position":3,"name":"Ganesh Quartz rose aura"}]},{"@type":"WebSite","@id":"https:\/\/aufildespierres.com\/#website","url":"https:\/\/aufildespierres.com\/","name":"Au fil des pierres","description":"Au fil des pierres","publisher":{"@id":"https:\/\/aufildespierres.com\/#organization"},"potentialAction":[{"@type":"SearchAction","target":{"@type":"EntryPoint","urlTemplate":"https:\/\/aufildespierres.com\/?s={search_term_string}"},"query-input":{"@type":"PropertyValueSpecification","valueRequired":true,"valueName":"search_term_string"}}],"inLanguage":"fr-FR"},{"@type":"Organization","@id":"https:\/\/aufildespierres.com\/#organization","name":"Au fil des pierres","url":"https:\/\/aufildespierres.com\/","logo":{"@type":"ImageObject","inLanguage":"fr-FR","@id":"https:\/\/aufildespierres.com\/#\/schema\/logo\/image\/","url":"https:\/\/aufildespierres.com\/wp-content\/uploads\/2023\/05\/cropped-Logo-PNG-Transparent.png","contentUrl":"https:\/\/aufildespierres.com\/wp-content\/uploads\/2023\/05\/cropped-Logo-PNG-Transparent.png","width":1776,"height":1625,"caption":"Au fil des pierres"},"image":{"@id":"https:\/\/aufildespierres.com\/#\/schema\/logo\/image\/"}}]}},"_links":{"self":[{"href":"https:\/\/aufildespierres.com\/index.php\/wp-json\/wp\/v2\/product\/3090","targetHints":{"allow":["GET"]}}],"collection":[{"href":"https:\/\/aufildespierres.com\/index.php\/wp-json\/wp\/v2\/product"}],"about":[{"href":"https:\/\/aufildespierres.com\/index.php\/wp-json\/wp\/v2\/types\/product"}],"replies":[{"embeddable":true,"href":"https:\/\/aufildespierres.com\/index.php\/wp-json\/wp\/v2\/comments?post=3090"}],"wp:featuredmedia":[{"embeddable":true,"href":"https:\/\/aufildespierres.com\/index.php\/wp-json\/wp\/v2\/media\/3091"}],"wp:attachment":[{"href":"https:\/\/aufildespierres.com\/index.php\/wp-json\/wp\/v2\/media?parent=3090"}],"wp:term":[{"taxonomy":"product_brand","embeddable":true,"href":"https:\/\/aufildespierres.com\/index.php\/wp-json\/wp\/v2\/product_brand?post=3090"},{"taxonomy":"product_cat","embeddable":true,"href":"https:\/\/aufildespierres.com\/index.php\/wp-json\/wp\/v2\/product_cat?post=3090"},{"taxonomy":"product_tag","embeddable":true,"href":"https:\/\/aufildespierres.com\/index.php\/wp-json\/wp\/v2\/product_tag?post=3090"}],"curies":[{"name":"wp","href":"https:\/\/api.w.org\/{rel}","templated":true}]}}