{"id":3417,"date":"2025-03-04T08:30:09","date_gmt":"2025-03-04T07:30:09","guid":{"rendered":"https:\/\/aufildespierres.com\/?post_type=product&#038;p=3417"},"modified":"2026-04-08T22:05:28","modified_gmt":"2026-04-08T20:05:28","slug":"bracelet-aigue-marine-et-heliodore","status":"publish","type":"product","link":"https:\/\/aufildespierres.com\/index.php\/product\/bracelet-aigue-marine-et-heliodore\/","title":{"rendered":"Bracelet Aigue marine et h\u00e9liodore"},"content":{"rendered":"<div class=\"relative basis-auto flex-col -mb-(--composer-overlap-px) pb-(--composer-overlap-px) [--composer-overlap-px:28px] grow flex\">\n<div class=\"flex flex-col text-sm pb-25\">\n<section class=\"text-token-text-primary w-full focus:outline-none [--shadow-height:45px] has-data-writing-block:pointer-events-none has-data-writing-block:-mt-(--shadow-height) has-data-writing-block:pt-(--shadow-height) [&amp;:has([data-writing-block])&gt;*]:pointer-events-auto scroll-mt-(--header-height)\" dir=\"auto\" data-turn-id=\"484ec06e-6353-48dd-882a-7e9832f83447\" data-testid=\"conversation-turn-13\" data-scroll-anchor=\"false\" data-turn=\"user\"><\/section>\n<section class=\"text-token-text-primary w-full focus:outline-none [--shadow-height:45px] has-data-writing-block:pointer-events-none has-data-writing-block:-mt-(--shadow-height) has-data-writing-block:pt-(--shadow-height) [&amp;:has([data-writing-block])&gt;*]:pointer-events-auto scroll-mt-[calc(var(--header-height)+min(200px,max(70px,20svh)))]\" dir=\"auto\" data-turn-id=\"request-WEB:0d57ba53-06b3-4039-bb09-8e1a5d6d6632-6\" data-testid=\"conversation-turn-14\" data-scroll-anchor=\"true\" data-turn=\"assistant\">\n<div class=\"text-base my-auto mx-auto pb-10 [--thread-content-margin:var(--thread-content-margin-xs,calc(var(--spacing)*4))] @w-sm\/main:[--thread-content-margin:var(--thread-content-margin-sm,calc(var(--spacing)*6))] @w-lg\/main:[--thread-content-margin:var(--thread-content-margin-lg,calc(var(--spacing)*16))] px-(--thread-content-margin)\">\n<div class=\"[--thread-content-max-width:40rem] @w-lg\/main:[--thread-content-max-width:48rem] mx-auto max-w-(--thread-content-max-width) flex-1 group\/turn-messages focus-visible:outline-hidden relative flex w-full min-w-0 flex-col agent-turn\">\n<div class=\"flex max-w-full flex-col gap-4 grow\">\n<div class=\"min-h-8 text-message relative flex w-full flex-col items-end gap-2 text-start break-words whitespace-normal outline-none keyboard-focused:focus-ring [.text-message+&amp;]:mt-1\" dir=\"auto\" tabindex=\"0\" data-message-author-role=\"assistant\" data-message-id=\"04a87054-f42f-4021-a33d-7f8c3cf740ee\" data-message-model-slug=\"gpt-5-3\" data-turn-start-message=\"true\">\n<div class=\"flex w-full flex-col gap-1 empty:hidden\">\n<div class=\"markdown prose dark:prose-invert w-full wrap-break-word light markdown-new-styling\">\n<p data-start=\"0\" data-end=\"289\">D\u00e9couvrez ce <strong data-start=\"13\" data-end=\"72\">bracelet en Aigue-Marine et H\u00e9liodore en perles de 8 mm<\/strong>, une cr\u00e9ation lumineuse et harmonieuse issue de pierres naturelles provenant de m\u00eames gisements. \u00c9l\u00e9gant et symbolique, il est orn\u00e9 d\u2019une breloque poisson, modifiable sur demande pour un bijou personnalis\u00e9 et unique.<\/p>\n<p data-start=\"291\" data-end=\"791\">L\u2019Aigue-Marine est reconnue pour ses vertus apaisantes et clarifiantes. En effet, elle apporte s\u00e9r\u00e9nit\u00e9, clart\u00e9 mentale et aide \u00e0 mieux g\u00e9rer les \u00e9motions. Ainsi, elle favorise le l\u00e2cher-prise et am\u00e9liore la communication, notamment chez les personnes timides ou sensibles. De plus, elle stimule la m\u00e9moire et accompagne efficacement lors de prises de parole, d\u2019examens ou de situations stressantes. Par cons\u00e9quent, elle renforce les relations saines et encourage l\u2019expression sinc\u00e8re des sentiments.<\/p>\n<p data-start=\"793\" data-end=\"1111\">Sur le plan physique, cette pierre naturelle agit en douceur sur le syst\u00e8me respiratoire, la gorge et la digestion. Elle contribue \u00e9galement \u00e0 r\u00e9guler la circulation sanguine et peut apaiser certaines tensions comme les migraines ou les irritations cutan\u00e9es. De ce fait, elle soutient le bien-\u00eatre global au quotidien.<\/p>\n<p data-start=\"1113\" data-end=\"1497\">L\u2019H\u00e9liodore, pierre solaire associ\u00e9e au chakra du plexus solaire, compl\u00e8te parfaitement l\u2019Aigue-Marine. Elle dynamise l\u2019\u00e9nergie, renforce la volont\u00e9 et apporte une joie de vivre durable. En outre, elle stimule les capacit\u00e9s mentales telles que la m\u00e9moire, l\u2019analyse et la cr\u00e9ativit\u00e9. Gr\u00e2ce \u00e0 son \u00e9nergie rayonnante, elle aide \u00e0 retrouver confiance en soi et \u00e0 avancer avec motivation.<\/p>\n<p data-start=\"1499\" data-end=\"1724\">Ce bracelet \u00e9nerg\u00e9tique favorise \u00e9galement la vitalit\u00e9 physique en soutenant le syst\u00e8me immunitaire, digestif et circulatoire. Ainsi, il accompagne les p\u00e9riodes de fatigue ou de transition en apportant \u00e9quilibre et dynamisme.<\/p>\n<p data-start=\"1726\" data-end=\"1857\" data-is-last-node=\"\" data-is-only-node=\"\">Pour pr\u00e9server ses bienfaits, purifiez votre bracelet \u00e0 l\u2019eau sal\u00e9e distill\u00e9e et rechargez-le au soleil ou sur une g\u00e9ode de quartz.<\/p>\n<\/div>\n<\/div>\n<\/div>\n<\/div>\n<div class=\"z-0 flex min-h-[46px] justify-start\"><\/div>\n<\/div>\n<\/div>\n<\/section>\n<\/div>\n<div class=\"pointer-events-none h-px w-px absolute bottom-0\" aria-hidden=\"true\" data-edge=\"true\"><\/div>\n<\/div>\n<div id=\"thread-bottom-container\" class=\"sticky bottom-0 z-10 group\/thread-bottom-container relative isolate w-full basis-auto has-data-has-thread-error:pt-2 has-data-has-thread-error:[box-shadow:var(--sharp-edge-bottom-shadow)] md:border-transparent md:pt-0 dark:border-white\/20 md:dark:border-transparent print:hidden content-fade single-line flex flex-col\">\n<div class=\"relative mx-auto h-0\">\n<div><\/div>\n<\/div>\n<div id=\"thread-bottom\">\n<div class=\"text-base mx-auto [--thread-content-margin:var(--thread-content-margin-xs,calc(var(--spacing)*4))] @w-sm\/main:[--thread-content-margin:var(--thread-content-margin-sm,calc(var(--spacing)*6))] @w-lg\/main:[--thread-content-margin:var(--thread-content-margin-lg,calc(var(--spacing)*16))] px-(--thread-content-margin)\">\n<div class=\"[--thread-content-max-width:40rem] @w-lg\/main:[--thread-content-max-width:48rem] mx-auto max-w-(--thread-content-max-width) flex-1 mb-[var(--thread-component-gap,1rem)]\">\n<div class=\"flex justify-center empty:hidden\"><\/div>\n<div class=\"pointer-events-auto relative z-1 flex h-(--composer-container-height,100%) max-w-full flex-(--composer-container-flex,1) flex-col\">\n<div class=\"absolute start-0 end-0 bottom-full z-20\"><\/div>\n<form class=\"group\/composer w-full\" data-type=\"unified-composer\">\n<div class=\"hidden\"><\/div>\n<\/form>\n<\/div>\n<\/div>\n<\/div>\n<\/div>\n<\/div>\n","protected":false},"excerpt":{"rendered":"<p>D\u00e9couvrez ce bracelet en Aigue-Marine et H\u00e9liodore en perles de 8 mm, une cr\u00e9ation lumineuse et harmonieuse issue de pierres naturelles provenant de m\u00eames gisements. \u00c9l\u00e9gant et symbolique, il est orn\u00e9 d\u2019une breloque poisson, modifiable sur demande pour un bijou personnalis\u00e9 et unique. L\u2019Aigue-Marine est reconnue pour ses vertus apaisantes et clarifiantes. En effet, elle [&hellip;]<\/p>\n","protected":false},"featured_media":3418,"comment_status":"open","ping_status":"closed","template":"","meta":{"site-sidebar-layout":"default","site-content-layout":"","ast-site-content-layout":"default","site-content-style":"default","site-sidebar-style":"default","ast-global-header-display":"","ast-banner-title-visibility":"","ast-main-header-display":"","ast-hfb-above-header-display":"","ast-hfb-below-header-display":"","ast-hfb-mobile-header-display":"","site-post-title":"","ast-breadcrumbs-content":"","ast-featured-img":"","footer-sml-layout":"","ast-disable-related-posts":"","theme-transparent-header-meta":"default","adv-header-id-meta":"","stick-header-meta":"","header-above-stick-meta":"","header-main-stick-meta":"","header-below-stick-meta":"","astra-migrate-meta-layouts":"set","ast-page-background-enabled":"default","ast-page-background-meta":{"desktop":{"background-color":"var(--ast-global-color-4)","background-image":"","background-repeat":"repeat","background-position":"center center","background-size":"auto","background-attachment":"scroll","background-type":"","background-media":"","overlay-type":"","overlay-color":"","overlay-opacity":"","overlay-gradient":""},"tablet":{"background-color":"","background-image":"","background-repeat":"repeat","background-position":"center center","background-size":"auto","background-attachment":"scroll","background-type":"","background-media":"","overlay-type":"","overlay-color":"","overlay-opacity":"","overlay-gradient":""},"mobile":{"background-color":"","background-image":"","background-repeat":"repeat","background-position":"center center","background-size":"auto","background-attachment":"scroll","background-type":"","background-media":"","overlay-type":"","overlay-color":"","overlay-opacity":"","overlay-gradient":""}},"ast-content-background-meta":{"desktop":{"background-color":"var(--ast-global-color-5)","background-image":"","background-repeat":"repeat","background-position":"center center","background-size":"auto","background-attachment":"scroll","background-type":"","background-media":"","overlay-type":"","overlay-color":"","overlay-opacity":"","overlay-gradient":""},"tablet":{"background-color":"var(--ast-global-color-5)","background-image":"","background-repeat":"repeat","background-position":"center center","background-size":"auto","background-attachment":"scroll","background-type":"","background-media":"","overlay-type":"","overlay-color":"","overlay-opacity":"","overlay-gradient":""},"mobile":{"background-color":"var(--ast-global-color-5)","background-image":"","background-repeat":"repeat","background-position":"center center","background-size":"auto","background-attachment":"scroll","background-type":"","background-media":"","overlay-type":"","overlay-color":"","overlay-opacity":"","overlay-gradient":""}},"_glsr_average":0,"_glsr_ranking":0,"_glsr_reviews":0},"product_brand":[],"product_cat":[54,164,72,56,290,71,49,276,84,63,15,78,41],"product_tag":[],"class_list":{"0":"post-3417","1":"product","2":"type-product","3":"status-publish","4":"has-post-thumbnail","6":"product_cat-8-mm","7":"product_cat-aigue-marine","8":"product_cat-bleu","9":"product_cat-bracelets-de-lithotherapie","10":"product_cat-bracelets-de-lithotherapie-femmes","11":"product_cat-communication","12":"product_cat-confiance-en-soi","13":"product_cat-heliodore","14":"product_cat-jaune","15":"product_cat-stress-angoisses","16":"product_cat-tout","17":"product_cat-vert","18":"product_cat-vitalite","19":"desktop-align-left","20":"tablet-align-left","21":"mobile-align-left","23":"first","24":"instock","25":"purchasable","26":"product-type-variable"},"yoast_head":"<!-- This site is optimized with the Yoast SEO plugin v27.5 - https:\/\/yoast.com\/product\/yoast-seo-wordpress\/ -->\n<title>Bracelet Aigue marine et h\u00e9liodore - Au fil des pierres<\/title>\n<meta name=\"description\" content=\"&quot;Bracelet en Aigue-Marine et H\u00e9liodore, pierres naturelles aux \u00e9nergies apaisantes et lumineuses. Favorise s\u00e9r\u00e9nit\u00e9, clart\u00e9 mentale et confiance en soi au quotidien.&quot;\" \/>\n<meta name=\"robots\" content=\"index, follow, max-snippet:-1, max-image-preview:large, max-video-preview:-1\" \/>\n<link rel=\"canonical\" href=\"https:\/\/aufildespierres.com\/index.php\/product\/bracelet-aigue-marine-et-heliodore\/\" \/>\n<meta property=\"og:locale\" content=\"fr_FR\" \/>\n<meta property=\"og:type\" content=\"article\" \/>\n<meta property=\"og:title\" content=\"Bracelet Aigue marine et h\u00e9liodore - Au fil des pierres\" \/>\n<meta property=\"og:description\" content=\"&quot;Bracelet en Aigue-Marine et H\u00e9liodore, pierres naturelles aux \u00e9nergies apaisantes et lumineuses. Favorise s\u00e9r\u00e9nit\u00e9, clart\u00e9 mentale et confiance en soi au quotidien.&quot;\" \/>\n<meta property=\"og:url\" content=\"https:\/\/aufildespierres.com\/index.php\/product\/bracelet-aigue-marine-et-heliodore\/\" \/>\n<meta property=\"og:site_name\" content=\"Au fil des pierres\" \/>\n<meta property=\"article:modified_time\" content=\"2026-04-08T20:05:28+00:00\" \/>\n<meta property=\"og:image\" content=\"https:\/\/aufildespierres.com\/wp-content\/uploads\/2025\/03\/20250303_141000-scaled.jpg\" \/>\n\t<meta property=\"og:image:width\" content=\"2126\" \/>\n\t<meta property=\"og:image:height\" content=\"2560\" \/>\n\t<meta property=\"og:image:type\" content=\"image\/jpeg\" \/>\n<meta name=\"twitter:card\" content=\"summary_large_image\" \/>\n<meta name=\"twitter:label1\" content=\"Dur\u00e9e de lecture estim\u00e9e\" \/>\n\t<meta name=\"twitter:data1\" content=\"2 minutes\" \/>\n<script type=\"application\/ld+json\" class=\"yoast-schema-graph\">{\"@context\":\"https:\\\/\\\/schema.org\",\"@graph\":[{\"@type\":\"WebPage\",\"@id\":\"https:\\\/\\\/aufildespierres.com\\\/index.php\\\/product\\\/bracelet-aigue-marine-et-heliodore\\\/\",\"url\":\"https:\\\/\\\/aufildespierres.com\\\/index.php\\\/product\\\/bracelet-aigue-marine-et-heliodore\\\/\",\"name\":\"Bracelet Aigue marine et h\u00e9liodore - Au fil des pierres\",\"isPartOf\":{\"@id\":\"https:\\\/\\\/aufildespierres.com\\\/#website\"},\"primaryImageOfPage\":{\"@id\":\"https:\\\/\\\/aufildespierres.com\\\/index.php\\\/product\\\/bracelet-aigue-marine-et-heliodore\\\/#primaryimage\"},\"image\":{\"@id\":\"https:\\\/\\\/aufildespierres.com\\\/index.php\\\/product\\\/bracelet-aigue-marine-et-heliodore\\\/#primaryimage\"},\"thumbnailUrl\":\"https:\\\/\\\/aufildespierres.com\\\/wp-content\\\/uploads\\\/2025\\\/03\\\/20250303_141000-scaled.jpg\",\"datePublished\":\"2025-03-04T07:30:09+00:00\",\"dateModified\":\"2026-04-08T20:05:28+00:00\",\"description\":\"\\\"Bracelet en Aigue-Marine et H\u00e9liodore, pierres naturelles aux \u00e9nergies apaisantes et lumineuses. Favorise s\u00e9r\u00e9nit\u00e9, clart\u00e9 mentale et confiance en soi au quotidien.\\\"\",\"breadcrumb\":{\"@id\":\"https:\\\/\\\/aufildespierres.com\\\/index.php\\\/product\\\/bracelet-aigue-marine-et-heliodore\\\/#breadcrumb\"},\"inLanguage\":\"fr-FR\",\"potentialAction\":[{\"@type\":\"ReadAction\",\"target\":[\"https:\\\/\\\/aufildespierres.com\\\/index.php\\\/product\\\/bracelet-aigue-marine-et-heliodore\\\/\"]}]},{\"@type\":\"ImageObject\",\"inLanguage\":\"fr-FR\",\"@id\":\"https:\\\/\\\/aufildespierres.com\\\/index.php\\\/product\\\/bracelet-aigue-marine-et-heliodore\\\/#primaryimage\",\"url\":\"https:\\\/\\\/aufildespierres.com\\\/wp-content\\\/uploads\\\/2025\\\/03\\\/20250303_141000-scaled.jpg\",\"contentUrl\":\"https:\\\/\\\/aufildespierres.com\\\/wp-content\\\/uploads\\\/2025\\\/03\\\/20250303_141000-scaled.jpg\",\"width\":2126,\"height\":2560},{\"@type\":\"BreadcrumbList\",\"@id\":\"https:\\\/\\\/aufildespierres.com\\\/index.php\\\/product\\\/bracelet-aigue-marine-et-heliodore\\\/#breadcrumb\",\"itemListElement\":[{\"@type\":\"ListItem\",\"position\":1,\"name\":\"Accueil\",\"item\":\"https:\\\/\\\/aufildespierres.com\\\/\"},{\"@type\":\"ListItem\",\"position\":2,\"name\":\"Boutique de Lithoth\u00e9rapie\",\"item\":\"https:\\\/\\\/aufildespierres.com\\\/index.php\\\/boutique-de-lithotherapie\\\/\"},{\"@type\":\"ListItem\",\"position\":3,\"name\":\"Bracelet Aigue marine et h\u00e9liodore\"}]},{\"@type\":\"WebSite\",\"@id\":\"https:\\\/\\\/aufildespierres.com\\\/#website\",\"url\":\"https:\\\/\\\/aufildespierres.com\\\/\",\"name\":\"Au fil des pierres\",\"description\":\"Au fil des pierres\",\"publisher\":{\"@id\":\"https:\\\/\\\/aufildespierres.com\\\/#organization\"},\"potentialAction\":[{\"@type\":\"SearchAction\",\"target\":{\"@type\":\"EntryPoint\",\"urlTemplate\":\"https:\\\/\\\/aufildespierres.com\\\/?s={search_term_string}\"},\"query-input\":{\"@type\":\"PropertyValueSpecification\",\"valueRequired\":true,\"valueName\":\"search_term_string\"}}],\"inLanguage\":\"fr-FR\"},{\"@type\":\"Organization\",\"@id\":\"https:\\\/\\\/aufildespierres.com\\\/#organization\",\"name\":\"Au fil des pierres\",\"url\":\"https:\\\/\\\/aufildespierres.com\\\/\",\"logo\":{\"@type\":\"ImageObject\",\"inLanguage\":\"fr-FR\",\"@id\":\"https:\\\/\\\/aufildespierres.com\\\/#\\\/schema\\\/logo\\\/image\\\/\",\"url\":\"https:\\\/\\\/aufildespierres.com\\\/wp-content\\\/uploads\\\/2023\\\/05\\\/cropped-Logo-PNG-Transparent.png\",\"contentUrl\":\"https:\\\/\\\/aufildespierres.com\\\/wp-content\\\/uploads\\\/2023\\\/05\\\/cropped-Logo-PNG-Transparent.png\",\"width\":1776,\"height\":1625,\"caption\":\"Au fil des pierres\"},\"image\":{\"@id\":\"https:\\\/\\\/aufildespierres.com\\\/#\\\/schema\\\/logo\\\/image\\\/\"}}]}<\/script>\n<!-- \/ Yoast SEO plugin. -->","yoast_head_json":{"title":"Bracelet Aigue marine et h\u00e9liodore - Au fil des pierres","description":"\"Bracelet en Aigue-Marine et H\u00e9liodore, pierres naturelles aux \u00e9nergies apaisantes et lumineuses. Favorise s\u00e9r\u00e9nit\u00e9, clart\u00e9 mentale et confiance en soi au quotidien.\"","robots":{"index":"index","follow":"follow","max-snippet":"max-snippet:-1","max-image-preview":"max-image-preview:large","max-video-preview":"max-video-preview:-1"},"canonical":"https:\/\/aufildespierres.com\/index.php\/product\/bracelet-aigue-marine-et-heliodore\/","og_locale":"fr_FR","og_type":"article","og_title":"Bracelet Aigue marine et h\u00e9liodore - Au fil des pierres","og_description":"\"Bracelet en Aigue-Marine et H\u00e9liodore, pierres naturelles aux \u00e9nergies apaisantes et lumineuses. Favorise s\u00e9r\u00e9nit\u00e9, clart\u00e9 mentale et confiance en soi au quotidien.\"","og_url":"https:\/\/aufildespierres.com\/index.php\/product\/bracelet-aigue-marine-et-heliodore\/","og_site_name":"Au fil des pierres","article_modified_time":"2026-04-08T20:05:28+00:00","og_image":[{"width":2126,"height":2560,"url":"https:\/\/aufildespierres.com\/wp-content\/uploads\/2025\/03\/20250303_141000-scaled.jpg","type":"image\/jpeg"}],"twitter_card":"summary_large_image","twitter_misc":{"Dur\u00e9e de lecture estim\u00e9e":"2 minutes"},"schema":{"@context":"https:\/\/schema.org","@graph":[{"@type":"WebPage","@id":"https:\/\/aufildespierres.com\/index.php\/product\/bracelet-aigue-marine-et-heliodore\/","url":"https:\/\/aufildespierres.com\/index.php\/product\/bracelet-aigue-marine-et-heliodore\/","name":"Bracelet Aigue marine et h\u00e9liodore - Au fil des pierres","isPartOf":{"@id":"https:\/\/aufildespierres.com\/#website"},"primaryImageOfPage":{"@id":"https:\/\/aufildespierres.com\/index.php\/product\/bracelet-aigue-marine-et-heliodore\/#primaryimage"},"image":{"@id":"https:\/\/aufildespierres.com\/index.php\/product\/bracelet-aigue-marine-et-heliodore\/#primaryimage"},"thumbnailUrl":"https:\/\/aufildespierres.com\/wp-content\/uploads\/2025\/03\/20250303_141000-scaled.jpg","datePublished":"2025-03-04T07:30:09+00:00","dateModified":"2026-04-08T20:05:28+00:00","description":"\"Bracelet en Aigue-Marine et H\u00e9liodore, pierres naturelles aux \u00e9nergies apaisantes et lumineuses. Favorise s\u00e9r\u00e9nit\u00e9, clart\u00e9 mentale et confiance en soi au quotidien.\"","breadcrumb":{"@id":"https:\/\/aufildespierres.com\/index.php\/product\/bracelet-aigue-marine-et-heliodore\/#breadcrumb"},"inLanguage":"fr-FR","potentialAction":[{"@type":"ReadAction","target":["https:\/\/aufildespierres.com\/index.php\/product\/bracelet-aigue-marine-et-heliodore\/"]}]},{"@type":"ImageObject","inLanguage":"fr-FR","@id":"https:\/\/aufildespierres.com\/index.php\/product\/bracelet-aigue-marine-et-heliodore\/#primaryimage","url":"https:\/\/aufildespierres.com\/wp-content\/uploads\/2025\/03\/20250303_141000-scaled.jpg","contentUrl":"https:\/\/aufildespierres.com\/wp-content\/uploads\/2025\/03\/20250303_141000-scaled.jpg","width":2126,"height":2560},{"@type":"BreadcrumbList","@id":"https:\/\/aufildespierres.com\/index.php\/product\/bracelet-aigue-marine-et-heliodore\/#breadcrumb","itemListElement":[{"@type":"ListItem","position":1,"name":"Accueil","item":"https:\/\/aufildespierres.com\/"},{"@type":"ListItem","position":2,"name":"Boutique de Lithoth\u00e9rapie","item":"https:\/\/aufildespierres.com\/index.php\/boutique-de-lithotherapie\/"},{"@type":"ListItem","position":3,"name":"Bracelet Aigue marine et h\u00e9liodore"}]},{"@type":"WebSite","@id":"https:\/\/aufildespierres.com\/#website","url":"https:\/\/aufildespierres.com\/","name":"Au fil des pierres","description":"Au fil des pierres","publisher":{"@id":"https:\/\/aufildespierres.com\/#organization"},"potentialAction":[{"@type":"SearchAction","target":{"@type":"EntryPoint","urlTemplate":"https:\/\/aufildespierres.com\/?s={search_term_string}"},"query-input":{"@type":"PropertyValueSpecification","valueRequired":true,"valueName":"search_term_string"}}],"inLanguage":"fr-FR"},{"@type":"Organization","@id":"https:\/\/aufildespierres.com\/#organization","name":"Au fil des pierres","url":"https:\/\/aufildespierres.com\/","logo":{"@type":"ImageObject","inLanguage":"fr-FR","@id":"https:\/\/aufildespierres.com\/#\/schema\/logo\/image\/","url":"https:\/\/aufildespierres.com\/wp-content\/uploads\/2023\/05\/cropped-Logo-PNG-Transparent.png","contentUrl":"https:\/\/aufildespierres.com\/wp-content\/uploads\/2023\/05\/cropped-Logo-PNG-Transparent.png","width":1776,"height":1625,"caption":"Au fil des pierres"},"image":{"@id":"https:\/\/aufildespierres.com\/#\/schema\/logo\/image\/"}}]}},"_links":{"self":[{"href":"https:\/\/aufildespierres.com\/index.php\/wp-json\/wp\/v2\/product\/3417","targetHints":{"allow":["GET"]}}],"collection":[{"href":"https:\/\/aufildespierres.com\/index.php\/wp-json\/wp\/v2\/product"}],"about":[{"href":"https:\/\/aufildespierres.com\/index.php\/wp-json\/wp\/v2\/types\/product"}],"replies":[{"embeddable":true,"href":"https:\/\/aufildespierres.com\/index.php\/wp-json\/wp\/v2\/comments?post=3417"}],"wp:featuredmedia":[{"embeddable":true,"href":"https:\/\/aufildespierres.com\/index.php\/wp-json\/wp\/v2\/media\/3418"}],"wp:attachment":[{"href":"https:\/\/aufildespierres.com\/index.php\/wp-json\/wp\/v2\/media?parent=3417"}],"wp:term":[{"taxonomy":"product_brand","embeddable":true,"href":"https:\/\/aufildespierres.com\/index.php\/wp-json\/wp\/v2\/product_brand?post=3417"},{"taxonomy":"product_cat","embeddable":true,"href":"https:\/\/aufildespierres.com\/index.php\/wp-json\/wp\/v2\/product_cat?post=3417"},{"taxonomy":"product_tag","embeddable":true,"href":"https:\/\/aufildespierres.com\/index.php\/wp-json\/wp\/v2\/product_tag?post=3417"}],"curies":[{"name":"wp","href":"https:\/\/api.w.org\/{rel}","templated":true}]}}