{"id":3854,"date":"2025-04-14T21:21:32","date_gmt":"2025-04-14T19:21:32","guid":{"rendered":"https:\/\/aufildespierres.com\/?post_type=product&#038;p=3854"},"modified":"2025-10-10T14:33:32","modified_gmt":"2025-10-10T12:33:32","slug":"bracelet-jaspe-brun","status":"publish","type":"product","link":"https:\/\/aufildespierres.com\/index.php\/product\/bracelet-jaspe-brun\/","title":{"rendered":"Bracelet Jaspe brun"},"content":{"rendered":"<h3 class=\"\" data-start=\"204\" data-end=\"268\"><strong data-start=\"208\" data-end=\"268\">Bracelet\u00a0 Jaspe Brun <\/strong><\/h3>\n<h3 class=\"\" data-start=\"204\" data-end=\"268\"><strong data-start=\"208\" data-end=\"268\">\u00a0Ancrage, Stabilit\u00e9 et Confiance\u00a0<\/strong><\/h3>\n<p>8mm , convient pour un poignet de 17 \u00e0 18 cm . me contacter pour une autre mesure<\/p>\n<p class=\"\" data-start=\"270\" data-end=\"514\">Le <strong data-start=\"273\" data-end=\"299\">bracelet en Jaspe brun<\/strong> est un bijou naturel aux couleurs chaudes et rassurantes, con\u00e7u pour ceux qui recherchent <strong data-start=\"390\" data-end=\"413\">s\u00e9r\u00e9nit\u00e9 et ancrage<\/strong>. Gr\u00e2ce \u00e0 ses teintes terreuses et profondes, il \u00e9voque la stabilit\u00e9, la s\u00e9curit\u00e9 et le retour \u00e0 soi.<\/p>\n<p class=\"\" data-start=\"516\" data-end=\"799\">En <strong data-start=\"519\" data-end=\"536\">lithoth\u00e9rapie<\/strong>, le Jaspe brun est connu pour ses propri\u00e9t\u00e9s d\u2019<strong data-start=\"584\" data-end=\"595\">ancrage<\/strong>. Il aide \u00e0 garder les pieds sur terre, \u00e0 se recentrer et \u00e0 affronter les d\u00e9fis du quotidien avec calme. Ainsi, il agit directement sur le <strong data-start=\"734\" data-end=\"751\">chakra racine<\/strong>, renfor\u00e7ant le lien avec l\u2019\u00e9nergie de la Terre.<\/p>\n<p class=\"\" data-start=\"801\" data-end=\"1094\">Cette pierre soutient \u00e9galement la <strong data-start=\"836\" data-end=\"848\">patience<\/strong>, la <strong data-start=\"853\" data-end=\"869\">pers\u00e9v\u00e9rance<\/strong> et le <strong data-start=\"876\" data-end=\"904\">sens des responsabilit\u00e9s<\/strong>. Elle est id\u00e9ale en p\u00e9riode de doute, lorsque l\u2019on cherche \u00e0 retrouver son \u00e9quilibre int\u00e9rieur. De plus, elle favorise une attitude pos\u00e9e, propice \u00e0 la r\u00e9flexion et aux d\u00e9cisions concr\u00e8tes.<\/p>\n<p class=\"\" data-start=\"1096\" data-end=\"1412\">Porter ce bracelet au quotidien vous aide \u00e0 rester <strong data-start=\"1147\" data-end=\"1157\">align\u00e9<\/strong>, m\u00eame dans les situations instables. Il cr\u00e9e une sensation de s\u00e9curit\u00e9 int\u00e9rieure, tout en encourageant la confiance en soi. Gr\u00e2ce \u00e0 ses vibrations douces mais puissantes, il accompagne aussi bien les p\u00e9riodes de changement que les moments de recentrage.<\/p>\n<p class=\"\" data-start=\"1414\" data-end=\"1577\">Chaque perle est s\u00e9lectionn\u00e9e avec soin pour sa <strong data-start=\"1462\" data-end=\"1483\">qualit\u00e9 naturelle<\/strong> et son aspect authentique. Ce bracelet allie esth\u00e9tique, symbolique et bien-\u00eatre \u00e9nerg\u00e9tique.<\/p>\n","protected":false},"excerpt":{"rendered":"<p>Bracelet\u00a0 Jaspe Brun \u00a0Ancrage, Stabilit\u00e9 et Confiance\u00a0 8mm , convient pour un poignet de 17 \u00e0 18 cm . me contacter pour une autre mesure Le bracelet en Jaspe brun est un bijou naturel aux couleurs chaudes et rassurantes, con\u00e7u pour ceux qui recherchent s\u00e9r\u00e9nit\u00e9 et ancrage. Gr\u00e2ce \u00e0 ses teintes terreuses et profondes, il [&hellip;]<\/p>\n","protected":false},"featured_media":3855,"comment_status":"open","ping_status":"closed","template":"","meta":{"site-sidebar-layout":"default","site-content-layout":"","ast-site-content-layout":"default","site-content-style":"default","site-sidebar-style":"default","ast-global-header-display":"","ast-banner-title-visibility":"","ast-main-header-display":"","ast-hfb-above-header-display":"","ast-hfb-below-header-display":"","ast-hfb-mobile-header-display":"","site-post-title":"","ast-breadcrumbs-content":"","ast-featured-img":"","footer-sml-layout":"","ast-disable-related-posts":"","theme-transparent-header-meta":"default","adv-header-id-meta":"","stick-header-meta":"","header-above-stick-meta":"","header-main-stick-meta":"","header-below-stick-meta":"","astra-migrate-meta-layouts":"set","ast-page-background-enabled":"default","ast-page-background-meta":{"desktop":{"background-color":"var(--ast-global-color-4)","background-image":"","background-repeat":"repeat","background-position":"center center","background-size":"auto","background-attachment":"scroll","background-type":"","background-media":"","overlay-type":"","overlay-color":"","overlay-opacity":"","overlay-gradient":""},"tablet":{"background-color":"","background-image":"","background-repeat":"repeat","background-position":"center center","background-size":"auto","background-attachment":"scroll","background-type":"","background-media":"","overlay-type":"","overlay-color":"","overlay-opacity":"","overlay-gradient":""},"mobile":{"background-color":"","background-image":"","background-repeat":"repeat","background-position":"center center","background-size":"auto","background-attachment":"scroll","background-type":"","background-media":"","overlay-type":"","overlay-color":"","overlay-opacity":"","overlay-gradient":""}},"ast-content-background-meta":{"desktop":{"background-color":"var(--ast-global-color-5)","background-image":"","background-repeat":"repeat","background-position":"center center","background-size":"auto","background-attachment":"scroll","background-type":"","background-media":"","overlay-type":"","overlay-color":"","overlay-opacity":"","overlay-gradient":""},"tablet":{"background-color":"var(--ast-global-color-5)","background-image":"","background-repeat":"repeat","background-position":"center center","background-size":"auto","background-attachment":"scroll","background-type":"","background-media":"","overlay-type":"","overlay-color":"","overlay-opacity":"","overlay-gradient":""},"mobile":{"background-color":"var(--ast-global-color-5)","background-image":"","background-repeat":"repeat","background-position":"center center","background-size":"auto","background-attachment":"scroll","background-type":"","background-media":"","overlay-type":"","overlay-color":"","overlay-opacity":"","overlay-gradient":""}},"_glsr_average":0,"_glsr_ranking":0,"_glsr_reviews":0},"product_brand":[],"product_cat":[54,123,136,59,244,103,42],"product_tag":[],"class_list":{"0":"post-3854","1":"product","2":"type-product","3":"status-publish","4":"has-post-thumbnail","6":"product_cat-8-mm","7":"product_cat-ancrage-et-determination","8":"product_cat-beige","9":"product_cat-bracelets-de-lithotherapie-hommes","10":"product_cat-jaspe-brun","11":"product_cat-marron","12":"product_cat-protection","13":"desktop-align-left","14":"tablet-align-left","15":"mobile-align-left","17":"first","18":"instock","19":"purchasable","20":"product-type-simple"},"yoast_head":"<!-- This site is optimized with the Yoast SEO plugin v27.5 - https:\/\/yoast.com\/product\/yoast-seo-wordpress\/ -->\n<title>Bracelet Jaspe brun - Au fil des pierres<\/title>\n<meta name=\"description\" content=\"Bracelet en jaspe brun naturel, qualit\u00e9 sup\u00e9rieure, favorisant ancrage, stabilit\u00e9 \u00e9motionnelle et confiance en soi au quotidien.\" \/>\n<meta name=\"robots\" content=\"index, follow, max-snippet:-1, max-image-preview:large, max-video-preview:-1\" \/>\n<link rel=\"canonical\" href=\"https:\/\/aufildespierres.com\/index.php\/product\/bracelet-jaspe-brun\/\" \/>\n<meta property=\"og:locale\" content=\"fr_FR\" \/>\n<meta property=\"og:type\" content=\"article\" \/>\n<meta property=\"og:title\" content=\"Bracelet Jaspe brun - Au fil des pierres\" \/>\n<meta property=\"og:description\" content=\"Bracelet en jaspe brun naturel, qualit\u00e9 sup\u00e9rieure, favorisant ancrage, stabilit\u00e9 \u00e9motionnelle et confiance en soi au quotidien.\" \/>\n<meta property=\"og:url\" content=\"https:\/\/aufildespierres.com\/index.php\/product\/bracelet-jaspe-brun\/\" \/>\n<meta property=\"og:site_name\" content=\"Au fil des pierres\" \/>\n<meta property=\"article:modified_time\" content=\"2025-10-10T12:33:32+00:00\" \/>\n<meta property=\"og:image\" content=\"https:\/\/aufildespierres.com\/wp-content\/uploads\/2025\/04\/20250414_181813-scaled.jpg\" \/>\n\t<meta property=\"og:image:width\" content=\"2181\" \/>\n\t<meta property=\"og:image:height\" content=\"2560\" \/>\n\t<meta property=\"og:image:type\" content=\"image\/jpeg\" \/>\n<meta name=\"twitter:card\" content=\"summary_large_image\" \/>\n<meta name=\"twitter:label1\" content=\"Dur\u00e9e de lecture estim\u00e9e\" \/>\n\t<meta name=\"twitter:data1\" content=\"2 minutes\" \/>\n<script type=\"application\/ld+json\" class=\"yoast-schema-graph\">{\"@context\":\"https:\\\/\\\/schema.org\",\"@graph\":[{\"@type\":\"WebPage\",\"@id\":\"https:\\\/\\\/aufildespierres.com\\\/index.php\\\/product\\\/bracelet-jaspe-brun\\\/\",\"url\":\"https:\\\/\\\/aufildespierres.com\\\/index.php\\\/product\\\/bracelet-jaspe-brun\\\/\",\"name\":\"Bracelet Jaspe brun - Au fil des pierres\",\"isPartOf\":{\"@id\":\"https:\\\/\\\/aufildespierres.com\\\/#website\"},\"primaryImageOfPage\":{\"@id\":\"https:\\\/\\\/aufildespierres.com\\\/index.php\\\/product\\\/bracelet-jaspe-brun\\\/#primaryimage\"},\"image\":{\"@id\":\"https:\\\/\\\/aufildespierres.com\\\/index.php\\\/product\\\/bracelet-jaspe-brun\\\/#primaryimage\"},\"thumbnailUrl\":\"https:\\\/\\\/aufildespierres.com\\\/wp-content\\\/uploads\\\/2025\\\/04\\\/20250414_181813-scaled.jpg\",\"datePublished\":\"2025-04-14T19:21:32+00:00\",\"dateModified\":\"2025-10-10T12:33:32+00:00\",\"description\":\"Bracelet en jaspe brun naturel, qualit\u00e9 sup\u00e9rieure, favorisant ancrage, stabilit\u00e9 \u00e9motionnelle et confiance en soi au quotidien.\",\"breadcrumb\":{\"@id\":\"https:\\\/\\\/aufildespierres.com\\\/index.php\\\/product\\\/bracelet-jaspe-brun\\\/#breadcrumb\"},\"inLanguage\":\"fr-FR\",\"potentialAction\":[{\"@type\":\"ReadAction\",\"target\":[\"https:\\\/\\\/aufildespierres.com\\\/index.php\\\/product\\\/bracelet-jaspe-brun\\\/\"]}]},{\"@type\":\"ImageObject\",\"inLanguage\":\"fr-FR\",\"@id\":\"https:\\\/\\\/aufildespierres.com\\\/index.php\\\/product\\\/bracelet-jaspe-brun\\\/#primaryimage\",\"url\":\"https:\\\/\\\/aufildespierres.com\\\/wp-content\\\/uploads\\\/2025\\\/04\\\/20250414_181813-scaled.jpg\",\"contentUrl\":\"https:\\\/\\\/aufildespierres.com\\\/wp-content\\\/uploads\\\/2025\\\/04\\\/20250414_181813-scaled.jpg\",\"width\":2181,\"height\":2560},{\"@type\":\"BreadcrumbList\",\"@id\":\"https:\\\/\\\/aufildespierres.com\\\/index.php\\\/product\\\/bracelet-jaspe-brun\\\/#breadcrumb\",\"itemListElement\":[{\"@type\":\"ListItem\",\"position\":1,\"name\":\"Accueil\",\"item\":\"https:\\\/\\\/aufildespierres.com\\\/\"},{\"@type\":\"ListItem\",\"position\":2,\"name\":\"Boutique de Lithoth\u00e9rapie\",\"item\":\"https:\\\/\\\/aufildespierres.com\\\/index.php\\\/boutique-de-lithotherapie\\\/\"},{\"@type\":\"ListItem\",\"position\":3,\"name\":\"Bracelet Jaspe brun\"}]},{\"@type\":\"WebSite\",\"@id\":\"https:\\\/\\\/aufildespierres.com\\\/#website\",\"url\":\"https:\\\/\\\/aufildespierres.com\\\/\",\"name\":\"Au fil des pierres\",\"description\":\"Au fil des pierres\",\"publisher\":{\"@id\":\"https:\\\/\\\/aufildespierres.com\\\/#organization\"},\"potentialAction\":[{\"@type\":\"SearchAction\",\"target\":{\"@type\":\"EntryPoint\",\"urlTemplate\":\"https:\\\/\\\/aufildespierres.com\\\/?s={search_term_string}\"},\"query-input\":{\"@type\":\"PropertyValueSpecification\",\"valueRequired\":true,\"valueName\":\"search_term_string\"}}],\"inLanguage\":\"fr-FR\"},{\"@type\":\"Organization\",\"@id\":\"https:\\\/\\\/aufildespierres.com\\\/#organization\",\"name\":\"Au fil des pierres\",\"url\":\"https:\\\/\\\/aufildespierres.com\\\/\",\"logo\":{\"@type\":\"ImageObject\",\"inLanguage\":\"fr-FR\",\"@id\":\"https:\\\/\\\/aufildespierres.com\\\/#\\\/schema\\\/logo\\\/image\\\/\",\"url\":\"https:\\\/\\\/aufildespierres.com\\\/wp-content\\\/uploads\\\/2023\\\/05\\\/cropped-Logo-PNG-Transparent.png\",\"contentUrl\":\"https:\\\/\\\/aufildespierres.com\\\/wp-content\\\/uploads\\\/2023\\\/05\\\/cropped-Logo-PNG-Transparent.png\",\"width\":1776,\"height\":1625,\"caption\":\"Au fil des pierres\"},\"image\":{\"@id\":\"https:\\\/\\\/aufildespierres.com\\\/#\\\/schema\\\/logo\\\/image\\\/\"}}]}<\/script>\n<!-- \/ Yoast SEO plugin. -->","yoast_head_json":{"title":"Bracelet Jaspe brun - Au fil des pierres","description":"Bracelet en jaspe brun naturel, qualit\u00e9 sup\u00e9rieure, favorisant ancrage, stabilit\u00e9 \u00e9motionnelle et confiance en soi au quotidien.","robots":{"index":"index","follow":"follow","max-snippet":"max-snippet:-1","max-image-preview":"max-image-preview:large","max-video-preview":"max-video-preview:-1"},"canonical":"https:\/\/aufildespierres.com\/index.php\/product\/bracelet-jaspe-brun\/","og_locale":"fr_FR","og_type":"article","og_title":"Bracelet Jaspe brun - Au fil des pierres","og_description":"Bracelet en jaspe brun naturel, qualit\u00e9 sup\u00e9rieure, favorisant ancrage, stabilit\u00e9 \u00e9motionnelle et confiance en soi au quotidien.","og_url":"https:\/\/aufildespierres.com\/index.php\/product\/bracelet-jaspe-brun\/","og_site_name":"Au fil des pierres","article_modified_time":"2025-10-10T12:33:32+00:00","og_image":[{"width":2181,"height":2560,"url":"https:\/\/aufildespierres.com\/wp-content\/uploads\/2025\/04\/20250414_181813-scaled.jpg","type":"image\/jpeg"}],"twitter_card":"summary_large_image","twitter_misc":{"Dur\u00e9e de lecture estim\u00e9e":"2 minutes"},"schema":{"@context":"https:\/\/schema.org","@graph":[{"@type":"WebPage","@id":"https:\/\/aufildespierres.com\/index.php\/product\/bracelet-jaspe-brun\/","url":"https:\/\/aufildespierres.com\/index.php\/product\/bracelet-jaspe-brun\/","name":"Bracelet Jaspe brun - Au fil des pierres","isPartOf":{"@id":"https:\/\/aufildespierres.com\/#website"},"primaryImageOfPage":{"@id":"https:\/\/aufildespierres.com\/index.php\/product\/bracelet-jaspe-brun\/#primaryimage"},"image":{"@id":"https:\/\/aufildespierres.com\/index.php\/product\/bracelet-jaspe-brun\/#primaryimage"},"thumbnailUrl":"https:\/\/aufildespierres.com\/wp-content\/uploads\/2025\/04\/20250414_181813-scaled.jpg","datePublished":"2025-04-14T19:21:32+00:00","dateModified":"2025-10-10T12:33:32+00:00","description":"Bracelet en jaspe brun naturel, qualit\u00e9 sup\u00e9rieure, favorisant ancrage, stabilit\u00e9 \u00e9motionnelle et confiance en soi au quotidien.","breadcrumb":{"@id":"https:\/\/aufildespierres.com\/index.php\/product\/bracelet-jaspe-brun\/#breadcrumb"},"inLanguage":"fr-FR","potentialAction":[{"@type":"ReadAction","target":["https:\/\/aufildespierres.com\/index.php\/product\/bracelet-jaspe-brun\/"]}]},{"@type":"ImageObject","inLanguage":"fr-FR","@id":"https:\/\/aufildespierres.com\/index.php\/product\/bracelet-jaspe-brun\/#primaryimage","url":"https:\/\/aufildespierres.com\/wp-content\/uploads\/2025\/04\/20250414_181813-scaled.jpg","contentUrl":"https:\/\/aufildespierres.com\/wp-content\/uploads\/2025\/04\/20250414_181813-scaled.jpg","width":2181,"height":2560},{"@type":"BreadcrumbList","@id":"https:\/\/aufildespierres.com\/index.php\/product\/bracelet-jaspe-brun\/#breadcrumb","itemListElement":[{"@type":"ListItem","position":1,"name":"Accueil","item":"https:\/\/aufildespierres.com\/"},{"@type":"ListItem","position":2,"name":"Boutique de Lithoth\u00e9rapie","item":"https:\/\/aufildespierres.com\/index.php\/boutique-de-lithotherapie\/"},{"@type":"ListItem","position":3,"name":"Bracelet Jaspe brun"}]},{"@type":"WebSite","@id":"https:\/\/aufildespierres.com\/#website","url":"https:\/\/aufildespierres.com\/","name":"Au fil des pierres","description":"Au fil des pierres","publisher":{"@id":"https:\/\/aufildespierres.com\/#organization"},"potentialAction":[{"@type":"SearchAction","target":{"@type":"EntryPoint","urlTemplate":"https:\/\/aufildespierres.com\/?s={search_term_string}"},"query-input":{"@type":"PropertyValueSpecification","valueRequired":true,"valueName":"search_term_string"}}],"inLanguage":"fr-FR"},{"@type":"Organization","@id":"https:\/\/aufildespierres.com\/#organization","name":"Au fil des pierres","url":"https:\/\/aufildespierres.com\/","logo":{"@type":"ImageObject","inLanguage":"fr-FR","@id":"https:\/\/aufildespierres.com\/#\/schema\/logo\/image\/","url":"https:\/\/aufildespierres.com\/wp-content\/uploads\/2023\/05\/cropped-Logo-PNG-Transparent.png","contentUrl":"https:\/\/aufildespierres.com\/wp-content\/uploads\/2023\/05\/cropped-Logo-PNG-Transparent.png","width":1776,"height":1625,"caption":"Au fil des pierres"},"image":{"@id":"https:\/\/aufildespierres.com\/#\/schema\/logo\/image\/"}}]}},"_links":{"self":[{"href":"https:\/\/aufildespierres.com\/index.php\/wp-json\/wp\/v2\/product\/3854","targetHints":{"allow":["GET"]}}],"collection":[{"href":"https:\/\/aufildespierres.com\/index.php\/wp-json\/wp\/v2\/product"}],"about":[{"href":"https:\/\/aufildespierres.com\/index.php\/wp-json\/wp\/v2\/types\/product"}],"replies":[{"embeddable":true,"href":"https:\/\/aufildespierres.com\/index.php\/wp-json\/wp\/v2\/comments?post=3854"}],"wp:featuredmedia":[{"embeddable":true,"href":"https:\/\/aufildespierres.com\/index.php\/wp-json\/wp\/v2\/media\/3855"}],"wp:attachment":[{"href":"https:\/\/aufildespierres.com\/index.php\/wp-json\/wp\/v2\/media?parent=3854"}],"wp:term":[{"taxonomy":"product_brand","embeddable":true,"href":"https:\/\/aufildespierres.com\/index.php\/wp-json\/wp\/v2\/product_brand?post=3854"},{"taxonomy":"product_cat","embeddable":true,"href":"https:\/\/aufildespierres.com\/index.php\/wp-json\/wp\/v2\/product_cat?post=3854"},{"taxonomy":"product_tag","embeddable":true,"href":"https:\/\/aufildespierres.com\/index.php\/wp-json\/wp\/v2\/product_tag?post=3854"}],"curies":[{"name":"wp","href":"https:\/\/api.w.org\/{rel}","templated":true}]}}