{"id":4018,"date":"2025-06-17T21:59:27","date_gmt":"2025-06-17T19:59:27","guid":{"rendered":"https:\/\/aufildespierres.com\/?post_type=product&#038;p=4018"},"modified":"2026-04-19T12:37:52","modified_gmt":"2026-04-19T10:37:52","slug":"bracelet-topaze-multicolore","status":"publish","type":"product","link":"https:\/\/aufildespierres.com\/index.php\/product\/bracelet-topaze-multicolore\/","title":{"rendered":"Bracelet Topaze multicolore"},"content":{"rendered":"<article class=\"text-token-text-primary w-full\" dir=\"auto\" data-testid=\"conversation-turn-193\" data-scroll-anchor=\"true\">\n<div class=\"text-base my-auto mx-auto py-5 [--thread-content-margin:--spacing(4)] @[37rem]:[--thread-content-margin:--spacing(6)] @[72rem]:[--thread-content-margin:--spacing(16)] px-(--thread-content-margin)\">\n<div class=\"[--thread-content-max-width:32rem] @[34rem]:[--thread-content-max-width:40rem] @[64rem]:[--thread-content-max-width:48rem] mx-auto flex max-w-(--thread-content-max-width) flex-1 text-base gap-4 md:gap-5 lg:gap-6 group\/turn-messages focus-visible:outline-hidden\" tabindex=\"-1\">\n<div class=\"group\/conversation-turn relative flex w-full min-w-0 flex-col agent-turn\">\n<div class=\"relative flex-col gap-1 md:gap-3\">\n<div class=\"flex max-w-full flex-col grow\">\n<div class=\"min-h-8 text-message relative flex w-full flex-col items-end gap-2 text-start break-words whitespace-normal [.text-message+&amp;]:mt-5\" dir=\"auto\" data-message-author-role=\"assistant\" data-message-id=\"d78a189b-a216-4725-8224-46171f5c11fe\" data-message-model-slug=\"gpt-4o\">\n<div class=\"flex w-full flex-col gap-1 empty:hidden first:pt-[3px]\">\n<div class=\"markdown prose dark:prose-invert w-full break-words light\">\n<h2 data-start=\"139\" data-end=\"237\">Bracelet Topaze multicolore<\/h2>\n<h2 data-start=\"139\" data-end=\"237\">&#8211; (incolore, bleue, jaunepale )<\/h2>\n<p data-start=\"239\" data-end=\"611\">Ce bracelet en Topaze r\u00e9unit plusieurs nuances lumineuses : <strong data-start=\"299\" data-end=\"318\">Topaze incolore<\/strong>, <strong data-start=\"320\" data-end=\"336\">Topaze bleue<\/strong> et <strong data-start=\"340\" data-end=\"366\">Topaze jaune pale<\/strong>\u00a0Ensemble, ces teintes cr\u00e9ent une harmonie douce, solaire et apaisante. Chaque perle est s\u00e9lectionn\u00e9e avec soin pour sa beaut\u00e9 naturelle et son \u00e9nergie subtile. Ainsi, vous portez un bijou \u00e9l\u00e9gant, mais aussi un alli\u00e9 de bien-\u00eatre au quotidien.<\/p>\n<p data-start=\"613\" data-end=\"909\">La <strong data-start=\"616\" data-end=\"635\">Topaze incolore<\/strong> apporte avant tout de la clart\u00e9. Elle aide \u00e0 \u00e9claircir les pens\u00e9es et \u00e0 retrouver une forme de calme int\u00e9rieur. Par cons\u00e9quent, vous vous sentez plus centr\u00e9(e). Elle soutient aussi la lucidit\u00e9 et la prise de recul. C\u2019est une pierre id\u00e9ale lorsque l\u2019esprit tourne trop vite.<\/p>\n<p data-start=\"911\" data-end=\"1235\">La <strong data-start=\"914\" data-end=\"930\">Topaze bleue<\/strong>, quant \u00e0 elle, favorise la communication. Elle accompagne l\u2019expression de soi, avec douceur et sinc\u00e9rit\u00e9. De plus, elle aide \u00e0 poser ses mots sans stress. Elle convient tr\u00e8s bien lorsque vous devez parler, pr\u00e9senter, ou simplement vous affirmer. Ainsi, vous gagnez en assurance tout en restant align\u00e9(e).Il est possible que la couleur de la Topaze soit renforc\u00e9e.<\/p>\n<p data-start=\"1237\" data-end=\"1554\">Ensuite, la <strong data-start=\"1249\" data-end=\"1275\">Topaze jaune <\/strong>r\u00e9veille l\u2019\u00e9nergie vitale. Elle stimule la motivation et la joie. Elle encourage aussi l\u2019\u00e9lan positif et le dynamisme. C\u2019est une pierre tr\u00e8s appr\u00e9ci\u00e9e lorsqu\u2019on traverse une p\u00e9riode de fatigue ou de baisse de moral. En plus, elle soutient la confiance et renforce la cr\u00e9ativit\u00e9.<\/p>\n<p data-start=\"1556\" data-end=\"1777\">Gr\u00e2ce \u00e0 cette association, ce bracelet agit comme un \u00e9quilibre global. Il relie clart\u00e9 mentale, expression sereine et \u00e9nergie positive. En bref, il accompagne votre quotidien avec une vibration lumineuse et r\u00e9confortant<\/p>\n<p data-start=\"1556\" data-end=\"1777\">\u00a0Ce bracelet convient pour un poignet de 17cm extensible jusqu&rsquo;a 18.<\/p>\n<\/div>\n<\/div>\n<\/div>\n<\/div>\n<div class=\"flex min-h-[46px] justify-start\">\n<div class=\"touch:-me-2 touch:-ms-3.5 -ms-2.5 -me-1 flex flex-wrap items-center gap-y-4 p-1 select-none touch:w-[calc(100%+--spacing(3.5))] -mt-1 w-[calc(100%+--spacing(2.5))] duration-[1.5s] focus-within:transition-none hover:transition-none pointer-events-none [mask-image:linear-gradient(to_right,black_33%,transparent_66%)] [mask-size:300%_100%] [mask-position:100%_0%] motion-safe:transition-[mask-position] group-hover\/turn-messages:pointer-events-auto group-hover\/turn-messages:[mask-position:0_0] group-focus-within\/turn-messages:pointer-events-auto group-focus-within\/turn-messages:[mask-position:0_0] has-data-[state=open]:pointer-events-auto has-data-[state=open]:[mask-position:0_0]\">\n<div class=\"flex items-center\"><\/div>\n<\/div>\n<\/div>\n<div class=\"mt-3 w-full empty:hidden\">\n<div class=\"text-center\"><\/div>\n<\/div>\n<\/div>\n<div class=\"absolute\">\n<div class=\"flex items-center justify-center\"><\/div>\n<\/div>\n<\/div>\n<\/div>\n<\/div>\n<\/article>\n<div class=\"pointer-events-none h-px w-px\" aria-hidden=\"true\" data-edge=\"true\"><\/div>\n","protected":false},"excerpt":{"rendered":"<p>Bracelet Topaze multicolore &#8211; (incolore, bleue, jaunepale ) Ce bracelet en Topaze r\u00e9unit plusieurs nuances lumineuses : Topaze incolore, Topaze bleue et Topaze jaune pale\u00a0Ensemble, ces teintes cr\u00e9ent une harmonie douce, solaire et apaisante. Chaque perle est s\u00e9lectionn\u00e9e avec soin pour sa beaut\u00e9 naturelle et son \u00e9nergie subtile. Ainsi, vous portez un bijou \u00e9l\u00e9gant, mais [&hellip;]<\/p>\n","protected":false},"featured_media":5183,"comment_status":"open","ping_status":"closed","template":"","meta":{"site-sidebar-layout":"default","site-content-layout":"","ast-site-content-layout":"default","site-content-style":"default","site-sidebar-style":"default","ast-global-header-display":"","ast-banner-title-visibility":"","ast-main-header-display":"","ast-hfb-above-header-display":"","ast-hfb-below-header-display":"","ast-hfb-mobile-header-display":"","site-post-title":"","ast-breadcrumbs-content":"","ast-featured-img":"","footer-sml-layout":"","ast-disable-related-posts":"","theme-transparent-header-meta":"default","adv-header-id-meta":"","stick-header-meta":"","header-above-stick-meta":"","header-main-stick-meta":"","header-below-stick-meta":"","astra-migrate-meta-layouts":"set","ast-page-background-enabled":"default","ast-page-background-meta":{"desktop":{"background-color":"var(--ast-global-color-4)","background-image":"","background-repeat":"repeat","background-position":"center center","background-size":"auto","background-attachment":"scroll","background-type":"","background-media":"","overlay-type":"","overlay-color":"","overlay-opacity":"","overlay-gradient":""},"tablet":{"background-color":"","background-image":"","background-repeat":"repeat","background-position":"center center","background-size":"auto","background-attachment":"scroll","background-type":"","background-media":"","overlay-type":"","overlay-color":"","overlay-opacity":"","overlay-gradient":""},"mobile":{"background-color":"","background-image":"","background-repeat":"repeat","background-position":"center center","background-size":"auto","background-attachment":"scroll","background-type":"","background-media":"","overlay-type":"","overlay-color":"","overlay-opacity":"","overlay-gradient":""}},"ast-content-background-meta":{"desktop":{"background-color":"var(--ast-global-color-5)","background-image":"","background-repeat":"repeat","background-position":"center center","background-size":"auto","background-attachment":"scroll","background-type":"","background-media":"","overlay-type":"","overlay-color":"","overlay-opacity":"","overlay-gradient":""},"tablet":{"background-color":"var(--ast-global-color-5)","background-image":"","background-repeat":"repeat","background-position":"center center","background-size":"auto","background-attachment":"scroll","background-type":"","background-media":"","overlay-type":"","overlay-color":"","overlay-opacity":"","overlay-gradient":""},"mobile":{"background-color":"var(--ast-global-color-5)","background-image":"","background-repeat":"repeat","background-position":"center center","background-size":"auto","background-attachment":"scroll","background-type":"","background-media":"","overlay-type":"","overlay-color":"","overlay-opacity":"","overlay-gradient":""}},"_glsr_average":0,"_glsr_ranking":0,"_glsr_reviews":0},"product_brand":[],"product_cat":[54,56,290,49,84,207],"product_tag":[],"class_list":{"0":"post-4018","1":"product","2":"type-product","3":"status-publish","4":"has-post-thumbnail","6":"product_cat-8-mm","7":"product_cat-bracelets-de-lithotherapie","8":"product_cat-bracelets-de-lithotherapie-femmes","9":"product_cat-confiance-en-soi","10":"product_cat-jaune","11":"product_cat-topaze","12":"desktop-align-left","13":"tablet-align-left","14":"mobile-align-left","16":"first","17":"instock","18":"purchasable","19":"product-type-simple"},"yoast_head":"<!-- This site is optimized with the Yoast SEO plugin v27.5 - https:\/\/yoast.com\/product\/yoast-seo-wordpress\/ -->\n<title>Bracelet Topaze multicolore - Au fil des pierres<\/title>\n<meta name=\"description\" content=\"Bracelet en Topaze multicolore : clart\u00e9 mentale, communication sereine, \u00e9nergie positive. Taille 17 cm. Autre mesure sur demande.\" \/>\n<meta name=\"robots\" content=\"index, follow, max-snippet:-1, max-image-preview:large, max-video-preview:-1\" \/>\n<link rel=\"canonical\" href=\"https:\/\/aufildespierres.com\/index.php\/product\/bracelet-topaze-multicolore\/\" \/>\n<meta property=\"og:locale\" content=\"fr_FR\" \/>\n<meta property=\"og:type\" content=\"article\" \/>\n<meta property=\"og:title\" content=\"Bracelet Topaze multicolore - Au fil des pierres\" \/>\n<meta property=\"og:description\" content=\"Bracelet en Topaze multicolore : clart\u00e9 mentale, communication sereine, \u00e9nergie positive. Taille 17 cm. Autre mesure sur demande.\" \/>\n<meta property=\"og:url\" content=\"https:\/\/aufildespierres.com\/index.php\/product\/bracelet-topaze-multicolore\/\" \/>\n<meta property=\"og:site_name\" content=\"Au fil des pierres\" \/>\n<meta property=\"article:modified_time\" content=\"2026-04-19T10:37:52+00:00\" \/>\n<meta property=\"og:image\" content=\"https:\/\/aufildespierres.com\/wp-content\/uploads\/2025\/06\/20260419_121708.jpg\" \/>\n\t<meta property=\"og:image:width\" content=\"2096\" \/>\n\t<meta property=\"og:image:height\" content=\"2155\" \/>\n\t<meta property=\"og:image:type\" content=\"image\/jpeg\" \/>\n<meta name=\"twitter:card\" content=\"summary_large_image\" \/>\n<meta name=\"twitter:label1\" content=\"Dur\u00e9e de lecture estim\u00e9e\" \/>\n\t<meta name=\"twitter:data1\" content=\"2 minutes\" \/>\n<script type=\"application\/ld+json\" class=\"yoast-schema-graph\">{\"@context\":\"https:\\\/\\\/schema.org\",\"@graph\":[{\"@type\":\"WebPage\",\"@id\":\"https:\\\/\\\/aufildespierres.com\\\/index.php\\\/product\\\/bracelet-topaze-multicolore\\\/\",\"url\":\"https:\\\/\\\/aufildespierres.com\\\/index.php\\\/product\\\/bracelet-topaze-multicolore\\\/\",\"name\":\"Bracelet Topaze multicolore - Au fil des pierres\",\"isPartOf\":{\"@id\":\"https:\\\/\\\/aufildespierres.com\\\/#website\"},\"primaryImageOfPage\":{\"@id\":\"https:\\\/\\\/aufildespierres.com\\\/index.php\\\/product\\\/bracelet-topaze-multicolore\\\/#primaryimage\"},\"image\":{\"@id\":\"https:\\\/\\\/aufildespierres.com\\\/index.php\\\/product\\\/bracelet-topaze-multicolore\\\/#primaryimage\"},\"thumbnailUrl\":\"https:\\\/\\\/aufildespierres.com\\\/wp-content\\\/uploads\\\/2025\\\/06\\\/20260419_121708.jpg\",\"datePublished\":\"2025-06-17T19:59:27+00:00\",\"dateModified\":\"2026-04-19T10:37:52+00:00\",\"description\":\"Bracelet en Topaze multicolore : clart\u00e9 mentale, communication sereine, \u00e9nergie positive. Taille 17 cm. Autre mesure sur demande.\",\"breadcrumb\":{\"@id\":\"https:\\\/\\\/aufildespierres.com\\\/index.php\\\/product\\\/bracelet-topaze-multicolore\\\/#breadcrumb\"},\"inLanguage\":\"fr-FR\",\"potentialAction\":[{\"@type\":\"ReadAction\",\"target\":[\"https:\\\/\\\/aufildespierres.com\\\/index.php\\\/product\\\/bracelet-topaze-multicolore\\\/\"]}]},{\"@type\":\"ImageObject\",\"inLanguage\":\"fr-FR\",\"@id\":\"https:\\\/\\\/aufildespierres.com\\\/index.php\\\/product\\\/bracelet-topaze-multicolore\\\/#primaryimage\",\"url\":\"https:\\\/\\\/aufildespierres.com\\\/wp-content\\\/uploads\\\/2025\\\/06\\\/20260419_121708.jpg\",\"contentUrl\":\"https:\\\/\\\/aufildespierres.com\\\/wp-content\\\/uploads\\\/2025\\\/06\\\/20260419_121708.jpg\",\"width\":2096,\"height\":2155},{\"@type\":\"BreadcrumbList\",\"@id\":\"https:\\\/\\\/aufildespierres.com\\\/index.php\\\/product\\\/bracelet-topaze-multicolore\\\/#breadcrumb\",\"itemListElement\":[{\"@type\":\"ListItem\",\"position\":1,\"name\":\"Accueil\",\"item\":\"https:\\\/\\\/aufildespierres.com\\\/\"},{\"@type\":\"ListItem\",\"position\":2,\"name\":\"Boutique de Lithoth\u00e9rapie\",\"item\":\"https:\\\/\\\/aufildespierres.com\\\/index.php\\\/boutique-de-lithotherapie\\\/\"},{\"@type\":\"ListItem\",\"position\":3,\"name\":\"Bracelet Topaze multicolore\"}]},{\"@type\":\"WebSite\",\"@id\":\"https:\\\/\\\/aufildespierres.com\\\/#website\",\"url\":\"https:\\\/\\\/aufildespierres.com\\\/\",\"name\":\"Au fil des pierres\",\"description\":\"Au fil des pierres\",\"publisher\":{\"@id\":\"https:\\\/\\\/aufildespierres.com\\\/#organization\"},\"potentialAction\":[{\"@type\":\"SearchAction\",\"target\":{\"@type\":\"EntryPoint\",\"urlTemplate\":\"https:\\\/\\\/aufildespierres.com\\\/?s={search_term_string}\"},\"query-input\":{\"@type\":\"PropertyValueSpecification\",\"valueRequired\":true,\"valueName\":\"search_term_string\"}}],\"inLanguage\":\"fr-FR\"},{\"@type\":\"Organization\",\"@id\":\"https:\\\/\\\/aufildespierres.com\\\/#organization\",\"name\":\"Au fil des pierres\",\"url\":\"https:\\\/\\\/aufildespierres.com\\\/\",\"logo\":{\"@type\":\"ImageObject\",\"inLanguage\":\"fr-FR\",\"@id\":\"https:\\\/\\\/aufildespierres.com\\\/#\\\/schema\\\/logo\\\/image\\\/\",\"url\":\"https:\\\/\\\/aufildespierres.com\\\/wp-content\\\/uploads\\\/2023\\\/05\\\/cropped-Logo-PNG-Transparent.png\",\"contentUrl\":\"https:\\\/\\\/aufildespierres.com\\\/wp-content\\\/uploads\\\/2023\\\/05\\\/cropped-Logo-PNG-Transparent.png\",\"width\":1776,\"height\":1625,\"caption\":\"Au fil des pierres\"},\"image\":{\"@id\":\"https:\\\/\\\/aufildespierres.com\\\/#\\\/schema\\\/logo\\\/image\\\/\"}}]}<\/script>\n<!-- \/ Yoast SEO plugin. -->","yoast_head_json":{"title":"Bracelet Topaze multicolore - Au fil des pierres","description":"Bracelet en Topaze multicolore : clart\u00e9 mentale, communication sereine, \u00e9nergie positive. Taille 17 cm. Autre mesure sur demande.","robots":{"index":"index","follow":"follow","max-snippet":"max-snippet:-1","max-image-preview":"max-image-preview:large","max-video-preview":"max-video-preview:-1"},"canonical":"https:\/\/aufildespierres.com\/index.php\/product\/bracelet-topaze-multicolore\/","og_locale":"fr_FR","og_type":"article","og_title":"Bracelet Topaze multicolore - Au fil des pierres","og_description":"Bracelet en Topaze multicolore : clart\u00e9 mentale, communication sereine, \u00e9nergie positive. Taille 17 cm. Autre mesure sur demande.","og_url":"https:\/\/aufildespierres.com\/index.php\/product\/bracelet-topaze-multicolore\/","og_site_name":"Au fil des pierres","article_modified_time":"2026-04-19T10:37:52+00:00","og_image":[{"width":2096,"height":2155,"url":"https:\/\/aufildespierres.com\/wp-content\/uploads\/2025\/06\/20260419_121708.jpg","type":"image\/jpeg"}],"twitter_card":"summary_large_image","twitter_misc":{"Dur\u00e9e de lecture estim\u00e9e":"2 minutes"},"schema":{"@context":"https:\/\/schema.org","@graph":[{"@type":"WebPage","@id":"https:\/\/aufildespierres.com\/index.php\/product\/bracelet-topaze-multicolore\/","url":"https:\/\/aufildespierres.com\/index.php\/product\/bracelet-topaze-multicolore\/","name":"Bracelet Topaze multicolore - Au fil des pierres","isPartOf":{"@id":"https:\/\/aufildespierres.com\/#website"},"primaryImageOfPage":{"@id":"https:\/\/aufildespierres.com\/index.php\/product\/bracelet-topaze-multicolore\/#primaryimage"},"image":{"@id":"https:\/\/aufildespierres.com\/index.php\/product\/bracelet-topaze-multicolore\/#primaryimage"},"thumbnailUrl":"https:\/\/aufildespierres.com\/wp-content\/uploads\/2025\/06\/20260419_121708.jpg","datePublished":"2025-06-17T19:59:27+00:00","dateModified":"2026-04-19T10:37:52+00:00","description":"Bracelet en Topaze multicolore : clart\u00e9 mentale, communication sereine, \u00e9nergie positive. Taille 17 cm. Autre mesure sur demande.","breadcrumb":{"@id":"https:\/\/aufildespierres.com\/index.php\/product\/bracelet-topaze-multicolore\/#breadcrumb"},"inLanguage":"fr-FR","potentialAction":[{"@type":"ReadAction","target":["https:\/\/aufildespierres.com\/index.php\/product\/bracelet-topaze-multicolore\/"]}]},{"@type":"ImageObject","inLanguage":"fr-FR","@id":"https:\/\/aufildespierres.com\/index.php\/product\/bracelet-topaze-multicolore\/#primaryimage","url":"https:\/\/aufildespierres.com\/wp-content\/uploads\/2025\/06\/20260419_121708.jpg","contentUrl":"https:\/\/aufildespierres.com\/wp-content\/uploads\/2025\/06\/20260419_121708.jpg","width":2096,"height":2155},{"@type":"BreadcrumbList","@id":"https:\/\/aufildespierres.com\/index.php\/product\/bracelet-topaze-multicolore\/#breadcrumb","itemListElement":[{"@type":"ListItem","position":1,"name":"Accueil","item":"https:\/\/aufildespierres.com\/"},{"@type":"ListItem","position":2,"name":"Boutique de Lithoth\u00e9rapie","item":"https:\/\/aufildespierres.com\/index.php\/boutique-de-lithotherapie\/"},{"@type":"ListItem","position":3,"name":"Bracelet Topaze multicolore"}]},{"@type":"WebSite","@id":"https:\/\/aufildespierres.com\/#website","url":"https:\/\/aufildespierres.com\/","name":"Au fil des pierres","description":"Au fil des pierres","publisher":{"@id":"https:\/\/aufildespierres.com\/#organization"},"potentialAction":[{"@type":"SearchAction","target":{"@type":"EntryPoint","urlTemplate":"https:\/\/aufildespierres.com\/?s={search_term_string}"},"query-input":{"@type":"PropertyValueSpecification","valueRequired":true,"valueName":"search_term_string"}}],"inLanguage":"fr-FR"},{"@type":"Organization","@id":"https:\/\/aufildespierres.com\/#organization","name":"Au fil des pierres","url":"https:\/\/aufildespierres.com\/","logo":{"@type":"ImageObject","inLanguage":"fr-FR","@id":"https:\/\/aufildespierres.com\/#\/schema\/logo\/image\/","url":"https:\/\/aufildespierres.com\/wp-content\/uploads\/2023\/05\/cropped-Logo-PNG-Transparent.png","contentUrl":"https:\/\/aufildespierres.com\/wp-content\/uploads\/2023\/05\/cropped-Logo-PNG-Transparent.png","width":1776,"height":1625,"caption":"Au fil des pierres"},"image":{"@id":"https:\/\/aufildespierres.com\/#\/schema\/logo\/image\/"}}]}},"_links":{"self":[{"href":"https:\/\/aufildespierres.com\/index.php\/wp-json\/wp\/v2\/product\/4018","targetHints":{"allow":["GET"]}}],"collection":[{"href":"https:\/\/aufildespierres.com\/index.php\/wp-json\/wp\/v2\/product"}],"about":[{"href":"https:\/\/aufildespierres.com\/index.php\/wp-json\/wp\/v2\/types\/product"}],"replies":[{"embeddable":true,"href":"https:\/\/aufildespierres.com\/index.php\/wp-json\/wp\/v2\/comments?post=4018"}],"wp:featuredmedia":[{"embeddable":true,"href":"https:\/\/aufildespierres.com\/index.php\/wp-json\/wp\/v2\/media\/5183"}],"wp:attachment":[{"href":"https:\/\/aufildespierres.com\/index.php\/wp-json\/wp\/v2\/media?parent=4018"}],"wp:term":[{"taxonomy":"product_brand","embeddable":true,"href":"https:\/\/aufildespierres.com\/index.php\/wp-json\/wp\/v2\/product_brand?post=4018"},{"taxonomy":"product_cat","embeddable":true,"href":"https:\/\/aufildespierres.com\/index.php\/wp-json\/wp\/v2\/product_cat?post=4018"},{"taxonomy":"product_tag","embeddable":true,"href":"https:\/\/aufildespierres.com\/index.php\/wp-json\/wp\/v2\/product_tag?post=4018"}],"curies":[{"name":"wp","href":"https:\/\/api.w.org\/{rel}","templated":true}]}}