{"id":4046,"date":"2025-07-17T21:31:33","date_gmt":"2025-07-17T19:31:33","guid":{"rendered":"https:\/\/aufildespierres.com\/?post_type=product&#038;p=4046"},"modified":"2025-07-17T21:31:34","modified_gmt":"2025-07-17T19:31:34","slug":"grande-tranche-dagate-marocaine","status":"publish","type":"product","link":"https:\/\/aufildespierres.com\/index.php\/product\/grande-tranche-dagate-marocaine\/","title":{"rendered":"Grande tranche d&rsquo;Agate Marocaine"},"content":{"rendered":"<p><strong>Grande tranche d&rsquo;Agate Marocaine brute avec 1 face polie , Origine montagnes du Haut Atlas<\/strong><\/p>\n<p>poids 702 grammes\u00a0 16x 11,5 x 3cm environ<\/p>\n<div>\n<article class=\"text-token-text-primary w-full\" dir=\"auto\" data-testid=\"conversation-turn-231\" data-scroll-anchor=\"true\">\n<div class=\"text-base my-auto mx-auto pb-10 [--thread-content-margin:--spacing(4)] @[37rem]:[--thread-content-margin:--spacing(6)] @[72rem]:[--thread-content-margin:--spacing(16)] px-(--thread-content-margin)\">\n<div class=\"[--thread-content-max-width:32rem] @[34rem]:[--thread-content-max-width:40rem] @[64rem]:[--thread-content-max-width:48rem] mx-auto flex max-w-(--thread-content-max-width) flex-1 text-base gap-4 md:gap-5 lg:gap-6 group\/turn-messages focus-visible:outline-hidden\" tabindex=\"-1\">\n<div class=\"group\/conversation-turn relative flex w-full min-w-0 flex-col agent-turn\">\n<div class=\"relative flex-col gap-1 md:gap-3\">\n<div class=\"flex max-w-full flex-col grow\">\n<div class=\"min-h-8 text-message relative flex w-full flex-col items-end gap-2 text-start break-words whitespace-normal [.text-message+&amp;]:mt-5\" dir=\"auto\" data-message-author-role=\"assistant\" data-message-id=\"512b76ae-581a-45c9-9532-fa225da4b698\" data-message-model-slug=\"gpt-4o\">\n<div class=\"flex w-full flex-col gap-1 empty:hidden first:pt-[3px]\">\n<div class=\"markdown prose dark:prose-invert w-full break-words light\">\n<p data-start=\"0\" data-end=\"71\">\n<p data-start=\"73\" data-end=\"314\">La tranche d\u2019agate marocaine s\u00e9duit par ses formes organiques et ses nuances chaudes allant du beige au brun profond. Issue des terres du Maroc, cette pierre est appr\u00e9ci\u00e9e autant pour sa beaut\u00e9 naturelle que pour ses vertus en lithoth\u00e9rapie. On y trouve souvent des traces de fer, quartz et autres min\u00e9raux comme l&rsquo;h\u00e9matite et la goethite.<\/p>\n<p data-start=\"316\" data-end=\"600\">Tout d\u2019abord, l\u2019agate marocaine favorise l\u2019ancrage et la stabilit\u00e9. Elle agit principalement sur le chakra racine, en aidant \u00e0 se reconnecter \u00e0 la Terre. Gr\u00e2ce \u00e0 cette \u00e9nergie apaisante, elle stabilise les \u00e9motions, r\u00e9duit les tensions et favorise un sentiment de s\u00e9curit\u00e9 int\u00e9rieure.<\/p>\n<p data-start=\"602\" data-end=\"828\">En parall\u00e8le, cette pierre renforce la confiance en soi. Elle permet d\u2019aborder les situations du quotidien avec calme et lucidit\u00e9. Elle est donc id\u00e9ale pour ceux qui se sentent facilement d\u00e9stabilis\u00e9s ou envahis par le stress.<\/p>\n<p data-start=\"830\" data-end=\"1066\">Par ailleurs, l\u2019agate marocaine aide \u00e0 canaliser les pens\u00e9es dispers\u00e9es. Elle soutient la concentration, la prise de d\u00e9cision et l\u2019organisation mentale. De ce fait, elle peut \u00eatre utile en p\u00e9riode d\u2019examen ou lors de projets importants.<\/p>\n<p data-start=\"1068\" data-end=\"1339\">Sur le plan physique, l\u2019agate marocaine soutient le bon fonctionnement du syst\u00e8me digestif. Elle contribuerait \u00e9galement \u00e0 la r\u00e9g\u00e9n\u00e9ration cellulaire et au renforcement du syst\u00e8me immunitaire. Son \u00e9nergie douce favorise le repos et aide \u00e0 retrouver un sommeil r\u00e9parateur.<\/p>\n<p data-start=\"1341\" data-end=\"1582\">Placez cette tranche d\u2019agate marocaine dans un espace de vie pour en harmoniser l\u2019\u00e9nergie. Vous pouvez aussi l\u2019utiliser comme support lors de m\u00e9ditations ou de soins \u00e9nerg\u00e9tiques. Elle agira comme un point d\u2019ancrage rassurant et \u00e9quilibrant.<\/p>\n<p data-start=\"1584\" data-end=\"1800\" data-is-last-node=\"\" data-is-only-node=\"\">En r\u00e9sum\u00e9, la tranche d\u2019agate marocaine combine douceur, stabilit\u00e9 et ancrage. Elle accompagne en douceur les transitions, renforce la solidit\u00e9 int\u00e9rieure et apaise les tensions, tout en embellissant votre int\u00e9rieur.<\/p>\n<\/div>\n<\/div>\n<\/div>\n<\/div>\n<div class=\"mx-[var(--mini-thread-content-inset)]\">\n<div class=\"flex min-h-[46px] justify-start\">\n<div class=\"touch:-me-2 touch:-ms-3.5 -ms-2.5 -me-1 flex flex-wrap items-center gap-y-4 p-1 select-none touch:w-[calc(100%+--spacing(3.5))] -mt-1 w-[calc(100%+--spacing(2.5))] duration-[1.5s] focus-within:transition-none hover:transition-none pointer-events-none [mask-image:linear-gradient(to_right,black_33%,transparent_66%)] [mask-size:300%_100%] [mask-position:100%_0%] motion-safe:transition-[mask-position] group-hover\/turn-messages:pointer-events-auto group-hover\/turn-messages:[mask-position:0_0] group-focus-within\/turn-messages:pointer-events-auto group-focus-within\/turn-messages:[mask-position:0_0] has-data-[state=open]:pointer-events-auto has-data-[state=open]:[mask-position:0_0]\">\n<div class=\"flex items-center\"><\/div>\n<\/div>\n<\/div>\n<\/div>\n<div class=\"mt-3 w-full empty:hidden\">\n<div class=\"text-center\"><\/div>\n<\/div>\n<\/div>\n<\/div>\n<\/div>\n<\/div>\n<\/article>\n<div class=\"pointer-events-none h-px w-px\" aria-hidden=\"true\" data-edge=\"true\"><\/div>\n<\/div>\n","protected":false},"excerpt":{"rendered":"<p>Grande tranche d&rsquo;Agate Marocaine brute avec 1 face polie , Origine montagnes du Haut Atlas poids 702 grammes\u00a0 16x 11,5 x 3cm environ La tranche d\u2019agate marocaine s\u00e9duit par ses formes organiques et ses nuances chaudes allant du beige au brun profond. Issue des terres du Maroc, cette pierre est appr\u00e9ci\u00e9e autant pour sa beaut\u00e9 [&hellip;]<\/p>\n","protected":false},"featured_media":4047,"comment_status":"open","ping_status":"closed","template":"","meta":{"site-sidebar-layout":"default","site-content-layout":"","ast-site-content-layout":"default","site-content-style":"default","site-sidebar-style":"default","ast-global-header-display":"","ast-banner-title-visibility":"","ast-main-header-display":"","ast-hfb-above-header-display":"","ast-hfb-below-header-display":"","ast-hfb-mobile-header-display":"","site-post-title":"","ast-breadcrumbs-content":"","ast-featured-img":"","footer-sml-layout":"","ast-disable-related-posts":"","theme-transparent-header-meta":"default","adv-header-id-meta":"","stick-header-meta":"","header-above-stick-meta":"","header-main-stick-meta":"","header-below-stick-meta":"","astra-migrate-meta-layouts":"set","ast-page-background-enabled":"default","ast-page-background-meta":{"desktop":{"background-color":"var(--ast-global-color-4)","background-image":"","background-repeat":"repeat","background-position":"center center","background-size":"auto","background-attachment":"scroll","background-type":"","background-media":"","overlay-type":"","overlay-color":"","overlay-opacity":"","overlay-gradient":""},"tablet":{"background-color":"","background-image":"","background-repeat":"repeat","background-position":"center center","background-size":"auto","background-attachment":"scroll","background-type":"","background-media":"","overlay-type":"","overlay-color":"","overlay-opacity":"","overlay-gradient":""},"mobile":{"background-color":"","background-image":"","background-repeat":"repeat","background-position":"center center","background-size":"auto","background-attachment":"scroll","background-type":"","background-media":"","overlay-type":"","overlay-color":"","overlay-opacity":"","overlay-gradient":""}},"ast-content-background-meta":{"desktop":{"background-color":"var(--ast-global-color-5)","background-image":"","background-repeat":"repeat","background-position":"center center","background-size":"auto","background-attachment":"scroll","background-type":"","background-media":"","overlay-type":"","overlay-color":"","overlay-opacity":"","overlay-gradient":""},"tablet":{"background-color":"var(--ast-global-color-5)","background-image":"","background-repeat":"repeat","background-position":"center center","background-size":"auto","background-attachment":"scroll","background-type":"","background-media":"","overlay-type":"","overlay-color":"","overlay-opacity":"","overlay-gradient":""},"mobile":{"background-color":"var(--ast-global-color-5)","background-image":"","background-repeat":"repeat","background-position":"center center","background-size":"auto","background-attachment":"scroll","background-type":"","background-media":"","overlay-type":"","overlay-color":"","overlay-opacity":"","overlay-gradient":""}},"_glsr_average":0,"_glsr_ranking":0,"_glsr_reviews":0},"product_brand":[],"product_cat":[141,49,99,31,76,63],"product_tag":[],"class_list":{"0":"post-4046","1":"product","2":"type-product","3":"status-publish","4":"has-post-thumbnail","6":"product_cat-agate","7":"product_cat-confiance-en-soi","8":"product_cat-gris","9":"product_cat-pierres-brutes","10":"product_cat-rouge","11":"product_cat-stress-angoisses","12":"desktop-align-left","13":"tablet-align-left","14":"mobile-align-left","16":"first","17":"instock","18":"purchasable","19":"product-type-simple"},"yoast_head":"<!-- This site is optimized with the Yoast SEO plugin v27.5 - https:\/\/yoast.com\/product\/yoast-seo-wordpress\/ -->\n<title>Grande tranche d&#039;Agate Marocaine - Au fil des pierres<\/title>\n<meta name=\"description\" content=\"Tranche d\u2019Agate Marocaine naturelle. Apporte ancrage, \u00e9quilibre et s\u00e9r\u00e9nit\u00e9. Id\u00e9ale en d\u00e9coration ou en m\u00e9ditation.Demander \u00e0 ChatGPT\" \/>\n<meta name=\"robots\" content=\"index, follow, max-snippet:-1, max-image-preview:large, max-video-preview:-1\" \/>\n<link rel=\"canonical\" href=\"https:\/\/aufildespierres.com\/index.php\/product\/grande-tranche-dagate-marocaine\/\" \/>\n<meta property=\"og:locale\" content=\"fr_FR\" \/>\n<meta property=\"og:type\" content=\"article\" \/>\n<meta property=\"og:title\" content=\"Grande tranche d&#039;Agate Marocaine - Au fil des pierres\" \/>\n<meta property=\"og:description\" content=\"Tranche d\u2019Agate Marocaine naturelle. Apporte ancrage, \u00e9quilibre et s\u00e9r\u00e9nit\u00e9. Id\u00e9ale en d\u00e9coration ou en m\u00e9ditation.Demander \u00e0 ChatGPT\" \/>\n<meta property=\"og:url\" content=\"https:\/\/aufildespierres.com\/index.php\/product\/grande-tranche-dagate-marocaine\/\" \/>\n<meta property=\"og:site_name\" content=\"Au fil des pierres\" \/>\n<meta property=\"article:modified_time\" content=\"2025-07-17T19:31:34+00:00\" \/>\n<meta property=\"og:image\" content=\"https:\/\/aufildespierres.com\/wp-content\/uploads\/2025\/07\/20250715_145342.jpg\" \/>\n\t<meta property=\"og:image:width\" content=\"2296\" \/>\n\t<meta property=\"og:image:height\" content=\"2522\" \/>\n\t<meta property=\"og:image:type\" content=\"image\/jpeg\" \/>\n<meta name=\"twitter:card\" content=\"summary_large_image\" \/>\n<meta name=\"twitter:label1\" content=\"Dur\u00e9e de lecture estim\u00e9e\" \/>\n\t<meta name=\"twitter:data1\" content=\"2 minutes\" \/>\n<script type=\"application\/ld+json\" class=\"yoast-schema-graph\">{\"@context\":\"https:\\\/\\\/schema.org\",\"@graph\":[{\"@type\":\"WebPage\",\"@id\":\"https:\\\/\\\/aufildespierres.com\\\/index.php\\\/product\\\/grande-tranche-dagate-marocaine\\\/\",\"url\":\"https:\\\/\\\/aufildespierres.com\\\/index.php\\\/product\\\/grande-tranche-dagate-marocaine\\\/\",\"name\":\"Grande tranche d'Agate Marocaine - Au fil des pierres\",\"isPartOf\":{\"@id\":\"https:\\\/\\\/aufildespierres.com\\\/#website\"},\"primaryImageOfPage\":{\"@id\":\"https:\\\/\\\/aufildespierres.com\\\/index.php\\\/product\\\/grande-tranche-dagate-marocaine\\\/#primaryimage\"},\"image\":{\"@id\":\"https:\\\/\\\/aufildespierres.com\\\/index.php\\\/product\\\/grande-tranche-dagate-marocaine\\\/#primaryimage\"},\"thumbnailUrl\":\"https:\\\/\\\/aufildespierres.com\\\/wp-content\\\/uploads\\\/2025\\\/07\\\/20250715_145342.jpg\",\"datePublished\":\"2025-07-17T19:31:33+00:00\",\"dateModified\":\"2025-07-17T19:31:34+00:00\",\"description\":\"Tranche d\u2019Agate Marocaine naturelle. Apporte ancrage, \u00e9quilibre et s\u00e9r\u00e9nit\u00e9. Id\u00e9ale en d\u00e9coration ou en m\u00e9ditation.Demander \u00e0 ChatGPT\",\"breadcrumb\":{\"@id\":\"https:\\\/\\\/aufildespierres.com\\\/index.php\\\/product\\\/grande-tranche-dagate-marocaine\\\/#breadcrumb\"},\"inLanguage\":\"fr-FR\",\"potentialAction\":[{\"@type\":\"ReadAction\",\"target\":[\"https:\\\/\\\/aufildespierres.com\\\/index.php\\\/product\\\/grande-tranche-dagate-marocaine\\\/\"]}]},{\"@type\":\"ImageObject\",\"inLanguage\":\"fr-FR\",\"@id\":\"https:\\\/\\\/aufildespierres.com\\\/index.php\\\/product\\\/grande-tranche-dagate-marocaine\\\/#primaryimage\",\"url\":\"https:\\\/\\\/aufildespierres.com\\\/wp-content\\\/uploads\\\/2025\\\/07\\\/20250715_145342.jpg\",\"contentUrl\":\"https:\\\/\\\/aufildespierres.com\\\/wp-content\\\/uploads\\\/2025\\\/07\\\/20250715_145342.jpg\",\"width\":2296,\"height\":2522},{\"@type\":\"BreadcrumbList\",\"@id\":\"https:\\\/\\\/aufildespierres.com\\\/index.php\\\/product\\\/grande-tranche-dagate-marocaine\\\/#breadcrumb\",\"itemListElement\":[{\"@type\":\"ListItem\",\"position\":1,\"name\":\"Accueil\",\"item\":\"https:\\\/\\\/aufildespierres.com\\\/\"},{\"@type\":\"ListItem\",\"position\":2,\"name\":\"Boutique de Lithoth\u00e9rapie\",\"item\":\"https:\\\/\\\/aufildespierres.com\\\/index.php\\\/boutique-de-lithotherapie\\\/\"},{\"@type\":\"ListItem\",\"position\":3,\"name\":\"Grande tranche d&rsquo;Agate Marocaine\"}]},{\"@type\":\"WebSite\",\"@id\":\"https:\\\/\\\/aufildespierres.com\\\/#website\",\"url\":\"https:\\\/\\\/aufildespierres.com\\\/\",\"name\":\"Au fil des pierres\",\"description\":\"Au fil des pierres\",\"publisher\":{\"@id\":\"https:\\\/\\\/aufildespierres.com\\\/#organization\"},\"potentialAction\":[{\"@type\":\"SearchAction\",\"target\":{\"@type\":\"EntryPoint\",\"urlTemplate\":\"https:\\\/\\\/aufildespierres.com\\\/?s={search_term_string}\"},\"query-input\":{\"@type\":\"PropertyValueSpecification\",\"valueRequired\":true,\"valueName\":\"search_term_string\"}}],\"inLanguage\":\"fr-FR\"},{\"@type\":\"Organization\",\"@id\":\"https:\\\/\\\/aufildespierres.com\\\/#organization\",\"name\":\"Au fil des pierres\",\"url\":\"https:\\\/\\\/aufildespierres.com\\\/\",\"logo\":{\"@type\":\"ImageObject\",\"inLanguage\":\"fr-FR\",\"@id\":\"https:\\\/\\\/aufildespierres.com\\\/#\\\/schema\\\/logo\\\/image\\\/\",\"url\":\"https:\\\/\\\/aufildespierres.com\\\/wp-content\\\/uploads\\\/2023\\\/05\\\/cropped-Logo-PNG-Transparent.png\",\"contentUrl\":\"https:\\\/\\\/aufildespierres.com\\\/wp-content\\\/uploads\\\/2023\\\/05\\\/cropped-Logo-PNG-Transparent.png\",\"width\":1776,\"height\":1625,\"caption\":\"Au fil des pierres\"},\"image\":{\"@id\":\"https:\\\/\\\/aufildespierres.com\\\/#\\\/schema\\\/logo\\\/image\\\/\"}}]}<\/script>\n<!-- \/ Yoast SEO plugin. -->","yoast_head_json":{"title":"Grande tranche d'Agate Marocaine - Au fil des pierres","description":"Tranche d\u2019Agate Marocaine naturelle. Apporte ancrage, \u00e9quilibre et s\u00e9r\u00e9nit\u00e9. Id\u00e9ale en d\u00e9coration ou en m\u00e9ditation.Demander \u00e0 ChatGPT","robots":{"index":"index","follow":"follow","max-snippet":"max-snippet:-1","max-image-preview":"max-image-preview:large","max-video-preview":"max-video-preview:-1"},"canonical":"https:\/\/aufildespierres.com\/index.php\/product\/grande-tranche-dagate-marocaine\/","og_locale":"fr_FR","og_type":"article","og_title":"Grande tranche d'Agate Marocaine - Au fil des pierres","og_description":"Tranche d\u2019Agate Marocaine naturelle. Apporte ancrage, \u00e9quilibre et s\u00e9r\u00e9nit\u00e9. Id\u00e9ale en d\u00e9coration ou en m\u00e9ditation.Demander \u00e0 ChatGPT","og_url":"https:\/\/aufildespierres.com\/index.php\/product\/grande-tranche-dagate-marocaine\/","og_site_name":"Au fil des pierres","article_modified_time":"2025-07-17T19:31:34+00:00","og_image":[{"width":2296,"height":2522,"url":"https:\/\/aufildespierres.com\/wp-content\/uploads\/2025\/07\/20250715_145342.jpg","type":"image\/jpeg"}],"twitter_card":"summary_large_image","twitter_misc":{"Dur\u00e9e de lecture estim\u00e9e":"2 minutes"},"schema":{"@context":"https:\/\/schema.org","@graph":[{"@type":"WebPage","@id":"https:\/\/aufildespierres.com\/index.php\/product\/grande-tranche-dagate-marocaine\/","url":"https:\/\/aufildespierres.com\/index.php\/product\/grande-tranche-dagate-marocaine\/","name":"Grande tranche d'Agate Marocaine - Au fil des pierres","isPartOf":{"@id":"https:\/\/aufildespierres.com\/#website"},"primaryImageOfPage":{"@id":"https:\/\/aufildespierres.com\/index.php\/product\/grande-tranche-dagate-marocaine\/#primaryimage"},"image":{"@id":"https:\/\/aufildespierres.com\/index.php\/product\/grande-tranche-dagate-marocaine\/#primaryimage"},"thumbnailUrl":"https:\/\/aufildespierres.com\/wp-content\/uploads\/2025\/07\/20250715_145342.jpg","datePublished":"2025-07-17T19:31:33+00:00","dateModified":"2025-07-17T19:31:34+00:00","description":"Tranche d\u2019Agate Marocaine naturelle. Apporte ancrage, \u00e9quilibre et s\u00e9r\u00e9nit\u00e9. Id\u00e9ale en d\u00e9coration ou en m\u00e9ditation.Demander \u00e0 ChatGPT","breadcrumb":{"@id":"https:\/\/aufildespierres.com\/index.php\/product\/grande-tranche-dagate-marocaine\/#breadcrumb"},"inLanguage":"fr-FR","potentialAction":[{"@type":"ReadAction","target":["https:\/\/aufildespierres.com\/index.php\/product\/grande-tranche-dagate-marocaine\/"]}]},{"@type":"ImageObject","inLanguage":"fr-FR","@id":"https:\/\/aufildespierres.com\/index.php\/product\/grande-tranche-dagate-marocaine\/#primaryimage","url":"https:\/\/aufildespierres.com\/wp-content\/uploads\/2025\/07\/20250715_145342.jpg","contentUrl":"https:\/\/aufildespierres.com\/wp-content\/uploads\/2025\/07\/20250715_145342.jpg","width":2296,"height":2522},{"@type":"BreadcrumbList","@id":"https:\/\/aufildespierres.com\/index.php\/product\/grande-tranche-dagate-marocaine\/#breadcrumb","itemListElement":[{"@type":"ListItem","position":1,"name":"Accueil","item":"https:\/\/aufildespierres.com\/"},{"@type":"ListItem","position":2,"name":"Boutique de Lithoth\u00e9rapie","item":"https:\/\/aufildespierres.com\/index.php\/boutique-de-lithotherapie\/"},{"@type":"ListItem","position":3,"name":"Grande tranche d&rsquo;Agate Marocaine"}]},{"@type":"WebSite","@id":"https:\/\/aufildespierres.com\/#website","url":"https:\/\/aufildespierres.com\/","name":"Au fil des pierres","description":"Au fil des pierres","publisher":{"@id":"https:\/\/aufildespierres.com\/#organization"},"potentialAction":[{"@type":"SearchAction","target":{"@type":"EntryPoint","urlTemplate":"https:\/\/aufildespierres.com\/?s={search_term_string}"},"query-input":{"@type":"PropertyValueSpecification","valueRequired":true,"valueName":"search_term_string"}}],"inLanguage":"fr-FR"},{"@type":"Organization","@id":"https:\/\/aufildespierres.com\/#organization","name":"Au fil des pierres","url":"https:\/\/aufildespierres.com\/","logo":{"@type":"ImageObject","inLanguage":"fr-FR","@id":"https:\/\/aufildespierres.com\/#\/schema\/logo\/image\/","url":"https:\/\/aufildespierres.com\/wp-content\/uploads\/2023\/05\/cropped-Logo-PNG-Transparent.png","contentUrl":"https:\/\/aufildespierres.com\/wp-content\/uploads\/2023\/05\/cropped-Logo-PNG-Transparent.png","width":1776,"height":1625,"caption":"Au fil des pierres"},"image":{"@id":"https:\/\/aufildespierres.com\/#\/schema\/logo\/image\/"}}]}},"_links":{"self":[{"href":"https:\/\/aufildespierres.com\/index.php\/wp-json\/wp\/v2\/product\/4046","targetHints":{"allow":["GET"]}}],"collection":[{"href":"https:\/\/aufildespierres.com\/index.php\/wp-json\/wp\/v2\/product"}],"about":[{"href":"https:\/\/aufildespierres.com\/index.php\/wp-json\/wp\/v2\/types\/product"}],"replies":[{"embeddable":true,"href":"https:\/\/aufildespierres.com\/index.php\/wp-json\/wp\/v2\/comments?post=4046"}],"wp:featuredmedia":[{"embeddable":true,"href":"https:\/\/aufildespierres.com\/index.php\/wp-json\/wp\/v2\/media\/4047"}],"wp:attachment":[{"href":"https:\/\/aufildespierres.com\/index.php\/wp-json\/wp\/v2\/media?parent=4046"}],"wp:term":[{"taxonomy":"product_brand","embeddable":true,"href":"https:\/\/aufildespierres.com\/index.php\/wp-json\/wp\/v2\/product_brand?post=4046"},{"taxonomy":"product_cat","embeddable":true,"href":"https:\/\/aufildespierres.com\/index.php\/wp-json\/wp\/v2\/product_cat?post=4046"},{"taxonomy":"product_tag","embeddable":true,"href":"https:\/\/aufildespierres.com\/index.php\/wp-json\/wp\/v2\/product_tag?post=4046"}],"curies":[{"name":"wp","href":"https:\/\/api.w.org\/{rel}","templated":true}]}}