{"id":4067,"date":"2025-07-26T19:44:53","date_gmt":"2025-07-26T17:44:53","guid":{"rendered":"https:\/\/aufildespierres.com\/?post_type=product&#038;p=4067"},"modified":"2025-07-26T20:01:24","modified_gmt":"2025-07-26T18:01:24","slug":"grand-coeur-d-agate-noire","status":"publish","type":"product","link":"https:\/\/aufildespierres.com\/index.php\/product\/grand-coeur-d-agate-noire\/","title":{"rendered":"Grand c\u0153ur d&rsquo;Agate noire"},"content":{"rendered":"<div class=\"html-div xdj266r x14z9mp xat24cr x1lziwak xexx8yu xyri2b x18d9i69 x1c1uobl\" tabindex=\"-1\">\n<div class=\"html-div xdj266r x14z9mp x1lziwak xexx8yu xyri2b x18d9i69 x1c1uobl x1e56ztr\"><\/div>\n<\/div>\n<div class=\"html-div xdj266r x14z9mp x1lziwak xexx8yu xyri2b x18d9i69 x1c1uobl x1e56ztr\"><\/div>\n<div>\n<p data-start=\"0\" data-end=\"92\">\ud83d\udda4 <strong data-start=\"3\" data-end=\"89\">Grand c\u0153ur en Agate Noire : pierre d\u2019ancrage, de protection et de force int\u00e9rieure<\/strong> \ud83d\udda4<\/p>\n<p data-start=\"94\" data-end=\"411\">Ce <strong data-start=\"97\" data-end=\"126\">grand c\u0153ur en Agate Noire<\/strong> incarne puissance, stabilit\u00e9 et s\u00e9curit\u00e9. Sa forme symbolique renforce son action apaisante sur le plan \u00e9motionnel tout en diffusant une \u00e9nergie douce et protectrice. Gr\u00e2ce \u00e0 sa couleur sombre et profonde, il apporte structure et \u00e9quilibre dans les environnements agit\u00e9s ou instables.<\/p>\n<p data-start=\"413\" data-end=\"446\"><strong data-start=\"413\" data-end=\"446\">Les vertus de l\u2019Agate Noire :<\/strong><\/p>\n<p data-start=\"448\" data-end=\"687\">\u2013 <strong data-start=\"450\" data-end=\"474\">Ancrage et stabilit\u00e9<\/strong> : L\u2019Agate Noire agit directement sur le chakra racine. Elle favorise l\u2019enracinement, apaise les angoisses et aide \u00e0 rester centr\u00e9 face aux d\u00e9fis du quotidien. Ainsi, elle r\u00e9duit le stress et invite \u00e0 la s\u00e9r\u00e9nit\u00e9.<\/p>\n<p data-start=\"689\" data-end=\"899\">\u2013 <strong data-start=\"691\" data-end=\"717\">Protection \u00e9nerg\u00e9tique<\/strong> : Elle fonctionne comme un v\u00e9ritable bouclier. Elle \u00e9loigne les \u00e9nergies n\u00e9gatives, dissout les blocages et cr\u00e9e une barri\u00e8re subtile contre les influences ext\u00e9rieures perturbantes.<\/p>\n<p data-start=\"901\" data-end=\"1052\">\u2013 <strong data-start=\"903\" data-end=\"923\">Force et courage<\/strong> : Cette pierre vous aide \u00e0 d\u00e9passer les peurs, renforce la confiance en soi et encourage \u00e0 prendre des d\u00e9cisions avec assurance.<\/p>\n<p data-start=\"1054\" data-end=\"1222\">\u2013 <strong data-start=\"1056\" data-end=\"1074\">Clart\u00e9 mentale<\/strong> : L\u2019Agate Noire am\u00e9liore la concentration, clarifie les pens\u00e9es confuses et stimule l\u2019intuition. Elle favorise ainsi une r\u00e9flexion lucide et pos\u00e9e.<\/p>\n<p data-start=\"1224\" data-end=\"1264\"><strong data-start=\"1224\" data-end=\"1264\">Utilisation et bienfaits physiques :<\/strong><\/p>\n<p data-start=\"1266\" data-end=\"1458\">Placez ce <strong data-start=\"1276\" data-end=\"1305\">grand c\u0153ur en Agate Noire<\/strong> dans une pi\u00e8ce de repos, sur un autel ou \u00e0 c\u00f4t\u00e9 du lit. Vous pouvez aussi l\u2019utiliser en m\u00e9ditation, pos\u00e9 sur le chakra racine, pour renforcer l\u2019ancrage.<\/p>\n<p data-start=\"1460\" data-end=\"1707\">Sur le plan physique, cette pierre peut favoriser l\u2019endormissement, soulager les tensions musculaires et am\u00e9liorer la circulation sanguine. Elle soutient \u00e9galement la fertilit\u00e9, aide durant la m\u00e9nopause et apaise les troubles cutan\u00e9s comme l\u2019acn\u00e9.<\/p>\n<p data-start=\"1709\" data-end=\"1866\" data-is-last-node=\"\" data-is-only-node=\"\">En r\u00e9sum\u00e9, ce <strong data-start=\"1723\" data-end=\"1752\">grand c\u0153ur en Agate Noire<\/strong> allie beaut\u00e9, symbolisme et puissance \u00e9nerg\u00e9tique pour un mieux-\u00eatre durable et une profonde harmonie int\u00e9rieure.<\/p>\n<\/div>\n","protected":false},"excerpt":{"rendered":"<p>\ud83d\udda4 Grand c\u0153ur en Agate Noire : pierre d\u2019ancrage, de protection et de force int\u00e9rieure \ud83d\udda4 Ce grand c\u0153ur en Agate Noire incarne puissance, stabilit\u00e9 et s\u00e9curit\u00e9. Sa forme symbolique renforce son action apaisante sur le plan \u00e9motionnel tout en diffusant une \u00e9nergie douce et protectrice. Gr\u00e2ce \u00e0 sa couleur sombre et profonde, il apporte [&hellip;]<\/p>\n","protected":false},"featured_media":4069,"comment_status":"open","ping_status":"closed","template":"","meta":{"site-sidebar-layout":"default","site-content-layout":"","ast-site-content-layout":"default","site-content-style":"default","site-sidebar-style":"default","ast-global-header-display":"","ast-banner-title-visibility":"","ast-main-header-display":"","ast-hfb-above-header-display":"","ast-hfb-below-header-display":"","ast-hfb-mobile-header-display":"","site-post-title":"","ast-breadcrumbs-content":"","ast-featured-img":"","footer-sml-layout":"","ast-disable-related-posts":"","theme-transparent-header-meta":"default","adv-header-id-meta":"","stick-header-meta":"","header-above-stick-meta":"","header-main-stick-meta":"","header-below-stick-meta":"","astra-migrate-meta-layouts":"set","ast-page-background-enabled":"default","ast-page-background-meta":{"desktop":{"background-color":"var(--ast-global-color-4)","background-image":"","background-repeat":"repeat","background-position":"center center","background-size":"auto","background-attachment":"scroll","background-type":"","background-media":"","overlay-type":"","overlay-color":"","overlay-opacity":"","overlay-gradient":""},"tablet":{"background-color":"","background-image":"","background-repeat":"repeat","background-position":"center center","background-size":"auto","background-attachment":"scroll","background-type":"","background-media":"","overlay-type":"","overlay-color":"","overlay-opacity":"","overlay-gradient":""},"mobile":{"background-color":"","background-image":"","background-repeat":"repeat","background-position":"center center","background-size":"auto","background-attachment":"scroll","background-type":"","background-media":"","overlay-type":"","overlay-color":"","overlay-opacity":"","overlay-gradient":""}},"ast-content-background-meta":{"desktop":{"background-color":"var(--ast-global-color-5)","background-image":"","background-repeat":"repeat","background-position":"center center","background-size":"auto","background-attachment":"scroll","background-type":"","background-media":"","overlay-type":"","overlay-color":"","overlay-opacity":"","overlay-gradient":""},"tablet":{"background-color":"var(--ast-global-color-5)","background-image":"","background-repeat":"repeat","background-position":"center center","background-size":"auto","background-attachment":"scroll","background-type":"","background-media":"","overlay-type":"","overlay-color":"","overlay-opacity":"","overlay-gradient":""},"mobile":{"background-color":"var(--ast-global-color-5)","background-image":"","background-repeat":"repeat","background-position":"center center","background-size":"auto","background-attachment":"scroll","background-type":"","background-media":"","overlay-type":"","overlay-color":"","overlay-opacity":"","overlay-gradient":""}},"_glsr_average":0,"_glsr_ranking":0,"_glsr_reviews":0},"product_brand":[],"product_cat":[287,67,238,272,66,32,63],"product_tag":[],"class_list":{"0":"post-4067","1":"product","2":"type-product","3":"status-publish","4":"has-post-thumbnail","6":"product_cat-agate-noire","7":"product_cat-blanc","8":"product_cat-coeurs","9":"product_cat-equilibre-emotionnel","10":"product_cat-noir","11":"product_cat-pierres-polies","12":"product_cat-stress-angoisses","13":"desktop-align-left","14":"tablet-align-left","15":"mobile-align-left","17":"first","18":"instock","19":"purchasable","20":"product-type-simple"},"yoast_head":"<!-- This site is optimized with the Yoast SEO plugin v27.5 - https:\/\/yoast.com\/product\/yoast-seo-wordpress\/ -->\n<title>Grand c\u0153ur d&#039;Agate noire - Au fil des pierres<\/title>\n<meta name=\"description\" content=\"Grand c\u0153ur d&#039;Agate noire , \u00e9l\u00e9gance et protection pour renforcer l\u2019ancrage, la stabilit\u00e9 et la confiance en soi\" \/>\n<meta name=\"robots\" content=\"index, follow, max-snippet:-1, max-image-preview:large, max-video-preview:-1\" \/>\n<link rel=\"canonical\" href=\"https:\/\/aufildespierres.com\/index.php\/product\/grand-coeur-d-agate-noire\/\" \/>\n<meta property=\"og:locale\" content=\"fr_FR\" \/>\n<meta property=\"og:type\" content=\"article\" \/>\n<meta property=\"og:title\" content=\"Grand c\u0153ur d&#039;Agate noire - Au fil des pierres\" \/>\n<meta property=\"og:description\" content=\"Grand c\u0153ur d&#039;Agate noire , \u00e9l\u00e9gance et protection pour renforcer l\u2019ancrage, la stabilit\u00e9 et la confiance en soi\" \/>\n<meta property=\"og:url\" content=\"https:\/\/aufildespierres.com\/index.php\/product\/grand-coeur-d-agate-noire\/\" \/>\n<meta property=\"og:site_name\" content=\"Au fil des pierres\" \/>\n<meta property=\"article:modified_time\" content=\"2025-07-26T18:01:24+00:00\" \/>\n<meta property=\"og:image\" content=\"https:\/\/aufildespierres.com\/wp-content\/uploads\/2025\/07\/515259124_10233952353104665_5026098429847681422_n.jpg\" \/>\n\t<meta property=\"og:image:width\" content=\"752\" \/>\n\t<meta property=\"og:image:height\" content=\"1020\" \/>\n\t<meta property=\"og:image:type\" content=\"image\/jpeg\" \/>\n<meta name=\"twitter:card\" content=\"summary_large_image\" \/>\n<meta name=\"twitter:label1\" content=\"Dur\u00e9e de lecture estim\u00e9e\" \/>\n\t<meta name=\"twitter:data1\" content=\"2 minutes\" \/>\n<script type=\"application\/ld+json\" class=\"yoast-schema-graph\">{\"@context\":\"https:\\\/\\\/schema.org\",\"@graph\":[{\"@type\":\"WebPage\",\"@id\":\"https:\\\/\\\/aufildespierres.com\\\/index.php\\\/product\\\/grand-coeur-d-agate-noire\\\/\",\"url\":\"https:\\\/\\\/aufildespierres.com\\\/index.php\\\/product\\\/grand-coeur-d-agate-noire\\\/\",\"name\":\"Grand c\u0153ur d'Agate noire - Au fil des pierres\",\"isPartOf\":{\"@id\":\"https:\\\/\\\/aufildespierres.com\\\/#website\"},\"primaryImageOfPage\":{\"@id\":\"https:\\\/\\\/aufildespierres.com\\\/index.php\\\/product\\\/grand-coeur-d-agate-noire\\\/#primaryimage\"},\"image\":{\"@id\":\"https:\\\/\\\/aufildespierres.com\\\/index.php\\\/product\\\/grand-coeur-d-agate-noire\\\/#primaryimage\"},\"thumbnailUrl\":\"https:\\\/\\\/aufildespierres.com\\\/wp-content\\\/uploads\\\/2025\\\/07\\\/515259124_10233952353104665_5026098429847681422_n.jpg\",\"datePublished\":\"2025-07-26T17:44:53+00:00\",\"dateModified\":\"2025-07-26T18:01:24+00:00\",\"description\":\"Grand c\u0153ur d'Agate noire , \u00e9l\u00e9gance et protection pour renforcer l\u2019ancrage, la stabilit\u00e9 et la confiance en soi\",\"breadcrumb\":{\"@id\":\"https:\\\/\\\/aufildespierres.com\\\/index.php\\\/product\\\/grand-coeur-d-agate-noire\\\/#breadcrumb\"},\"inLanguage\":\"fr-FR\",\"potentialAction\":[{\"@type\":\"ReadAction\",\"target\":[\"https:\\\/\\\/aufildespierres.com\\\/index.php\\\/product\\\/grand-coeur-d-agate-noire\\\/\"]}]},{\"@type\":\"ImageObject\",\"inLanguage\":\"fr-FR\",\"@id\":\"https:\\\/\\\/aufildespierres.com\\\/index.php\\\/product\\\/grand-coeur-d-agate-noire\\\/#primaryimage\",\"url\":\"https:\\\/\\\/aufildespierres.com\\\/wp-content\\\/uploads\\\/2025\\\/07\\\/515259124_10233952353104665_5026098429847681422_n.jpg\",\"contentUrl\":\"https:\\\/\\\/aufildespierres.com\\\/wp-content\\\/uploads\\\/2025\\\/07\\\/515259124_10233952353104665_5026098429847681422_n.jpg\",\"width\":752,\"height\":1020,\"caption\":\"grand c\u0153ur Agate noire\"},{\"@type\":\"BreadcrumbList\",\"@id\":\"https:\\\/\\\/aufildespierres.com\\\/index.php\\\/product\\\/grand-coeur-d-agate-noire\\\/#breadcrumb\",\"itemListElement\":[{\"@type\":\"ListItem\",\"position\":1,\"name\":\"Accueil\",\"item\":\"https:\\\/\\\/aufildespierres.com\\\/\"},{\"@type\":\"ListItem\",\"position\":2,\"name\":\"Boutique de Lithoth\u00e9rapie\",\"item\":\"https:\\\/\\\/aufildespierres.com\\\/index.php\\\/boutique-de-lithotherapie\\\/\"},{\"@type\":\"ListItem\",\"position\":3,\"name\":\"Grand c\u0153ur d&rsquo;Agate noire\"}]},{\"@type\":\"WebSite\",\"@id\":\"https:\\\/\\\/aufildespierres.com\\\/#website\",\"url\":\"https:\\\/\\\/aufildespierres.com\\\/\",\"name\":\"Au fil des pierres\",\"description\":\"Au fil des pierres\",\"publisher\":{\"@id\":\"https:\\\/\\\/aufildespierres.com\\\/#organization\"},\"potentialAction\":[{\"@type\":\"SearchAction\",\"target\":{\"@type\":\"EntryPoint\",\"urlTemplate\":\"https:\\\/\\\/aufildespierres.com\\\/?s={search_term_string}\"},\"query-input\":{\"@type\":\"PropertyValueSpecification\",\"valueRequired\":true,\"valueName\":\"search_term_string\"}}],\"inLanguage\":\"fr-FR\"},{\"@type\":\"Organization\",\"@id\":\"https:\\\/\\\/aufildespierres.com\\\/#organization\",\"name\":\"Au fil des pierres\",\"url\":\"https:\\\/\\\/aufildespierres.com\\\/\",\"logo\":{\"@type\":\"ImageObject\",\"inLanguage\":\"fr-FR\",\"@id\":\"https:\\\/\\\/aufildespierres.com\\\/#\\\/schema\\\/logo\\\/image\\\/\",\"url\":\"https:\\\/\\\/aufildespierres.com\\\/wp-content\\\/uploads\\\/2023\\\/05\\\/cropped-Logo-PNG-Transparent.png\",\"contentUrl\":\"https:\\\/\\\/aufildespierres.com\\\/wp-content\\\/uploads\\\/2023\\\/05\\\/cropped-Logo-PNG-Transparent.png\",\"width\":1776,\"height\":1625,\"caption\":\"Au fil des pierres\"},\"image\":{\"@id\":\"https:\\\/\\\/aufildespierres.com\\\/#\\\/schema\\\/logo\\\/image\\\/\"}}]}<\/script>\n<!-- \/ Yoast SEO plugin. -->","yoast_head_json":{"title":"Grand c\u0153ur d'Agate noire - Au fil des pierres","description":"Grand c\u0153ur d'Agate noire , \u00e9l\u00e9gance et protection pour renforcer l\u2019ancrage, la stabilit\u00e9 et la confiance en soi","robots":{"index":"index","follow":"follow","max-snippet":"max-snippet:-1","max-image-preview":"max-image-preview:large","max-video-preview":"max-video-preview:-1"},"canonical":"https:\/\/aufildespierres.com\/index.php\/product\/grand-coeur-d-agate-noire\/","og_locale":"fr_FR","og_type":"article","og_title":"Grand c\u0153ur d'Agate noire - Au fil des pierres","og_description":"Grand c\u0153ur d'Agate noire , \u00e9l\u00e9gance et protection pour renforcer l\u2019ancrage, la stabilit\u00e9 et la confiance en soi","og_url":"https:\/\/aufildespierres.com\/index.php\/product\/grand-coeur-d-agate-noire\/","og_site_name":"Au fil des pierres","article_modified_time":"2025-07-26T18:01:24+00:00","og_image":[{"width":752,"height":1020,"url":"https:\/\/aufildespierres.com\/wp-content\/uploads\/2025\/07\/515259124_10233952353104665_5026098429847681422_n.jpg","type":"image\/jpeg"}],"twitter_card":"summary_large_image","twitter_misc":{"Dur\u00e9e de lecture estim\u00e9e":"2 minutes"},"schema":{"@context":"https:\/\/schema.org","@graph":[{"@type":"WebPage","@id":"https:\/\/aufildespierres.com\/index.php\/product\/grand-coeur-d-agate-noire\/","url":"https:\/\/aufildespierres.com\/index.php\/product\/grand-coeur-d-agate-noire\/","name":"Grand c\u0153ur d'Agate noire - Au fil des pierres","isPartOf":{"@id":"https:\/\/aufildespierres.com\/#website"},"primaryImageOfPage":{"@id":"https:\/\/aufildespierres.com\/index.php\/product\/grand-coeur-d-agate-noire\/#primaryimage"},"image":{"@id":"https:\/\/aufildespierres.com\/index.php\/product\/grand-coeur-d-agate-noire\/#primaryimage"},"thumbnailUrl":"https:\/\/aufildespierres.com\/wp-content\/uploads\/2025\/07\/515259124_10233952353104665_5026098429847681422_n.jpg","datePublished":"2025-07-26T17:44:53+00:00","dateModified":"2025-07-26T18:01:24+00:00","description":"Grand c\u0153ur d'Agate noire , \u00e9l\u00e9gance et protection pour renforcer l\u2019ancrage, la stabilit\u00e9 et la confiance en soi","breadcrumb":{"@id":"https:\/\/aufildespierres.com\/index.php\/product\/grand-coeur-d-agate-noire\/#breadcrumb"},"inLanguage":"fr-FR","potentialAction":[{"@type":"ReadAction","target":["https:\/\/aufildespierres.com\/index.php\/product\/grand-coeur-d-agate-noire\/"]}]},{"@type":"ImageObject","inLanguage":"fr-FR","@id":"https:\/\/aufildespierres.com\/index.php\/product\/grand-coeur-d-agate-noire\/#primaryimage","url":"https:\/\/aufildespierres.com\/wp-content\/uploads\/2025\/07\/515259124_10233952353104665_5026098429847681422_n.jpg","contentUrl":"https:\/\/aufildespierres.com\/wp-content\/uploads\/2025\/07\/515259124_10233952353104665_5026098429847681422_n.jpg","width":752,"height":1020,"caption":"grand c\u0153ur Agate noire"},{"@type":"BreadcrumbList","@id":"https:\/\/aufildespierres.com\/index.php\/product\/grand-coeur-d-agate-noire\/#breadcrumb","itemListElement":[{"@type":"ListItem","position":1,"name":"Accueil","item":"https:\/\/aufildespierres.com\/"},{"@type":"ListItem","position":2,"name":"Boutique de Lithoth\u00e9rapie","item":"https:\/\/aufildespierres.com\/index.php\/boutique-de-lithotherapie\/"},{"@type":"ListItem","position":3,"name":"Grand c\u0153ur d&rsquo;Agate noire"}]},{"@type":"WebSite","@id":"https:\/\/aufildespierres.com\/#website","url":"https:\/\/aufildespierres.com\/","name":"Au fil des pierres","description":"Au fil des pierres","publisher":{"@id":"https:\/\/aufildespierres.com\/#organization"},"potentialAction":[{"@type":"SearchAction","target":{"@type":"EntryPoint","urlTemplate":"https:\/\/aufildespierres.com\/?s={search_term_string}"},"query-input":{"@type":"PropertyValueSpecification","valueRequired":true,"valueName":"search_term_string"}}],"inLanguage":"fr-FR"},{"@type":"Organization","@id":"https:\/\/aufildespierres.com\/#organization","name":"Au fil des pierres","url":"https:\/\/aufildespierres.com\/","logo":{"@type":"ImageObject","inLanguage":"fr-FR","@id":"https:\/\/aufildespierres.com\/#\/schema\/logo\/image\/","url":"https:\/\/aufildespierres.com\/wp-content\/uploads\/2023\/05\/cropped-Logo-PNG-Transparent.png","contentUrl":"https:\/\/aufildespierres.com\/wp-content\/uploads\/2023\/05\/cropped-Logo-PNG-Transparent.png","width":1776,"height":1625,"caption":"Au fil des pierres"},"image":{"@id":"https:\/\/aufildespierres.com\/#\/schema\/logo\/image\/"}}]}},"_links":{"self":[{"href":"https:\/\/aufildespierres.com\/index.php\/wp-json\/wp\/v2\/product\/4067","targetHints":{"allow":["GET"]}}],"collection":[{"href":"https:\/\/aufildespierres.com\/index.php\/wp-json\/wp\/v2\/product"}],"about":[{"href":"https:\/\/aufildespierres.com\/index.php\/wp-json\/wp\/v2\/types\/product"}],"replies":[{"embeddable":true,"href":"https:\/\/aufildespierres.com\/index.php\/wp-json\/wp\/v2\/comments?post=4067"}],"wp:featuredmedia":[{"embeddable":true,"href":"https:\/\/aufildespierres.com\/index.php\/wp-json\/wp\/v2\/media\/4069"}],"wp:attachment":[{"href":"https:\/\/aufildespierres.com\/index.php\/wp-json\/wp\/v2\/media?parent=4067"}],"wp:term":[{"taxonomy":"product_brand","embeddable":true,"href":"https:\/\/aufildespierres.com\/index.php\/wp-json\/wp\/v2\/product_brand?post=4067"},{"taxonomy":"product_cat","embeddable":true,"href":"https:\/\/aufildespierres.com\/index.php\/wp-json\/wp\/v2\/product_cat?post=4067"},{"taxonomy":"product_tag","embeddable":true,"href":"https:\/\/aufildespierres.com\/index.php\/wp-json\/wp\/v2\/product_tag?post=4067"}],"curies":[{"name":"wp","href":"https:\/\/api.w.org\/{rel}","templated":true}]}}