{"id":4071,"date":"2025-07-26T20:00:53","date_gmt":"2025-07-26T18:00:53","guid":{"rendered":"https:\/\/aufildespierres.com\/?post_type=product&#038;p=4071"},"modified":"2025-07-26T20:00:53","modified_gmt":"2025-07-26T18:00:53","slug":"tranche-dagate-naturelle","status":"publish","type":"product","link":"https:\/\/aufildespierres.com\/index.php\/product\/tranche-dagate-naturelle\/","title":{"rendered":"Tranche d&rsquo;Agate naturelle"},"content":{"rendered":"<p data-start=\"0\" data-end=\"65\"><strong data-start=\"0\" data-end=\"65\">Tranche d\u2019Agate naturelle \u2013 \u00c9quilibre, S\u00e9r\u00e9nit\u00e9 et Protection<\/strong><\/p>\n<p data-start=\"67\" data-end=\"371\">Cette superbe tranche d\u2019Agate naturelle mesure environ 17 cm de long sur 11 cm de large, avec une belle \u00e9paisseur qui en fait un objet d\u00e9coratif aussi puissant qu\u2019\u00e9l\u00e9gant. Gr\u00e2ce \u00e0 sa forme et \u00e0 ses nuances douces, elle trouve facilement sa place dans un espace de vie, un bureau ou un lieu de m\u00e9ditation.<\/p>\n<p data-start=\"373\" data-end=\"416\"><strong data-start=\"373\" data-end=\"416\">\u00c9quilibre \u00e9motionnel et ancrage profond<\/strong><\/p>\n<p data-start=\"418\" data-end=\"760\">L\u2019Agate est avant tout une pierre d\u2019ancrage qui renforce la stabilit\u00e9 \u00e9motionnelle, physique et mentale. Elle favorise la lib\u00e9ration des blocages \u00e9nerg\u00e9tiques, r\u00e9duit le stress et calme les angoisses profondes. Par ailleurs, elle harmonise les polarit\u00e9s yin et yang, dissipe les peurs int\u00e9rieures et aide \u00e0 retrouver un sentiment de s\u00e9curit\u00e9.<\/p>\n<p data-start=\"762\" data-end=\"1061\">Gr\u00e2ce \u00e0 son \u00e9nergie apaisante, elle neutralise les influences n\u00e9gatives, apaise les comportements excessifs comme la possessivit\u00e9 ou le besoin constant de validation, et encourage une attitude plus \u00e9quilibr\u00e9e. Elle aide \u00e9galement \u00e0 renforcer la confiance en soi, la concentration et la clairvoyance.<\/p>\n<p data-start=\"1063\" data-end=\"1106\"><strong data-start=\"1063\" data-end=\"1106\">Clart\u00e9 mentale et ouverture spirituelle<\/strong><\/p>\n<p data-start=\"1108\" data-end=\"1345\">La tranche d\u2019Agate naturelle stimule l\u2019intellect. Elle am\u00e9liore les capacit\u00e9s d\u2019analyse, favorise une meilleure compr\u00e9hension de soi et du monde, et \u00e9l\u00e8ve la conscience. Ainsi, elle facilite l\u2019union entre le corps, le mental et l\u2019esprit.<\/p>\n<p data-start=\"1347\" data-end=\"1377\"><strong data-start=\"1347\" data-end=\"1377\">Bienfaits physiques vari\u00e9s<\/strong><\/p>\n<p data-start=\"1379\" data-end=\"1706\">Sur le plan physique, l\u2019Agate soutient un sommeil r\u00e9parateur, soulage les tensions dorsales, les maux de t\u00eate, les crampes et les inflammations. Elle renforce la circulation sanguine, am\u00e9liore les troubles cutan\u00e9s et digestifs, et calme les troubles respiratoires. De plus, elle stabilise l\u2019aura et r\u00e9gule l\u2019\u00e9nergie corporelle.<\/p>\n<p data-start=\"1708\" data-end=\"1858\" data-is-last-node=\"\" data-is-only-node=\"\">Id\u00e9ale pour les personnes \u00e9motives ou les enfants agit\u00e9s, cette tranche d\u2019Agate naturelle apaise durablement tout en embellissant votre environnement.<\/p>\n","protected":false},"excerpt":{"rendered":"<p>Tranche d\u2019Agate naturelle \u2013 \u00c9quilibre, S\u00e9r\u00e9nit\u00e9 et Protection Cette superbe tranche d\u2019Agate naturelle mesure environ 17 cm de long sur 11 cm de large, avec une belle \u00e9paisseur qui en fait un objet d\u00e9coratif aussi puissant qu\u2019\u00e9l\u00e9gant. Gr\u00e2ce \u00e0 sa forme et \u00e0 ses nuances douces, elle trouve facilement sa place dans un espace de [&hellip;]<\/p>\n","protected":false},"featured_media":4073,"comment_status":"open","ping_status":"closed","template":"","meta":{"site-sidebar-layout":"default","site-content-layout":"","ast-site-content-layout":"default","site-content-style":"default","site-sidebar-style":"default","ast-global-header-display":"","ast-banner-title-visibility":"","ast-main-header-display":"","ast-hfb-above-header-display":"","ast-hfb-below-header-display":"","ast-hfb-mobile-header-display":"","site-post-title":"","ast-breadcrumbs-content":"","ast-featured-img":"","footer-sml-layout":"","ast-disable-related-posts":"","theme-transparent-header-meta":"default","adv-header-id-meta":"","stick-header-meta":"","header-above-stick-meta":"","header-main-stick-meta":"","header-below-stick-meta":"","astra-migrate-meta-layouts":"set","ast-page-background-enabled":"default","ast-page-background-meta":{"desktop":{"background-color":"var(--ast-global-color-4)","background-image":"","background-repeat":"repeat","background-position":"center center","background-size":"auto","background-attachment":"scroll","background-type":"","background-media":"","overlay-type":"","overlay-color":"","overlay-opacity":"","overlay-gradient":""},"tablet":{"background-color":"","background-image":"","background-repeat":"repeat","background-position":"center center","background-size":"auto","background-attachment":"scroll","background-type":"","background-media":"","overlay-type":"","overlay-color":"","overlay-opacity":"","overlay-gradient":""},"mobile":{"background-color":"","background-image":"","background-repeat":"repeat","background-position":"center center","background-size":"auto","background-attachment":"scroll","background-type":"","background-media":"","overlay-type":"","overlay-color":"","overlay-opacity":"","overlay-gradient":""}},"ast-content-background-meta":{"desktop":{"background-color":"var(--ast-global-color-5)","background-image":"","background-repeat":"repeat","background-position":"center center","background-size":"auto","background-attachment":"scroll","background-type":"","background-media":"","overlay-type":"","overlay-color":"","overlay-opacity":"","overlay-gradient":""},"tablet":{"background-color":"var(--ast-global-color-5)","background-image":"","background-repeat":"repeat","background-position":"center center","background-size":"auto","background-attachment":"scroll","background-type":"","background-media":"","overlay-type":"","overlay-color":"","overlay-opacity":"","overlay-gradient":""},"mobile":{"background-color":"var(--ast-global-color-5)","background-image":"","background-repeat":"repeat","background-position":"center center","background-size":"auto","background-attachment":"scroll","background-type":"","background-media":"","overlay-type":"","overlay-color":"","overlay-opacity":"","overlay-gradient":""}},"_glsr_average":0,"_glsr_ranking":0,"_glsr_reviews":0},"product_brand":[],"product_cat":[141,49,272,99,31,63],"product_tag":[],"class_list":{"0":"post-4071","1":"product","2":"type-product","3":"status-publish","4":"has-post-thumbnail","6":"product_cat-agate","7":"product_cat-confiance-en-soi","8":"product_cat-equilibre-emotionnel","9":"product_cat-gris","10":"product_cat-pierres-brutes","11":"product_cat-stress-angoisses","12":"desktop-align-left","13":"tablet-align-left","14":"mobile-align-left","16":"first","17":"instock","18":"purchasable","19":"product-type-simple"},"yoast_head":"<!-- This site is optimized with the Yoast SEO plugin v27.5 - https:\/\/yoast.com\/product\/yoast-seo-wordpress\/ -->\n<title>Tranche d&#039;Agate naturelle - Au fil des pierres<\/title>\n<meta name=\"description\" content=\"Tranche d\u2019Agate naturelle : \u00e9l\u00e9gance min\u00e9rale, protection et \u00e9nergie harmonisante pour sublimer vos espaces avec qualit\u00e9.\" \/>\n<meta name=\"robots\" content=\"index, follow, max-snippet:-1, max-image-preview:large, max-video-preview:-1\" \/>\n<link rel=\"canonical\" href=\"https:\/\/aufildespierres.com\/index.php\/product\/tranche-dagate-naturelle\/\" \/>\n<meta property=\"og:locale\" content=\"fr_FR\" \/>\n<meta property=\"og:type\" content=\"article\" \/>\n<meta property=\"og:title\" content=\"Tranche d&#039;Agate naturelle - Au fil des pierres\" \/>\n<meta property=\"og:description\" content=\"Tranche d\u2019Agate naturelle : \u00e9l\u00e9gance min\u00e9rale, protection et \u00e9nergie harmonisante pour sublimer vos espaces avec qualit\u00e9.\" \/>\n<meta property=\"og:url\" content=\"https:\/\/aufildespierres.com\/index.php\/product\/tranche-dagate-naturelle\/\" \/>\n<meta property=\"og:site_name\" content=\"Au fil des pierres\" \/>\n<meta property=\"og:image\" content=\"https:\/\/aufildespierres.com\/wp-content\/uploads\/2025\/07\/513641222_10233899177215301_1082227244412015707_n.jpg\" \/>\n\t<meta property=\"og:image:width\" content=\"752\" \/>\n\t<meta property=\"og:image:height\" content=\"1020\" \/>\n\t<meta property=\"og:image:type\" content=\"image\/jpeg\" \/>\n<meta name=\"twitter:card\" content=\"summary_large_image\" \/>\n<meta name=\"twitter:label1\" content=\"Dur\u00e9e de lecture estim\u00e9e\" \/>\n\t<meta name=\"twitter:data1\" content=\"2 minutes\" \/>\n<script type=\"application\/ld+json\" class=\"yoast-schema-graph\">{\"@context\":\"https:\\\/\\\/schema.org\",\"@graph\":[{\"@type\":\"WebPage\",\"@id\":\"https:\\\/\\\/aufildespierres.com\\\/index.php\\\/product\\\/tranche-dagate-naturelle\\\/\",\"url\":\"https:\\\/\\\/aufildespierres.com\\\/index.php\\\/product\\\/tranche-dagate-naturelle\\\/\",\"name\":\"Tranche d'Agate naturelle - Au fil des pierres\",\"isPartOf\":{\"@id\":\"https:\\\/\\\/aufildespierres.com\\\/#website\"},\"primaryImageOfPage\":{\"@id\":\"https:\\\/\\\/aufildespierres.com\\\/index.php\\\/product\\\/tranche-dagate-naturelle\\\/#primaryimage\"},\"image\":{\"@id\":\"https:\\\/\\\/aufildespierres.com\\\/index.php\\\/product\\\/tranche-dagate-naturelle\\\/#primaryimage\"},\"thumbnailUrl\":\"https:\\\/\\\/aufildespierres.com\\\/wp-content\\\/uploads\\\/2025\\\/07\\\/513641222_10233899177215301_1082227244412015707_n.jpg\",\"datePublished\":\"2025-07-26T18:00:53+00:00\",\"description\":\"Tranche d\u2019Agate naturelle : \u00e9l\u00e9gance min\u00e9rale, protection et \u00e9nergie harmonisante pour sublimer vos espaces avec qualit\u00e9.\",\"breadcrumb\":{\"@id\":\"https:\\\/\\\/aufildespierres.com\\\/index.php\\\/product\\\/tranche-dagate-naturelle\\\/#breadcrumb\"},\"inLanguage\":\"fr-FR\",\"potentialAction\":[{\"@type\":\"ReadAction\",\"target\":[\"https:\\\/\\\/aufildespierres.com\\\/index.php\\\/product\\\/tranche-dagate-naturelle\\\/\"]}]},{\"@type\":\"ImageObject\",\"inLanguage\":\"fr-FR\",\"@id\":\"https:\\\/\\\/aufildespierres.com\\\/index.php\\\/product\\\/tranche-dagate-naturelle\\\/#primaryimage\",\"url\":\"https:\\\/\\\/aufildespierres.com\\\/wp-content\\\/uploads\\\/2025\\\/07\\\/513641222_10233899177215301_1082227244412015707_n.jpg\",\"contentUrl\":\"https:\\\/\\\/aufildespierres.com\\\/wp-content\\\/uploads\\\/2025\\\/07\\\/513641222_10233899177215301_1082227244412015707_n.jpg\",\"width\":752,\"height\":1020},{\"@type\":\"BreadcrumbList\",\"@id\":\"https:\\\/\\\/aufildespierres.com\\\/index.php\\\/product\\\/tranche-dagate-naturelle\\\/#breadcrumb\",\"itemListElement\":[{\"@type\":\"ListItem\",\"position\":1,\"name\":\"Accueil\",\"item\":\"https:\\\/\\\/aufildespierres.com\\\/\"},{\"@type\":\"ListItem\",\"position\":2,\"name\":\"Boutique de Lithoth\u00e9rapie\",\"item\":\"https:\\\/\\\/aufildespierres.com\\\/index.php\\\/boutique-de-lithotherapie\\\/\"},{\"@type\":\"ListItem\",\"position\":3,\"name\":\"Tranche d&rsquo;Agate naturelle\"}]},{\"@type\":\"WebSite\",\"@id\":\"https:\\\/\\\/aufildespierres.com\\\/#website\",\"url\":\"https:\\\/\\\/aufildespierres.com\\\/\",\"name\":\"Au fil des pierres\",\"description\":\"Au fil des pierres\",\"publisher\":{\"@id\":\"https:\\\/\\\/aufildespierres.com\\\/#organization\"},\"potentialAction\":[{\"@type\":\"SearchAction\",\"target\":{\"@type\":\"EntryPoint\",\"urlTemplate\":\"https:\\\/\\\/aufildespierres.com\\\/?s={search_term_string}\"},\"query-input\":{\"@type\":\"PropertyValueSpecification\",\"valueRequired\":true,\"valueName\":\"search_term_string\"}}],\"inLanguage\":\"fr-FR\"},{\"@type\":\"Organization\",\"@id\":\"https:\\\/\\\/aufildespierres.com\\\/#organization\",\"name\":\"Au fil des pierres\",\"url\":\"https:\\\/\\\/aufildespierres.com\\\/\",\"logo\":{\"@type\":\"ImageObject\",\"inLanguage\":\"fr-FR\",\"@id\":\"https:\\\/\\\/aufildespierres.com\\\/#\\\/schema\\\/logo\\\/image\\\/\",\"url\":\"https:\\\/\\\/aufildespierres.com\\\/wp-content\\\/uploads\\\/2023\\\/05\\\/cropped-Logo-PNG-Transparent.png\",\"contentUrl\":\"https:\\\/\\\/aufildespierres.com\\\/wp-content\\\/uploads\\\/2023\\\/05\\\/cropped-Logo-PNG-Transparent.png\",\"width\":1776,\"height\":1625,\"caption\":\"Au fil des pierres\"},\"image\":{\"@id\":\"https:\\\/\\\/aufildespierres.com\\\/#\\\/schema\\\/logo\\\/image\\\/\"}}]}<\/script>\n<!-- \/ Yoast SEO plugin. -->","yoast_head_json":{"title":"Tranche d'Agate naturelle - Au fil des pierres","description":"Tranche d\u2019Agate naturelle : \u00e9l\u00e9gance min\u00e9rale, protection et \u00e9nergie harmonisante pour sublimer vos espaces avec qualit\u00e9.","robots":{"index":"index","follow":"follow","max-snippet":"max-snippet:-1","max-image-preview":"max-image-preview:large","max-video-preview":"max-video-preview:-1"},"canonical":"https:\/\/aufildespierres.com\/index.php\/product\/tranche-dagate-naturelle\/","og_locale":"fr_FR","og_type":"article","og_title":"Tranche d'Agate naturelle - Au fil des pierres","og_description":"Tranche d\u2019Agate naturelle : \u00e9l\u00e9gance min\u00e9rale, protection et \u00e9nergie harmonisante pour sublimer vos espaces avec qualit\u00e9.","og_url":"https:\/\/aufildespierres.com\/index.php\/product\/tranche-dagate-naturelle\/","og_site_name":"Au fil des pierres","og_image":[{"width":752,"height":1020,"url":"https:\/\/aufildespierres.com\/wp-content\/uploads\/2025\/07\/513641222_10233899177215301_1082227244412015707_n.jpg","type":"image\/jpeg"}],"twitter_card":"summary_large_image","twitter_misc":{"Dur\u00e9e de lecture estim\u00e9e":"2 minutes"},"schema":{"@context":"https:\/\/schema.org","@graph":[{"@type":"WebPage","@id":"https:\/\/aufildespierres.com\/index.php\/product\/tranche-dagate-naturelle\/","url":"https:\/\/aufildespierres.com\/index.php\/product\/tranche-dagate-naturelle\/","name":"Tranche d'Agate naturelle - Au fil des pierres","isPartOf":{"@id":"https:\/\/aufildespierres.com\/#website"},"primaryImageOfPage":{"@id":"https:\/\/aufildespierres.com\/index.php\/product\/tranche-dagate-naturelle\/#primaryimage"},"image":{"@id":"https:\/\/aufildespierres.com\/index.php\/product\/tranche-dagate-naturelle\/#primaryimage"},"thumbnailUrl":"https:\/\/aufildespierres.com\/wp-content\/uploads\/2025\/07\/513641222_10233899177215301_1082227244412015707_n.jpg","datePublished":"2025-07-26T18:00:53+00:00","description":"Tranche d\u2019Agate naturelle : \u00e9l\u00e9gance min\u00e9rale, protection et \u00e9nergie harmonisante pour sublimer vos espaces avec qualit\u00e9.","breadcrumb":{"@id":"https:\/\/aufildespierres.com\/index.php\/product\/tranche-dagate-naturelle\/#breadcrumb"},"inLanguage":"fr-FR","potentialAction":[{"@type":"ReadAction","target":["https:\/\/aufildespierres.com\/index.php\/product\/tranche-dagate-naturelle\/"]}]},{"@type":"ImageObject","inLanguage":"fr-FR","@id":"https:\/\/aufildespierres.com\/index.php\/product\/tranche-dagate-naturelle\/#primaryimage","url":"https:\/\/aufildespierres.com\/wp-content\/uploads\/2025\/07\/513641222_10233899177215301_1082227244412015707_n.jpg","contentUrl":"https:\/\/aufildespierres.com\/wp-content\/uploads\/2025\/07\/513641222_10233899177215301_1082227244412015707_n.jpg","width":752,"height":1020},{"@type":"BreadcrumbList","@id":"https:\/\/aufildespierres.com\/index.php\/product\/tranche-dagate-naturelle\/#breadcrumb","itemListElement":[{"@type":"ListItem","position":1,"name":"Accueil","item":"https:\/\/aufildespierres.com\/"},{"@type":"ListItem","position":2,"name":"Boutique de Lithoth\u00e9rapie","item":"https:\/\/aufildespierres.com\/index.php\/boutique-de-lithotherapie\/"},{"@type":"ListItem","position":3,"name":"Tranche d&rsquo;Agate naturelle"}]},{"@type":"WebSite","@id":"https:\/\/aufildespierres.com\/#website","url":"https:\/\/aufildespierres.com\/","name":"Au fil des pierres","description":"Au fil des pierres","publisher":{"@id":"https:\/\/aufildespierres.com\/#organization"},"potentialAction":[{"@type":"SearchAction","target":{"@type":"EntryPoint","urlTemplate":"https:\/\/aufildespierres.com\/?s={search_term_string}"},"query-input":{"@type":"PropertyValueSpecification","valueRequired":true,"valueName":"search_term_string"}}],"inLanguage":"fr-FR"},{"@type":"Organization","@id":"https:\/\/aufildespierres.com\/#organization","name":"Au fil des pierres","url":"https:\/\/aufildespierres.com\/","logo":{"@type":"ImageObject","inLanguage":"fr-FR","@id":"https:\/\/aufildespierres.com\/#\/schema\/logo\/image\/","url":"https:\/\/aufildespierres.com\/wp-content\/uploads\/2023\/05\/cropped-Logo-PNG-Transparent.png","contentUrl":"https:\/\/aufildespierres.com\/wp-content\/uploads\/2023\/05\/cropped-Logo-PNG-Transparent.png","width":1776,"height":1625,"caption":"Au fil des pierres"},"image":{"@id":"https:\/\/aufildespierres.com\/#\/schema\/logo\/image\/"}}]}},"_links":{"self":[{"href":"https:\/\/aufildespierres.com\/index.php\/wp-json\/wp\/v2\/product\/4071","targetHints":{"allow":["GET"]}}],"collection":[{"href":"https:\/\/aufildespierres.com\/index.php\/wp-json\/wp\/v2\/product"}],"about":[{"href":"https:\/\/aufildespierres.com\/index.php\/wp-json\/wp\/v2\/types\/product"}],"replies":[{"embeddable":true,"href":"https:\/\/aufildespierres.com\/index.php\/wp-json\/wp\/v2\/comments?post=4071"}],"wp:featuredmedia":[{"embeddable":true,"href":"https:\/\/aufildespierres.com\/index.php\/wp-json\/wp\/v2\/media\/4073"}],"wp:attachment":[{"href":"https:\/\/aufildespierres.com\/index.php\/wp-json\/wp\/v2\/media?parent=4071"}],"wp:term":[{"taxonomy":"product_brand","embeddable":true,"href":"https:\/\/aufildespierres.com\/index.php\/wp-json\/wp\/v2\/product_brand?post=4071"},{"taxonomy":"product_cat","embeddable":true,"href":"https:\/\/aufildespierres.com\/index.php\/wp-json\/wp\/v2\/product_cat?post=4071"},{"taxonomy":"product_tag","embeddable":true,"href":"https:\/\/aufildespierres.com\/index.php\/wp-json\/wp\/v2\/product_tag?post=4071"}],"curies":[{"name":"wp","href":"https:\/\/api.w.org\/{rel}","templated":true}]}}