{"id":4469,"date":"2025-11-05T17:53:34","date_gmt":"2025-11-05T16:53:34","guid":{"rendered":"https:\/\/aufildespierres.com\/?post_type=product&#038;p=4469"},"modified":"2025-11-05T17:57:42","modified_gmt":"2025-11-05T16:57:42","slug":"jaspe-maligano","status":"publish","type":"product","link":"https:\/\/aufildespierres.com\/index.php\/product\/jaspe-maligano\/","title":{"rendered":"Jaspe Maligano"},"content":{"rendered":"<h2 data-start=\"205\" data-end=\"280\"><\/h2>\n<h2 data-start=\"183\" data-end=\"214\">Jaspe Maligano<\/h2>\n<h3 data-start=\"215\" data-end=\"261\">Transformation et renaissance int\u00e9rieure<\/h3>\n<p data-start=\"263\" data-end=\"321\"><strong data-start=\"263\" data-end=\"279\">Pendentif Dimensions :<\/strong> 5,5 x 2,5 cm<br data-start=\"292\" data-end=\"295\" \/><strong data-start=\"295\" data-end=\"308\">B\u00e9li\u00e8re :<\/strong> argent 925<\/p>\n<p data-start=\"323\" data-end=\"723\">Le <strong data-start=\"326\" data-end=\"344\">Jaspe Maligano<\/strong> est une pierre exceptionnelle originaire d\u2019Indon\u00e9sie. On la reconna\u00eet \u00e0 ses motifs naturels aux teintes de gris, d\u2019ocre, de beige et parfois de bleu doux. Chaque pendentif\u00a0 est <strong data-start=\"539\" data-end=\"559\">une pi\u00e8ce unique<\/strong>, r\u00e9v\u00e9lant la beaut\u00e9 brute et l\u2019\u00e9nergie apaisante de la Terre. Cette pierre symbolise \u00e0 la fois <strong data-start=\"655\" data-end=\"670\">l\u2019\u00e9quilibre<\/strong>, la <strong data-start=\"675\" data-end=\"690\">renaissance<\/strong> et le <strong data-start=\"697\" data-end=\"720\">renouveau int\u00e9rieur<\/strong>.<\/p>\n<h3 data-start=\"725\" data-end=\"768\">Vertus et bienfaits :<\/h3>\n<p data-start=\"770\" data-end=\"1481\">Le Jaspe Maligano accompagne les p\u00e9riodes de <strong data-start=\"815\" data-end=\"850\">transformation et de transition<\/strong>. Il aide \u00e0 <strong data-start=\"862\" data-end=\"893\">lib\u00e9rer les anciens sch\u00e9mas<\/strong> pour accueillir le changement avec confiance. En favorisant le <strong data-start=\"957\" data-end=\"983\">d\u00e9tachement \u00e9motionnel<\/strong>, il invite \u00e0 une <strong data-start=\"1001\" data-end=\"1023\">vision plus claire<\/strong> et soutient la <strong data-start=\"1039\" data-end=\"1065\">croissance personnelle<\/strong>.<br data-start=\"1066\" data-end=\"1069\" \/>C\u2019est une pierre d\u2019<strong data-start=\"1088\" data-end=\"1099\">ancrage<\/strong>, qui aide \u00e0 <strong data-start=\"1112\" data-end=\"1139\">rester centr\u00e9 et stable<\/strong>, m\u00eame lorsque tout bouge autour de soi. Elle agit principalement sur le <strong data-start=\"1212\" data-end=\"1229\">chakra racine<\/strong>, pour renforcer la s\u00e9curit\u00e9 int\u00e9rieure, et sur le <strong data-start=\"1280\" data-end=\"1308\">chakra du plexus solaire<\/strong>, pour raviver la volont\u00e9, la clart\u00e9 et le courage. Gr\u00e2ce \u00e0 cette double action, elle favorise la <strong data-start=\"1406\" data-end=\"1424\">reconstruction<\/strong> apr\u00e8s une p\u00e9riode de doute ou de fatigue \u00e9motionnelle.<\/p>\n<h3 data-start=\"1483\" data-end=\"1538\">Pourquoi choisir un pendentif en Jaspe Maligano ?<\/h3>\n<p data-start=\"1540\" data-end=\"1896\">Porter ce <strong data-start=\"1550\" data-end=\"1581\">pendentif <\/strong>\u00a0permet de b\u00e9n\u00e9ficier de ses \u00e9nergies en continu. Plac\u00e9 pr\u00e8s du c\u0153ur, il favorise l\u2019<strong data-start=\"1665\" data-end=\"1690\">harmonie \u00e9motionnelle<\/strong>, la <strong data-start=\"1695\" data-end=\"1707\">s\u00e9r\u00e9nit\u00e9<\/strong> et l\u2019<strong data-start=\"1713\" data-end=\"1742\">acceptation du changement<\/strong>. Alliant <strong data-start=\"1752\" data-end=\"1774\">\u00e9l\u00e9gance naturelle<\/strong> et <strong data-start=\"1778\" data-end=\"1803\">puissance \u00e9nerg\u00e9tique<\/strong>, ce bijou t\u2019accompagne au quotidien comme un guide doux vers la stabilit\u00e9 et la confiance.<\/p>\n<h3 data-start=\"1898\" data-end=\"1913\">En r\u00e9sum\u00e9<\/h3>\n<p data-start=\"1915\" data-end=\"2177\">Le pendentif en <strong data-start=\"1931\" data-end=\"1949\">Jaspe Maligano<\/strong> est un <strong data-start=\"1957\" data-end=\"1984\">alli\u00e9 de transformation<\/strong>, un symbole de <strong data-start=\"2000\" data-end=\"2030\">renaissance et d\u2019\u00e9quilibre<\/strong>. Il t\u2019invite \u00e0 te recentrer, \u00e0 \u00e9voluer et \u00e0 rayonner ton authenticit\u00e9 tout en apportant une touche min\u00e9rale unique \u00e0 ton \u00e9nergie et \u00e0 ton style.<\/p>\n<hr data-start=\"2179\" data-end=\"2182\" \/>\n<p data-start=\"2184\" data-end=\"2309\" data-is-last-node=\"\" data-is-only-node=\"\">Souhaites-tu que je reformule aussi la <strong data-start=\"2223\" data-end=\"2246\">m\u00e9tadescription SEO<\/strong> pour qu\u2019elle corresponde exactement \u00e0 cette<\/p>\n","protected":false},"excerpt":{"rendered":"<p>Jaspe Maligano Transformation et renaissance int\u00e9rieure Pendentif Dimensions : 5,5 x 2,5 cmB\u00e9li\u00e8re : argent 925 Le Jaspe Maligano est une pierre exceptionnelle originaire d\u2019Indon\u00e9sie. On la reconna\u00eet \u00e0 ses motifs naturels aux teintes de gris, d\u2019ocre, de beige et parfois de bleu doux. Chaque pendentif\u00a0 est une pi\u00e8ce unique, r\u00e9v\u00e9lant la beaut\u00e9 brute et [&hellip;]<\/p>\n","protected":false},"featured_media":4470,"comment_status":"open","ping_status":"closed","template":"","meta":{"site-sidebar-layout":"default","site-content-layout":"","ast-site-content-layout":"default","site-content-style":"default","site-sidebar-style":"default","ast-global-header-display":"","ast-banner-title-visibility":"","ast-main-header-display":"","ast-hfb-above-header-display":"","ast-hfb-below-header-display":"","ast-hfb-mobile-header-display":"","site-post-title":"","ast-breadcrumbs-content":"","ast-featured-img":"","footer-sml-layout":"","ast-disable-related-posts":"","theme-transparent-header-meta":"default","adv-header-id-meta":"","stick-header-meta":"","header-above-stick-meta":"","header-main-stick-meta":"","header-below-stick-meta":"","astra-migrate-meta-layouts":"set","ast-page-background-enabled":"default","ast-page-background-meta":{"desktop":{"background-color":"var(--ast-global-color-4)","background-image":"","background-repeat":"repeat","background-position":"center center","background-size":"auto","background-attachment":"scroll","background-type":"","background-media":"","overlay-type":"","overlay-color":"","overlay-opacity":"","overlay-gradient":""},"tablet":{"background-color":"","background-image":"","background-repeat":"repeat","background-position":"center center","background-size":"auto","background-attachment":"scroll","background-type":"","background-media":"","overlay-type":"","overlay-color":"","overlay-opacity":"","overlay-gradient":""},"mobile":{"background-color":"","background-image":"","background-repeat":"repeat","background-position":"center center","background-size":"auto","background-attachment":"scroll","background-type":"","background-media":"","overlay-type":"","overlay-color":"","overlay-opacity":"","overlay-gradient":""}},"ast-content-background-meta":{"desktop":{"background-color":"var(--ast-global-color-5)","background-image":"","background-repeat":"repeat","background-position":"center center","background-size":"auto","background-attachment":"scroll","background-type":"","background-media":"","overlay-type":"","overlay-color":"","overlay-opacity":"","overlay-gradient":""},"tablet":{"background-color":"var(--ast-global-color-5)","background-image":"","background-repeat":"repeat","background-position":"center center","background-size":"auto","background-attachment":"scroll","background-type":"","background-media":"","overlay-type":"","overlay-color":"","overlay-opacity":"","overlay-gradient":""},"mobile":{"background-color":"var(--ast-global-color-5)","background-image":"","background-repeat":"repeat","background-position":"center center","background-size":"auto","background-attachment":"scroll","background-type":"","background-media":"","overlay-type":"","overlay-color":"","overlay-opacity":"","overlay-gradient":""}},"_glsr_average":0,"_glsr_ranking":0,"_glsr_reviews":0},"product_brand":[],"product_cat":[123,300,30,21],"product_tag":[],"class_list":{"0":"post-4469","1":"product","2":"type-product","3":"status-publish","4":"has-post-thumbnail","6":"product_cat-ancrage-et-determination","7":"product_cat-jaspe-maligano","8":"product_cat-mineraux","9":"product_cat-pendentifs-de-lithotherapie","10":"desktop-align-left","11":"tablet-align-left","12":"mobile-align-left","14":"first","15":"instock","16":"purchasable","17":"product-type-simple"},"yoast_head":"<!-- This site is optimized with the Yoast SEO plugin v27.5 - https:\/\/yoast.com\/product\/yoast-seo-wordpress\/ -->\n<title>Jaspe Maligano - Au fil des pierres<\/title>\n<meta name=\"description\" content=\"Le Jaspe Maligano favorise la transformation, l\u2019ancrage et la renaissance int\u00e9rieure tout en sublimant votre \u00e9nergie au quotidien.\" \/>\n<meta name=\"robots\" content=\"index, follow, max-snippet:-1, max-image-preview:large, max-video-preview:-1\" \/>\n<link rel=\"canonical\" href=\"https:\/\/aufildespierres.com\/index.php\/product\/jaspe-maligano\/\" \/>\n<meta property=\"og:locale\" content=\"fr_FR\" \/>\n<meta property=\"og:type\" content=\"article\" \/>\n<meta property=\"og:title\" content=\"Jaspe Maligano - Au fil des pierres\" \/>\n<meta property=\"og:description\" content=\"Le Jaspe Maligano favorise la transformation, l\u2019ancrage et la renaissance int\u00e9rieure tout en sublimant votre \u00e9nergie au quotidien.\" \/>\n<meta property=\"og:url\" content=\"https:\/\/aufildespierres.com\/index.php\/product\/jaspe-maligano\/\" \/>\n<meta property=\"og:site_name\" content=\"Au fil des pierres\" \/>\n<meta property=\"article:modified_time\" content=\"2025-11-05T16:57:42+00:00\" \/>\n<meta property=\"og:image\" content=\"https:\/\/aufildespierres.com\/wp-content\/uploads\/2025\/11\/20251105_115250-scaled.jpg\" \/>\n\t<meta property=\"og:image:width\" content=\"2130\" \/>\n\t<meta property=\"og:image:height\" content=\"2560\" \/>\n\t<meta property=\"og:image:type\" content=\"image\/jpeg\" \/>\n<meta name=\"twitter:card\" content=\"summary_large_image\" \/>\n<meta name=\"twitter:label1\" content=\"Dur\u00e9e de lecture estim\u00e9e\" \/>\n\t<meta name=\"twitter:data1\" content=\"2 minutes\" \/>\n<script type=\"application\/ld+json\" class=\"yoast-schema-graph\">{\"@context\":\"https:\\\/\\\/schema.org\",\"@graph\":[{\"@type\":\"WebPage\",\"@id\":\"https:\\\/\\\/aufildespierres.com\\\/index.php\\\/product\\\/jaspe-maligano\\\/\",\"url\":\"https:\\\/\\\/aufildespierres.com\\\/index.php\\\/product\\\/jaspe-maligano\\\/\",\"name\":\"Jaspe Maligano - Au fil des pierres\",\"isPartOf\":{\"@id\":\"https:\\\/\\\/aufildespierres.com\\\/#website\"},\"primaryImageOfPage\":{\"@id\":\"https:\\\/\\\/aufildespierres.com\\\/index.php\\\/product\\\/jaspe-maligano\\\/#primaryimage\"},\"image\":{\"@id\":\"https:\\\/\\\/aufildespierres.com\\\/index.php\\\/product\\\/jaspe-maligano\\\/#primaryimage\"},\"thumbnailUrl\":\"https:\\\/\\\/aufildespierres.com\\\/wp-content\\\/uploads\\\/2025\\\/11\\\/20251105_115250-scaled.jpg\",\"datePublished\":\"2025-11-05T16:53:34+00:00\",\"dateModified\":\"2025-11-05T16:57:42+00:00\",\"description\":\"Le Jaspe Maligano favorise la transformation, l\u2019ancrage et la renaissance int\u00e9rieure tout en sublimant votre \u00e9nergie au quotidien.\",\"breadcrumb\":{\"@id\":\"https:\\\/\\\/aufildespierres.com\\\/index.php\\\/product\\\/jaspe-maligano\\\/#breadcrumb\"},\"inLanguage\":\"fr-FR\",\"potentialAction\":[{\"@type\":\"ReadAction\",\"target\":[\"https:\\\/\\\/aufildespierres.com\\\/index.php\\\/product\\\/jaspe-maligano\\\/\"]}]},{\"@type\":\"ImageObject\",\"inLanguage\":\"fr-FR\",\"@id\":\"https:\\\/\\\/aufildespierres.com\\\/index.php\\\/product\\\/jaspe-maligano\\\/#primaryimage\",\"url\":\"https:\\\/\\\/aufildespierres.com\\\/wp-content\\\/uploads\\\/2025\\\/11\\\/20251105_115250-scaled.jpg\",\"contentUrl\":\"https:\\\/\\\/aufildespierres.com\\\/wp-content\\\/uploads\\\/2025\\\/11\\\/20251105_115250-scaled.jpg\",\"width\":2130,\"height\":2560},{\"@type\":\"BreadcrumbList\",\"@id\":\"https:\\\/\\\/aufildespierres.com\\\/index.php\\\/product\\\/jaspe-maligano\\\/#breadcrumb\",\"itemListElement\":[{\"@type\":\"ListItem\",\"position\":1,\"name\":\"Accueil\",\"item\":\"https:\\\/\\\/aufildespierres.com\\\/\"},{\"@type\":\"ListItem\",\"position\":2,\"name\":\"Boutique de Lithoth\u00e9rapie\",\"item\":\"https:\\\/\\\/aufildespierres.com\\\/index.php\\\/boutique-de-lithotherapie\\\/\"},{\"@type\":\"ListItem\",\"position\":3,\"name\":\"Jaspe Maligano\"}]},{\"@type\":\"WebSite\",\"@id\":\"https:\\\/\\\/aufildespierres.com\\\/#website\",\"url\":\"https:\\\/\\\/aufildespierres.com\\\/\",\"name\":\"Au fil des pierres\",\"description\":\"Au fil des pierres\",\"publisher\":{\"@id\":\"https:\\\/\\\/aufildespierres.com\\\/#organization\"},\"potentialAction\":[{\"@type\":\"SearchAction\",\"target\":{\"@type\":\"EntryPoint\",\"urlTemplate\":\"https:\\\/\\\/aufildespierres.com\\\/?s={search_term_string}\"},\"query-input\":{\"@type\":\"PropertyValueSpecification\",\"valueRequired\":true,\"valueName\":\"search_term_string\"}}],\"inLanguage\":\"fr-FR\"},{\"@type\":\"Organization\",\"@id\":\"https:\\\/\\\/aufildespierres.com\\\/#organization\",\"name\":\"Au fil des pierres\",\"url\":\"https:\\\/\\\/aufildespierres.com\\\/\",\"logo\":{\"@type\":\"ImageObject\",\"inLanguage\":\"fr-FR\",\"@id\":\"https:\\\/\\\/aufildespierres.com\\\/#\\\/schema\\\/logo\\\/image\\\/\",\"url\":\"https:\\\/\\\/aufildespierres.com\\\/wp-content\\\/uploads\\\/2023\\\/05\\\/cropped-Logo-PNG-Transparent.png\",\"contentUrl\":\"https:\\\/\\\/aufildespierres.com\\\/wp-content\\\/uploads\\\/2023\\\/05\\\/cropped-Logo-PNG-Transparent.png\",\"width\":1776,\"height\":1625,\"caption\":\"Au fil des pierres\"},\"image\":{\"@id\":\"https:\\\/\\\/aufildespierres.com\\\/#\\\/schema\\\/logo\\\/image\\\/\"}}]}<\/script>\n<!-- \/ Yoast SEO plugin. -->","yoast_head_json":{"title":"Jaspe Maligano - Au fil des pierres","description":"Le Jaspe Maligano favorise la transformation, l\u2019ancrage et la renaissance int\u00e9rieure tout en sublimant votre \u00e9nergie au quotidien.","robots":{"index":"index","follow":"follow","max-snippet":"max-snippet:-1","max-image-preview":"max-image-preview:large","max-video-preview":"max-video-preview:-1"},"canonical":"https:\/\/aufildespierres.com\/index.php\/product\/jaspe-maligano\/","og_locale":"fr_FR","og_type":"article","og_title":"Jaspe Maligano - Au fil des pierres","og_description":"Le Jaspe Maligano favorise la transformation, l\u2019ancrage et la renaissance int\u00e9rieure tout en sublimant votre \u00e9nergie au quotidien.","og_url":"https:\/\/aufildespierres.com\/index.php\/product\/jaspe-maligano\/","og_site_name":"Au fil des pierres","article_modified_time":"2025-11-05T16:57:42+00:00","og_image":[{"width":2130,"height":2560,"url":"https:\/\/aufildespierres.com\/wp-content\/uploads\/2025\/11\/20251105_115250-scaled.jpg","type":"image\/jpeg"}],"twitter_card":"summary_large_image","twitter_misc":{"Dur\u00e9e de lecture estim\u00e9e":"2 minutes"},"schema":{"@context":"https:\/\/schema.org","@graph":[{"@type":"WebPage","@id":"https:\/\/aufildespierres.com\/index.php\/product\/jaspe-maligano\/","url":"https:\/\/aufildespierres.com\/index.php\/product\/jaspe-maligano\/","name":"Jaspe Maligano - Au fil des pierres","isPartOf":{"@id":"https:\/\/aufildespierres.com\/#website"},"primaryImageOfPage":{"@id":"https:\/\/aufildespierres.com\/index.php\/product\/jaspe-maligano\/#primaryimage"},"image":{"@id":"https:\/\/aufildespierres.com\/index.php\/product\/jaspe-maligano\/#primaryimage"},"thumbnailUrl":"https:\/\/aufildespierres.com\/wp-content\/uploads\/2025\/11\/20251105_115250-scaled.jpg","datePublished":"2025-11-05T16:53:34+00:00","dateModified":"2025-11-05T16:57:42+00:00","description":"Le Jaspe Maligano favorise la transformation, l\u2019ancrage et la renaissance int\u00e9rieure tout en sublimant votre \u00e9nergie au quotidien.","breadcrumb":{"@id":"https:\/\/aufildespierres.com\/index.php\/product\/jaspe-maligano\/#breadcrumb"},"inLanguage":"fr-FR","potentialAction":[{"@type":"ReadAction","target":["https:\/\/aufildespierres.com\/index.php\/product\/jaspe-maligano\/"]}]},{"@type":"ImageObject","inLanguage":"fr-FR","@id":"https:\/\/aufildespierres.com\/index.php\/product\/jaspe-maligano\/#primaryimage","url":"https:\/\/aufildespierres.com\/wp-content\/uploads\/2025\/11\/20251105_115250-scaled.jpg","contentUrl":"https:\/\/aufildespierres.com\/wp-content\/uploads\/2025\/11\/20251105_115250-scaled.jpg","width":2130,"height":2560},{"@type":"BreadcrumbList","@id":"https:\/\/aufildespierres.com\/index.php\/product\/jaspe-maligano\/#breadcrumb","itemListElement":[{"@type":"ListItem","position":1,"name":"Accueil","item":"https:\/\/aufildespierres.com\/"},{"@type":"ListItem","position":2,"name":"Boutique de Lithoth\u00e9rapie","item":"https:\/\/aufildespierres.com\/index.php\/boutique-de-lithotherapie\/"},{"@type":"ListItem","position":3,"name":"Jaspe Maligano"}]},{"@type":"WebSite","@id":"https:\/\/aufildespierres.com\/#website","url":"https:\/\/aufildespierres.com\/","name":"Au fil des pierres","description":"Au fil des pierres","publisher":{"@id":"https:\/\/aufildespierres.com\/#organization"},"potentialAction":[{"@type":"SearchAction","target":{"@type":"EntryPoint","urlTemplate":"https:\/\/aufildespierres.com\/?s={search_term_string}"},"query-input":{"@type":"PropertyValueSpecification","valueRequired":true,"valueName":"search_term_string"}}],"inLanguage":"fr-FR"},{"@type":"Organization","@id":"https:\/\/aufildespierres.com\/#organization","name":"Au fil des pierres","url":"https:\/\/aufildespierres.com\/","logo":{"@type":"ImageObject","inLanguage":"fr-FR","@id":"https:\/\/aufildespierres.com\/#\/schema\/logo\/image\/","url":"https:\/\/aufildespierres.com\/wp-content\/uploads\/2023\/05\/cropped-Logo-PNG-Transparent.png","contentUrl":"https:\/\/aufildespierres.com\/wp-content\/uploads\/2023\/05\/cropped-Logo-PNG-Transparent.png","width":1776,"height":1625,"caption":"Au fil des pierres"},"image":{"@id":"https:\/\/aufildespierres.com\/#\/schema\/logo\/image\/"}}]}},"_links":{"self":[{"href":"https:\/\/aufildespierres.com\/index.php\/wp-json\/wp\/v2\/product\/4469","targetHints":{"allow":["GET"]}}],"collection":[{"href":"https:\/\/aufildespierres.com\/index.php\/wp-json\/wp\/v2\/product"}],"about":[{"href":"https:\/\/aufildespierres.com\/index.php\/wp-json\/wp\/v2\/types\/product"}],"replies":[{"embeddable":true,"href":"https:\/\/aufildespierres.com\/index.php\/wp-json\/wp\/v2\/comments?post=4469"}],"wp:featuredmedia":[{"embeddable":true,"href":"https:\/\/aufildespierres.com\/index.php\/wp-json\/wp\/v2\/media\/4470"}],"wp:attachment":[{"href":"https:\/\/aufildespierres.com\/index.php\/wp-json\/wp\/v2\/media?parent=4469"}],"wp:term":[{"taxonomy":"product_brand","embeddable":true,"href":"https:\/\/aufildespierres.com\/index.php\/wp-json\/wp\/v2\/product_brand?post=4469"},{"taxonomy":"product_cat","embeddable":true,"href":"https:\/\/aufildespierres.com\/index.php\/wp-json\/wp\/v2\/product_cat?post=4469"},{"taxonomy":"product_tag","embeddable":true,"href":"https:\/\/aufildespierres.com\/index.php\/wp-json\/wp\/v2\/product_tag?post=4469"}],"curies":[{"name":"wp","href":"https:\/\/api.w.org\/{rel}","templated":true}]}}