{"id":4490,"date":"2025-11-16T21:36:27","date_gmt":"2025-11-16T20:36:27","guid":{"rendered":"https:\/\/aufildespierres.com\/?post_type=product&#038;p=4490"},"modified":"2025-11-17T14:46:19","modified_gmt":"2025-11-17T13:46:19","slug":"septaria-nodule-en-tranche","status":"publish","type":"product","link":"https:\/\/aufildespierres.com\/index.php\/product\/septaria-nodule-en-tranche\/","title":{"rendered":"Septaria nodule en tranche"},"content":{"rendered":"<article class=\"text-token-text-primary w-full focus:outline-none [--shadow-height:45px] has-data-writing-block:pointer-events-none has-data-writing-block:-mt-(--shadow-height) has-data-writing-block:pt-(--shadow-height) [&amp;:has([data-writing-block])&gt;*]:pointer-events-auto [content-visibility:auto] supports-[content-visibility:auto]:[contain-intrinsic-size:auto_100lvh] scroll-mt-[calc(var(--header-height)+min(200px,max(70px,20svh)))]\" dir=\"auto\" tabindex=\"-1\" data-turn-id=\"request-WEB:5842183f-c2ad-4753-861e-bb511bff92e5-7\" data-testid=\"conversation-turn-16\" data-scroll-anchor=\"true\" data-turn=\"assistant\">\n<div class=\"text-base my-auto mx-auto pb-10 [--thread-content-margin:--spacing(4)] thread-sm:[--thread-content-margin:--spacing(6)] thread-lg:[--thread-content-margin:--spacing(16)] px-(--thread-content-margin)\">\n<div class=\"[--thread-content-max-width:40rem] thread-lg:[--thread-content-max-width:48rem] mx-auto max-w-(--thread-content-max-width) flex-1 group\/turn-messages focus-visible:outline-hidden relative flex w-full min-w-0 flex-col agent-turn\" tabindex=\"-1\">\n<div class=\"flex max-w-full flex-col grow\">\n<div class=\"min-h-8 text-message relative flex w-full flex-col items-end gap-2 text-start break-words whitespace-normal [.text-message+&amp;]:mt-1\" dir=\"auto\" data-message-author-role=\"assistant\" data-message-id=\"5990fbcb-ec2d-49ac-ae24-1c2c4f1b4f1a\" data-message-model-slug=\"gpt-5-1\">\n<div class=\"flex w-full flex-col gap-1 empty:hidden first:pt-[1px]\">\n<div class=\"markdown prose dark:prose-invert w-full break-words light markdown-new-styling\">\n<h2 data-start=\"268\" data-end=\"368\"><strong data-start=\"271\" data-end=\"368\">Septaria nodule en tranche\u00a0<\/strong><\/h2>\n<h2 data-start=\"268\" data-end=\"368\"><strong data-start=\"271\" data-end=\"368\"> ancrage, transformation et m\u00e9moire de la Terre<\/strong><\/h2>\n<p>poids 399 grammes 13,5 x 11 cm plaque brute polie<\/p>\n<p data-start=\"370\" data-end=\"829\">La Septaria, aussi appel\u00e9e pierre du dragon, fascine par son apparence unique et son \u00e9nergie puissante. Cette tranche polie r\u00e9v\u00e8le des motifs naturels rares, form\u00e9s par des millions d\u2019ann\u00e9es d\u2019\u00e9volution g\u00e9ologique. Sa surface lisse met en valeur une druse cristallis\u00e9e centrale, tr\u00e8s appr\u00e9ci\u00e9e pour son \u00e9clat brut et son caract\u00e8re d\u00e9coratif. Plac\u00e9e sur un support, la Septaria devient un v\u00e9ritable \u00e9l\u00e9ment de d\u00e9coration tout en diffusant une \u00e9nergie profonde.<\/p>\n<h3 data-start=\"831\" data-end=\"874\"><strong data-start=\"835\" data-end=\"874\">Origine et formation de la Septaria<\/strong><\/h3>\n<p data-start=\"876\" data-end=\"1401\">La Septaria trouve son origine dans les boues marines qui se sont d\u00e9pos\u00e9es il y a plusieurs millions d\u2019ann\u00e9es. En s\u00e9chant, ces boues ont cr\u00e9\u00e9 des fissures naturelles. Par la suite, l\u2019eau min\u00e9rale a rempli ces cavit\u00e9s avec de la calcite, de l\u2019aragonite ou encore de la barytine. Cette alchimie lente a form\u00e9 des nodules aux motifs \u00e9clat\u00e9s, semblables \u00e0 des coquilles de dragon.<br data-start=\"1252\" data-end=\"1255\" \/>Chaque tranche polie refl\u00e8te donc un fragment de la m\u00e9moire de la Terre, r\u00e9sultat d\u2019une transformation o\u00f9 eau, terre et \u00e9nergie interne se m\u00ealent.<\/p>\n<h3 data-start=\"1403\" data-end=\"1445\"><strong data-start=\"1407\" data-end=\"1445\">\u00c9nergie et vertus en lithoth\u00e9rapie<\/strong><\/h3>\n<p data-start=\"1447\" data-end=\"1860\">En lithoth\u00e9rapie, la Septaria se distingue comme une pierre d\u2019ancrage et de transformation. Elle relie le corps \u00e0 l\u2019\u00e9nergie terrestre pour apaiser les blessures \u00e9motionnelles profondes. De plus, elle accompagne la lib\u00e9ration des m\u00e9moires du pass\u00e9, notamment celles li\u00e9es \u00e0 l\u2019enfance. Gr\u00e2ce \u00e0 son \u00e9nergie tr\u00e8s ancr\u00e9e, elle soutient la ma\u00eetrise de soi, renforce la d\u00e9termination et encourage \u00e0 avancer avec courage.<\/p>\n<p data-start=\"1862\" data-end=\"1875\">La Septaria nodule en tranche<\/p>\n<ul data-start=\"1877\" data-end=\"2120\">\n<li data-start=\"1877\" data-end=\"1905\">\n<p data-start=\"1879\" data-end=\"1905\">stabilise les \u00e9motions ;<\/p>\n<\/li>\n<li data-start=\"1906\" data-end=\"1952\">\n<p data-start=\"1908\" data-end=\"1952\">transforme les peurs en force int\u00e9rieure ;<\/p>\n<\/li>\n<li data-start=\"1953\" data-end=\"2019\">\n<p data-start=\"1955\" data-end=\"2019\">aide \u00e0 d\u00e9passer le d\u00e9ni et favorise les prises de conscience ;<\/p>\n<\/li>\n<li data-start=\"2020\" data-end=\"2063\">\n<p data-start=\"2022\" data-end=\"2063\">accompagne les p\u00e9riodes de transition ;<\/p>\n<\/li>\n<li data-start=\"2064\" data-end=\"2120\">\n<p data-start=\"2066\" data-end=\"2120\">am\u00e9liore la confiance en soi et la valeur personnelle.<\/p>\n<\/li>\n<\/ul>\n<p data-start=\"2122\" data-end=\"2243\">En m\u00e9ditation, elle facilite la connexion avec les vies ant\u00e9rieures tout en maintenant un ancrage solide dans le pr\u00e9sent.<\/p>\n<h3 data-start=\"2245\" data-end=\"2284\"><strong data-start=\"2249\" data-end=\"2284\">Ancrage et alignement int\u00e9rieur<\/strong><\/h3>\n<p data-start=\"2286\" data-end=\"2621\">Un bon ancrage permet de rester stable et pr\u00e9sent dans sa vie quotidienne. Sans ancrage, les pens\u00e9es se dispersent et l\u2019\u00e9volution spirituelle manque de fondations. La Septaria rappelle qu\u2019une croissance int\u00e9rieure solide commence par l\u2019\u00e9quilibre \u00e9motionnel. Elle invite ainsi \u00e0 \u00e9lever ses pens\u00e9es tout en conservant une base enracin\u00e9e.<\/p>\n<h3 data-start=\"2623\" data-end=\"2650\"><strong data-start=\"2627\" data-end=\"2650\">Bienfaits physiques<\/strong><\/h3>\n<p data-start=\"2652\" data-end=\"2963\">Sur le plan physique, la Septaria soutient les os, les muscles et les dents. Elle favorise \u00e9galement un sommeil r\u00e9parateur, apaise les cauchemars et aide \u00e0 comprendre les messages symboliques pr\u00e9sents dans les r\u00eaves. Sa pr\u00e9sence dans une chambre peut apporter une atmosph\u00e8re douce, si son \u00e9nergie vous convient.<\/p>\n<p data-start=\"2965\" data-end=\"3169\" data-is-last-node=\"\" data-is-only-node=\"\">Pierre d\u2019\u00e9volution, de centrage et de transformation, la Septaria accompagne chacun vers plus de force, de paix int\u00e9rieure et de conscience. Elle guide vers un chemin align\u00e9, enracin\u00e9 et rempli de clart\u00e9.<\/p>\n<\/div>\n<\/div>\n<\/div>\n<\/div>\n<div class=\"z-0 flex min-h-[46px] justify-start\"><\/div>\n<div class=\"mt-3 w-full empty:hidden\">\n<div class=\"text-center\"><\/div>\n<\/div>\n<\/div>\n<\/div>\n<\/article>\n<div class=\"pointer-events-none h-px w-px\" aria-hidden=\"true\" data-edge=\"true\"><\/div>\n","protected":false},"excerpt":{"rendered":"<p>Septaria nodule en tranche\u00a0 ancrage, transformation et m\u00e9moire de la Terre poids 399 grammes 13,5 x 11 cm plaque brute polie La Septaria, aussi appel\u00e9e pierre du dragon, fascine par son apparence unique et son \u00e9nergie puissante. Cette tranche polie r\u00e9v\u00e8le des motifs naturels rares, form\u00e9s par des millions d\u2019ann\u00e9es d\u2019\u00e9volution g\u00e9ologique. Sa surface lisse [&hellip;]<\/p>\n","protected":false},"featured_media":4492,"comment_status":"open","ping_status":"closed","template":"","meta":{"site-sidebar-layout":"default","site-content-layout":"","ast-site-content-layout":"default","site-content-style":"default","site-sidebar-style":"default","ast-global-header-display":"","ast-banner-title-visibility":"","ast-main-header-display":"","ast-hfb-above-header-display":"","ast-hfb-below-header-display":"","ast-hfb-mobile-header-display":"","site-post-title":"","ast-breadcrumbs-content":"","ast-featured-img":"","footer-sml-layout":"","ast-disable-related-posts":"","theme-transparent-header-meta":"default","adv-header-id-meta":"","stick-header-meta":"","header-above-stick-meta":"","header-main-stick-meta":"","header-below-stick-meta":"","astra-migrate-meta-layouts":"set","ast-page-background-enabled":"default","ast-page-background-meta":{"desktop":{"background-color":"var(--ast-global-color-4)","background-image":"","background-repeat":"repeat","background-position":"center center","background-size":"auto","background-attachment":"scroll","background-type":"","background-media":"","overlay-type":"","overlay-color":"","overlay-opacity":"","overlay-gradient":""},"tablet":{"background-color":"","background-image":"","background-repeat":"repeat","background-position":"center center","background-size":"auto","background-attachment":"scroll","background-type":"","background-media":"","overlay-type":"","overlay-color":"","overlay-opacity":"","overlay-gradient":""},"mobile":{"background-color":"","background-image":"","background-repeat":"repeat","background-position":"center center","background-size":"auto","background-attachment":"scroll","background-type":"","background-media":"","overlay-type":"","overlay-color":"","overlay-opacity":"","overlay-gradient":""}},"ast-content-background-meta":{"desktop":{"background-color":"var(--ast-global-color-5)","background-image":"","background-repeat":"repeat","background-position":"center center","background-size":"auto","background-attachment":"scroll","background-type":"","background-media":"","overlay-type":"","overlay-color":"","overlay-opacity":"","overlay-gradient":""},"tablet":{"background-color":"var(--ast-global-color-5)","background-image":"","background-repeat":"repeat","background-position":"center center","background-size":"auto","background-attachment":"scroll","background-type":"","background-media":"","overlay-type":"","overlay-color":"","overlay-opacity":"","overlay-gradient":""},"mobile":{"background-color":"var(--ast-global-color-5)","background-image":"","background-repeat":"repeat","background-position":"center center","background-size":"auto","background-attachment":"scroll","background-type":"","background-media":"","overlay-type":"","overlay-color":"","overlay-opacity":"","overlay-gradient":""}},"_glsr_average":0,"_glsr_ranking":0,"_glsr_reviews":0},"product_brand":[],"product_cat":[123,136,31,32,176],"product_tag":[],"class_list":{"0":"post-4490","1":"product","2":"type-product","3":"status-publish","4":"has-post-thumbnail","6":"product_cat-ancrage-et-determination","7":"product_cat-beige","8":"product_cat-pierres-brutes","9":"product_cat-pierres-polies","10":"product_cat-septaria","11":"desktop-align-left","12":"tablet-align-left","13":"mobile-align-left","15":"first","16":"instock","17":"purchasable","18":"product-type-simple"},"yoast_head":"<!-- This site is optimized with the Yoast SEO plugin v27.5 - https:\/\/yoast.com\/product\/yoast-seo-wordpress\/ -->\n<title>Septaria nodule en tranche - Au fil des pierres<\/title>\n<meta name=\"description\" content=\"D\u00e9couvrez le nodule de Septaria, une pierre unique qui allie ancrage, stabilit\u00e9 \u00e9motionnelle et \u00e9nergie protectrice. Id\u00e9al pour renforcer la confiance, apaiser le mental et harmoniser l\u2019esprit au quotidien.\" \/>\n<meta name=\"robots\" content=\"index, follow, max-snippet:-1, max-image-preview:large, max-video-preview:-1\" \/>\n<link rel=\"canonical\" href=\"https:\/\/aufildespierres.com\/index.php\/product\/septaria-nodule-en-tranche\/\" \/>\n<meta property=\"og:locale\" content=\"fr_FR\" \/>\n<meta property=\"og:type\" content=\"article\" \/>\n<meta property=\"og:title\" content=\"Septaria nodule en tranche - Au fil des pierres\" \/>\n<meta property=\"og:description\" content=\"D\u00e9couvrez le nodule de Septaria, une pierre unique qui allie ancrage, stabilit\u00e9 \u00e9motionnelle et \u00e9nergie protectrice. Id\u00e9al pour renforcer la confiance, apaiser le mental et harmoniser l\u2019esprit au quotidien.\" \/>\n<meta property=\"og:url\" content=\"https:\/\/aufildespierres.com\/index.php\/product\/septaria-nodule-en-tranche\/\" \/>\n<meta property=\"og:site_name\" content=\"Au fil des pierres\" \/>\n<meta property=\"article:modified_time\" content=\"2025-11-17T13:46:19+00:00\" \/>\n<meta property=\"og:image\" content=\"https:\/\/aufildespierres.com\/wp-content\/uploads\/2025\/11\/579058816_10235986436955490_2997588157188674126_n.jpg\" \/>\n\t<meta property=\"og:image:width\" content=\"332\" \/>\n\t<meta property=\"og:image:height\" content=\"590\" \/>\n\t<meta property=\"og:image:type\" content=\"image\/jpeg\" \/>\n<meta name=\"twitter:card\" content=\"summary_large_image\" \/>\n<meta name=\"twitter:label1\" content=\"Dur\u00e9e de lecture estim\u00e9e\" \/>\n\t<meta name=\"twitter:data1\" content=\"3 minutes\" \/>\n<script type=\"application\/ld+json\" class=\"yoast-schema-graph\">{\"@context\":\"https:\\\/\\\/schema.org\",\"@graph\":[{\"@type\":\"WebPage\",\"@id\":\"https:\\\/\\\/aufildespierres.com\\\/index.php\\\/product\\\/septaria-nodule-en-tranche\\\/\",\"url\":\"https:\\\/\\\/aufildespierres.com\\\/index.php\\\/product\\\/septaria-nodule-en-tranche\\\/\",\"name\":\"Septaria nodule en tranche - Au fil des pierres\",\"isPartOf\":{\"@id\":\"https:\\\/\\\/aufildespierres.com\\\/#website\"},\"primaryImageOfPage\":{\"@id\":\"https:\\\/\\\/aufildespierres.com\\\/index.php\\\/product\\\/septaria-nodule-en-tranche\\\/#primaryimage\"},\"image\":{\"@id\":\"https:\\\/\\\/aufildespierres.com\\\/index.php\\\/product\\\/septaria-nodule-en-tranche\\\/#primaryimage\"},\"thumbnailUrl\":\"https:\\\/\\\/aufildespierres.com\\\/wp-content\\\/uploads\\\/2025\\\/11\\\/579058816_10235986436955490_2997588157188674126_n.jpg\",\"datePublished\":\"2025-11-16T20:36:27+00:00\",\"dateModified\":\"2025-11-17T13:46:19+00:00\",\"description\":\"D\u00e9couvrez le nodule de Septaria, une pierre unique qui allie ancrage, stabilit\u00e9 \u00e9motionnelle et \u00e9nergie protectrice. Id\u00e9al pour renforcer la confiance, apaiser le mental et harmoniser l\u2019esprit au quotidien.\",\"breadcrumb\":{\"@id\":\"https:\\\/\\\/aufildespierres.com\\\/index.php\\\/product\\\/septaria-nodule-en-tranche\\\/#breadcrumb\"},\"inLanguage\":\"fr-FR\",\"potentialAction\":[{\"@type\":\"ReadAction\",\"target\":[\"https:\\\/\\\/aufildespierres.com\\\/index.php\\\/product\\\/septaria-nodule-en-tranche\\\/\"]}]},{\"@type\":\"ImageObject\",\"inLanguage\":\"fr-FR\",\"@id\":\"https:\\\/\\\/aufildespierres.com\\\/index.php\\\/product\\\/septaria-nodule-en-tranche\\\/#primaryimage\",\"url\":\"https:\\\/\\\/aufildespierres.com\\\/wp-content\\\/uploads\\\/2025\\\/11\\\/579058816_10235986436955490_2997588157188674126_n.jpg\",\"contentUrl\":\"https:\\\/\\\/aufildespierres.com\\\/wp-content\\\/uploads\\\/2025\\\/11\\\/579058816_10235986436955490_2997588157188674126_n.jpg\",\"width\":332,\"height\":590},{\"@type\":\"BreadcrumbList\",\"@id\":\"https:\\\/\\\/aufildespierres.com\\\/index.php\\\/product\\\/septaria-nodule-en-tranche\\\/#breadcrumb\",\"itemListElement\":[{\"@type\":\"ListItem\",\"position\":1,\"name\":\"Accueil\",\"item\":\"https:\\\/\\\/aufildespierres.com\\\/\"},{\"@type\":\"ListItem\",\"position\":2,\"name\":\"Boutique de Lithoth\u00e9rapie\",\"item\":\"https:\\\/\\\/aufildespierres.com\\\/index.php\\\/boutique-de-lithotherapie\\\/\"},{\"@type\":\"ListItem\",\"position\":3,\"name\":\"Septaria nodule en tranche\"}]},{\"@type\":\"WebSite\",\"@id\":\"https:\\\/\\\/aufildespierres.com\\\/#website\",\"url\":\"https:\\\/\\\/aufildespierres.com\\\/\",\"name\":\"Au fil des pierres\",\"description\":\"Au fil des pierres\",\"publisher\":{\"@id\":\"https:\\\/\\\/aufildespierres.com\\\/#organization\"},\"potentialAction\":[{\"@type\":\"SearchAction\",\"target\":{\"@type\":\"EntryPoint\",\"urlTemplate\":\"https:\\\/\\\/aufildespierres.com\\\/?s={search_term_string}\"},\"query-input\":{\"@type\":\"PropertyValueSpecification\",\"valueRequired\":true,\"valueName\":\"search_term_string\"}}],\"inLanguage\":\"fr-FR\"},{\"@type\":\"Organization\",\"@id\":\"https:\\\/\\\/aufildespierres.com\\\/#organization\",\"name\":\"Au fil des pierres\",\"url\":\"https:\\\/\\\/aufildespierres.com\\\/\",\"logo\":{\"@type\":\"ImageObject\",\"inLanguage\":\"fr-FR\",\"@id\":\"https:\\\/\\\/aufildespierres.com\\\/#\\\/schema\\\/logo\\\/image\\\/\",\"url\":\"https:\\\/\\\/aufildespierres.com\\\/wp-content\\\/uploads\\\/2023\\\/05\\\/cropped-Logo-PNG-Transparent.png\",\"contentUrl\":\"https:\\\/\\\/aufildespierres.com\\\/wp-content\\\/uploads\\\/2023\\\/05\\\/cropped-Logo-PNG-Transparent.png\",\"width\":1776,\"height\":1625,\"caption\":\"Au fil des pierres\"},\"image\":{\"@id\":\"https:\\\/\\\/aufildespierres.com\\\/#\\\/schema\\\/logo\\\/image\\\/\"}}]}<\/script>\n<!-- \/ Yoast SEO plugin. -->","yoast_head_json":{"title":"Septaria nodule en tranche - Au fil des pierres","description":"D\u00e9couvrez le nodule de Septaria, une pierre unique qui allie ancrage, stabilit\u00e9 \u00e9motionnelle et \u00e9nergie protectrice. Id\u00e9al pour renforcer la confiance, apaiser le mental et harmoniser l\u2019esprit au quotidien.","robots":{"index":"index","follow":"follow","max-snippet":"max-snippet:-1","max-image-preview":"max-image-preview:large","max-video-preview":"max-video-preview:-1"},"canonical":"https:\/\/aufildespierres.com\/index.php\/product\/septaria-nodule-en-tranche\/","og_locale":"fr_FR","og_type":"article","og_title":"Septaria nodule en tranche - Au fil des pierres","og_description":"D\u00e9couvrez le nodule de Septaria, une pierre unique qui allie ancrage, stabilit\u00e9 \u00e9motionnelle et \u00e9nergie protectrice. Id\u00e9al pour renforcer la confiance, apaiser le mental et harmoniser l\u2019esprit au quotidien.","og_url":"https:\/\/aufildespierres.com\/index.php\/product\/septaria-nodule-en-tranche\/","og_site_name":"Au fil des pierres","article_modified_time":"2025-11-17T13:46:19+00:00","og_image":[{"width":332,"height":590,"url":"https:\/\/aufildespierres.com\/wp-content\/uploads\/2025\/11\/579058816_10235986436955490_2997588157188674126_n.jpg","type":"image\/jpeg"}],"twitter_card":"summary_large_image","twitter_misc":{"Dur\u00e9e de lecture estim\u00e9e":"3 minutes"},"schema":{"@context":"https:\/\/schema.org","@graph":[{"@type":"WebPage","@id":"https:\/\/aufildespierres.com\/index.php\/product\/septaria-nodule-en-tranche\/","url":"https:\/\/aufildespierres.com\/index.php\/product\/septaria-nodule-en-tranche\/","name":"Septaria nodule en tranche - Au fil des pierres","isPartOf":{"@id":"https:\/\/aufildespierres.com\/#website"},"primaryImageOfPage":{"@id":"https:\/\/aufildespierres.com\/index.php\/product\/septaria-nodule-en-tranche\/#primaryimage"},"image":{"@id":"https:\/\/aufildespierres.com\/index.php\/product\/septaria-nodule-en-tranche\/#primaryimage"},"thumbnailUrl":"https:\/\/aufildespierres.com\/wp-content\/uploads\/2025\/11\/579058816_10235986436955490_2997588157188674126_n.jpg","datePublished":"2025-11-16T20:36:27+00:00","dateModified":"2025-11-17T13:46:19+00:00","description":"D\u00e9couvrez le nodule de Septaria, une pierre unique qui allie ancrage, stabilit\u00e9 \u00e9motionnelle et \u00e9nergie protectrice. Id\u00e9al pour renforcer la confiance, apaiser le mental et harmoniser l\u2019esprit au quotidien.","breadcrumb":{"@id":"https:\/\/aufildespierres.com\/index.php\/product\/septaria-nodule-en-tranche\/#breadcrumb"},"inLanguage":"fr-FR","potentialAction":[{"@type":"ReadAction","target":["https:\/\/aufildespierres.com\/index.php\/product\/septaria-nodule-en-tranche\/"]}]},{"@type":"ImageObject","inLanguage":"fr-FR","@id":"https:\/\/aufildespierres.com\/index.php\/product\/septaria-nodule-en-tranche\/#primaryimage","url":"https:\/\/aufildespierres.com\/wp-content\/uploads\/2025\/11\/579058816_10235986436955490_2997588157188674126_n.jpg","contentUrl":"https:\/\/aufildespierres.com\/wp-content\/uploads\/2025\/11\/579058816_10235986436955490_2997588157188674126_n.jpg","width":332,"height":590},{"@type":"BreadcrumbList","@id":"https:\/\/aufildespierres.com\/index.php\/product\/septaria-nodule-en-tranche\/#breadcrumb","itemListElement":[{"@type":"ListItem","position":1,"name":"Accueil","item":"https:\/\/aufildespierres.com\/"},{"@type":"ListItem","position":2,"name":"Boutique de Lithoth\u00e9rapie","item":"https:\/\/aufildespierres.com\/index.php\/boutique-de-lithotherapie\/"},{"@type":"ListItem","position":3,"name":"Septaria nodule en tranche"}]},{"@type":"WebSite","@id":"https:\/\/aufildespierres.com\/#website","url":"https:\/\/aufildespierres.com\/","name":"Au fil des pierres","description":"Au fil des pierres","publisher":{"@id":"https:\/\/aufildespierres.com\/#organization"},"potentialAction":[{"@type":"SearchAction","target":{"@type":"EntryPoint","urlTemplate":"https:\/\/aufildespierres.com\/?s={search_term_string}"},"query-input":{"@type":"PropertyValueSpecification","valueRequired":true,"valueName":"search_term_string"}}],"inLanguage":"fr-FR"},{"@type":"Organization","@id":"https:\/\/aufildespierres.com\/#organization","name":"Au fil des pierres","url":"https:\/\/aufildespierres.com\/","logo":{"@type":"ImageObject","inLanguage":"fr-FR","@id":"https:\/\/aufildespierres.com\/#\/schema\/logo\/image\/","url":"https:\/\/aufildespierres.com\/wp-content\/uploads\/2023\/05\/cropped-Logo-PNG-Transparent.png","contentUrl":"https:\/\/aufildespierres.com\/wp-content\/uploads\/2023\/05\/cropped-Logo-PNG-Transparent.png","width":1776,"height":1625,"caption":"Au fil des pierres"},"image":{"@id":"https:\/\/aufildespierres.com\/#\/schema\/logo\/image\/"}}]}},"_links":{"self":[{"href":"https:\/\/aufildespierres.com\/index.php\/wp-json\/wp\/v2\/product\/4490","targetHints":{"allow":["GET"]}}],"collection":[{"href":"https:\/\/aufildespierres.com\/index.php\/wp-json\/wp\/v2\/product"}],"about":[{"href":"https:\/\/aufildespierres.com\/index.php\/wp-json\/wp\/v2\/types\/product"}],"replies":[{"embeddable":true,"href":"https:\/\/aufildespierres.com\/index.php\/wp-json\/wp\/v2\/comments?post=4490"}],"wp:featuredmedia":[{"embeddable":true,"href":"https:\/\/aufildespierres.com\/index.php\/wp-json\/wp\/v2\/media\/4492"}],"wp:attachment":[{"href":"https:\/\/aufildespierres.com\/index.php\/wp-json\/wp\/v2\/media?parent=4490"}],"wp:term":[{"taxonomy":"product_brand","embeddable":true,"href":"https:\/\/aufildespierres.com\/index.php\/wp-json\/wp\/v2\/product_brand?post=4490"},{"taxonomy":"product_cat","embeddable":true,"href":"https:\/\/aufildespierres.com\/index.php\/wp-json\/wp\/v2\/product_cat?post=4490"},{"taxonomy":"product_tag","embeddable":true,"href":"https:\/\/aufildespierres.com\/index.php\/wp-json\/wp\/v2\/product_tag?post=4490"}],"curies":[{"name":"wp","href":"https:\/\/api.w.org\/{rel}","templated":true}]}}