{"id":4572,"date":"2026-01-13T23:59:18","date_gmt":"2026-01-13T22:59:18","guid":{"rendered":"https:\/\/aufildespierres.com\/?post_type=product&#038;p=4572"},"modified":"2026-01-13T23:59:19","modified_gmt":"2026-01-13T22:59:19","slug":"galet-de-purpurite","status":"publish","type":"product","link":"https:\/\/aufildespierres.com\/index.php\/product\/galet-de-purpurite\/","title":{"rendered":"Galet de Purpurite"},"content":{"rendered":"<div class=\"relative basis-auto flex-col -mb-(--composer-overlap-px) [--composer-overlap-px:28px] grow flex\">\n<div class=\"flex flex-col text-sm pb-25\">\n<article class=\"text-token-text-primary w-full focus:outline-none [--shadow-height:45px] has-data-writing-block:pointer-events-none has-data-writing-block:-mt-(--shadow-height) has-data-writing-block:pt-(--shadow-height) [&amp;:has([data-writing-block])&gt;*]:pointer-events-auto scroll-mt-[calc(var(--header-height)+min(200px,max(70px,20svh)))]\" dir=\"auto\" tabindex=\"-1\" data-turn-id=\"request-WEB:c02cdf78-a3e9-45d3-a7bb-6206b92474da-2\" data-testid=\"conversation-turn-6\" data-scroll-anchor=\"true\" data-turn=\"assistant\">\n<div class=\"text-base my-auto mx-auto pb-10 [--thread-content-margin:--spacing(4)] @w-sm\/main:[--thread-content-margin:--spacing(6)] @w-lg\/main:[--thread-content-margin:--spacing(16)] px-(--thread-content-margin)\">\n<div class=\"[--thread-content-max-width:40rem] @w-lg\/main:[--thread-content-max-width:48rem] mx-auto max-w-(--thread-content-max-width) flex-1 group\/turn-messages focus-visible:outline-hidden relative flex w-full min-w-0 flex-col agent-turn\" tabindex=\"-1\">\n<div class=\"flex max-w-full flex-col grow\">\n<div class=\"min-h-8 text-message relative flex w-full flex-col items-end gap-2 text-start break-words whitespace-normal [.text-message+&amp;]:mt-1\" dir=\"auto\" data-message-author-role=\"assistant\" data-message-id=\"9bc5de7e-2071-4475-a9ea-357c3368734d\" data-message-model-slug=\"gpt-5-2\">\n<div class=\"flex w-full flex-col gap-1 empty:hidden first:pt-[1px]\">\n<div class=\"markdown prose dark:prose-invert w-full break-words light markdown-new-styling\">\n<h2 data-start=\"235\" data-end=\"307\">Galet de Purpurite<\/h2>\n<p>30 g\u00a0 6&#215;3,5 cm\u00a0 \u00a0aspect brut<\/p>\n<h2 data-start=\"235\" data-end=\"307\">\u2013 Pierre d\u2019\u00e9l\u00e9vation, d\u2019intuition et de lib\u00e9ration<\/h2>\n<p data-start=\"309\" data-end=\"603\">Ce <strong data-start=\"312\" data-end=\"334\">galet de Purpurite<\/strong> s\u00e9duit imm\u00e9diatement par sa couleur violette intense. C\u2019est une pierre naturelle rare et tr\u00e8s appr\u00e9ci\u00e9e. En effet, sa vibration est r\u00e9put\u00e9e haute et stimulante. De plus, sa forme polie tient parfaitement en main. Ainsi, elle accompagne facilement vos moments de calme.<\/p>\n<p data-start=\"605\" data-end=\"946\">La Purpurite est connue en lithoth\u00e9rapie pour favoriser <strong data-start=\"661\" data-end=\"682\">l\u2019\u00e9veil spirituel<\/strong>. Elle soutient aussi l\u2019<strong data-start=\"706\" data-end=\"719\">intuition<\/strong> et la clart\u00e9 int\u00e9rieure. Par cons\u00e9quent, elle aide \u00e0 \u00e9couter sa guidance personnelle. Elle agit \u00e9galement comme une pierre de <strong data-start=\"846\" data-end=\"873\">lib\u00e9ration \u00e9motionnelle<\/strong>. Autrement dit, elle peut aider \u00e0 l\u00e2cher prise sur les blocages anciens.<\/p>\n<p data-start=\"948\" data-end=\"1255\">Cette pierre est souvent associ\u00e9e au <strong data-start=\"985\" data-end=\"1012\">chakra du troisi\u00e8me \u0153il<\/strong> et au <strong data-start=\"1019\" data-end=\"1038\">chakra couronne<\/strong>. Donc, elle accompagne la m\u00e9ditation et les pratiques \u00e9nerg\u00e9tiques. Elle favorise aussi la concentration. Ensuite, elle aide \u00e0 structurer ses pens\u00e9es. C\u2019est id\u00e9al en p\u00e9riode de changement ou de d\u00e9cisions importantes.<\/p>\n<h3 data-start=\"1257\" data-end=\"1304\">Comment utiliser votre galet de Purpurite ?<\/h3>\n<p data-start=\"1305\" data-end=\"1594\">D\u2019abord, gardez -le pr\u00e8s de vous lors d\u2019une m\u00e9ditation. Placez -le sur le front ou tenez -le dans la main. Puis, respirez lentement et laissez venir les sensations. Vous pouvez aussi le poser sur votre table de nuit. Cependant, si vous \u00eates tr\u00e8s sensible, pr\u00e9f\u00e9rez une utilisation en journ\u00e9e.<\/p>\n<p data-start=\"1596\" data-end=\"1863\">De plus, ce galet peut \u00eatre utilis\u00e9 en ancrage \u00e9nerg\u00e9tique doux. Par exemple, gardez\u00a0 -le dans une poche pendant un moment important. Ainsi, il soutient la confiance en votre ressenti. Enfin, il convient tr\u00e8s bien \u00e0 un espace de travail. Il inspire et stimule l\u2019esprit.<\/p>\n<p data-start=\"1865\" data-end=\"2072\">Chaque galet est <strong data-start=\"1882\" data-end=\"1892\">unique<\/strong>. Des variations de teintes ou de textures sont naturelles. Pour l\u2019entretenir, \u00e9vitez l\u2019eau prolong\u00e9e. Pr\u00e9f\u00e9rez la fumigation ou le son. Ensuite, rechargez -le \u00e0 la lumi\u00e8re lunaire.<\/p>\n<blockquote data-start=\"2074\" data-end=\"2164\">\n<p data-start=\"2076\" data-end=\"2164\">\u26a0\ufe0f La lithoth\u00e9rapie est une approche de bien-\u00eatre. Elle ne remplace pas un avis m\u00e9dical.<\/p>\n<\/blockquote>\n<h3 data-start=\"2171\" data-end=\"2197\"><\/h3>\n<hr data-start=\"2351\" data-end=\"2354\" \/>\n<p data-start=\"2356\" data-end=\"2507\" data-is-last-node=\"\" data-is-only-node=\"\">\n<\/div>\n<\/div>\n<\/div>\n<\/div>\n<\/div>\n<\/div>\n<\/article>\n<\/div>\n<\/div>\n","protected":false},"excerpt":{"rendered":"<p>Galet de Purpurite 30 g\u00a0 6&#215;3,5 cm\u00a0 \u00a0aspect brut \u2013 Pierre d\u2019\u00e9l\u00e9vation, d\u2019intuition et de lib\u00e9ration Ce galet de Purpurite s\u00e9duit imm\u00e9diatement par sa couleur violette intense. C\u2019est une pierre naturelle rare et tr\u00e8s appr\u00e9ci\u00e9e. En effet, sa vibration est r\u00e9put\u00e9e haute et stimulante. De plus, sa forme polie tient parfaitement en main. Ainsi, elle [&hellip;]<\/p>\n","protected":false},"featured_media":4573,"comment_status":"open","ping_status":"closed","template":"","meta":{"site-sidebar-layout":"default","site-content-layout":"","ast-site-content-layout":"default","site-content-style":"default","site-sidebar-style":"default","ast-global-header-display":"","ast-banner-title-visibility":"","ast-main-header-display":"","ast-hfb-above-header-display":"","ast-hfb-below-header-display":"","ast-hfb-mobile-header-display":"","site-post-title":"","ast-breadcrumbs-content":"","ast-featured-img":"","footer-sml-layout":"","ast-disable-related-posts":"","theme-transparent-header-meta":"default","adv-header-id-meta":"","stick-header-meta":"","header-above-stick-meta":"","header-main-stick-meta":"","header-below-stick-meta":"","astra-migrate-meta-layouts":"set","ast-page-background-enabled":"default","ast-page-background-meta":{"desktop":{"background-color":"var(--ast-global-color-4)","background-image":"","background-repeat":"repeat","background-position":"center center","background-size":"auto","background-attachment":"scroll","background-type":"","background-media":"","overlay-type":"","overlay-color":"","overlay-opacity":"","overlay-gradient":""},"tablet":{"background-color":"","background-image":"","background-repeat":"repeat","background-position":"center center","background-size":"auto","background-attachment":"scroll","background-type":"","background-media":"","overlay-type":"","overlay-color":"","overlay-opacity":"","overlay-gradient":""},"mobile":{"background-color":"","background-image":"","background-repeat":"repeat","background-position":"center center","background-size":"auto","background-attachment":"scroll","background-type":"","background-media":"","overlay-type":"","overlay-color":"","overlay-opacity":"","overlay-gradient":""}},"ast-content-background-meta":{"desktop":{"background-color":"var(--ast-global-color-5)","background-image":"","background-repeat":"repeat","background-position":"center center","background-size":"auto","background-attachment":"scroll","background-type":"","background-media":"","overlay-type":"","overlay-color":"","overlay-opacity":"","overlay-gradient":""},"tablet":{"background-color":"var(--ast-global-color-5)","background-image":"","background-repeat":"repeat","background-position":"center center","background-size":"auto","background-attachment":"scroll","background-type":"","background-media":"","overlay-type":"","overlay-color":"","overlay-opacity":"","overlay-gradient":""},"mobile":{"background-color":"var(--ast-global-color-5)","background-image":"","background-repeat":"repeat","background-position":"center center","background-size":"auto","background-attachment":"scroll","background-type":"","background-media":"","overlay-type":"","overlay-color":"","overlay-opacity":"","overlay-gradient":""}},"_glsr_average":0,"_glsr_ranking":0,"_glsr_reviews":0},"product_brand":[],"product_cat":[198,308,69],"product_tag":[],"class_list":{"0":"post-4572","1":"product","2":"type-product","3":"status-publish","4":"has-post-thumbnail","6":"product_cat-galets","7":"product_cat-purpurite","8":"product_cat-violet","9":"desktop-align-left","10":"tablet-align-left","11":"mobile-align-left","13":"first","14":"instock","15":"purchasable","16":"product-type-simple"},"yoast_head":"<!-- This site is optimized with the Yoast SEO plugin v27.5 - https:\/\/yoast.com\/product\/yoast-seo-wordpress\/ -->\n<title>Galet de Purpurite - Au fil des pierres<\/title>\n<meta name=\"description\" content=\"Galet de Purpurite : pierre violette rare id\u00e9ale pour intuition, m\u00e9ditation et lib\u00e9ration \u00e9motionnelle. Favorise clart\u00e9 mentale et \u00e9veil spirituel.\" \/>\n<meta name=\"robots\" content=\"index, follow, max-snippet:-1, max-image-preview:large, max-video-preview:-1\" \/>\n<link rel=\"canonical\" href=\"https:\/\/aufildespierres.com\/index.php\/product\/galet-de-purpurite\/\" \/>\n<meta property=\"og:locale\" content=\"fr_FR\" \/>\n<meta property=\"og:type\" content=\"article\" \/>\n<meta property=\"og:title\" content=\"Galet de Purpurite - Au fil des pierres\" \/>\n<meta property=\"og:description\" content=\"Galet de Purpurite : pierre violette rare id\u00e9ale pour intuition, m\u00e9ditation et lib\u00e9ration \u00e9motionnelle. Favorise clart\u00e9 mentale et \u00e9veil spirituel.\" \/>\n<meta property=\"og:url\" content=\"https:\/\/aufildespierres.com\/index.php\/product\/galet-de-purpurite\/\" \/>\n<meta property=\"og:site_name\" content=\"Au fil des pierres\" \/>\n<meta property=\"article:modified_time\" content=\"2026-01-13T22:59:19+00:00\" \/>\n<meta property=\"og:image\" content=\"https:\/\/aufildespierres.com\/wp-content\/uploads\/2026\/01\/20260104_154851.jpg\" \/>\n\t<meta property=\"og:image:width\" content=\"2296\" \/>\n\t<meta property=\"og:image:height\" content=\"1830\" \/>\n\t<meta property=\"og:image:type\" content=\"image\/jpeg\" \/>\n<meta name=\"twitter:card\" content=\"summary_large_image\" \/>\n<meta name=\"twitter:label1\" content=\"Dur\u00e9e de lecture estim\u00e9e\" \/>\n\t<meta name=\"twitter:data1\" content=\"2 minutes\" \/>\n<script type=\"application\/ld+json\" class=\"yoast-schema-graph\">{\"@context\":\"https:\\\/\\\/schema.org\",\"@graph\":[{\"@type\":\"WebPage\",\"@id\":\"https:\\\/\\\/aufildespierres.com\\\/index.php\\\/product\\\/galet-de-purpurite\\\/\",\"url\":\"https:\\\/\\\/aufildespierres.com\\\/index.php\\\/product\\\/galet-de-purpurite\\\/\",\"name\":\"Galet de Purpurite - Au fil des pierres\",\"isPartOf\":{\"@id\":\"https:\\\/\\\/aufildespierres.com\\\/#website\"},\"primaryImageOfPage\":{\"@id\":\"https:\\\/\\\/aufildespierres.com\\\/index.php\\\/product\\\/galet-de-purpurite\\\/#primaryimage\"},\"image\":{\"@id\":\"https:\\\/\\\/aufildespierres.com\\\/index.php\\\/product\\\/galet-de-purpurite\\\/#primaryimage\"},\"thumbnailUrl\":\"https:\\\/\\\/aufildespierres.com\\\/wp-content\\\/uploads\\\/2026\\\/01\\\/20260104_154851.jpg\",\"datePublished\":\"2026-01-13T22:59:18+00:00\",\"dateModified\":\"2026-01-13T22:59:19+00:00\",\"description\":\"Galet de Purpurite : pierre violette rare id\u00e9ale pour intuition, m\u00e9ditation et lib\u00e9ration \u00e9motionnelle. Favorise clart\u00e9 mentale et \u00e9veil spirituel.\",\"breadcrumb\":{\"@id\":\"https:\\\/\\\/aufildespierres.com\\\/index.php\\\/product\\\/galet-de-purpurite\\\/#breadcrumb\"},\"inLanguage\":\"fr-FR\",\"potentialAction\":[{\"@type\":\"ReadAction\",\"target\":[\"https:\\\/\\\/aufildespierres.com\\\/index.php\\\/product\\\/galet-de-purpurite\\\/\"]}]},{\"@type\":\"ImageObject\",\"inLanguage\":\"fr-FR\",\"@id\":\"https:\\\/\\\/aufildespierres.com\\\/index.php\\\/product\\\/galet-de-purpurite\\\/#primaryimage\",\"url\":\"https:\\\/\\\/aufildespierres.com\\\/wp-content\\\/uploads\\\/2026\\\/01\\\/20260104_154851.jpg\",\"contentUrl\":\"https:\\\/\\\/aufildespierres.com\\\/wp-content\\\/uploads\\\/2026\\\/01\\\/20260104_154851.jpg\",\"width\":2296,\"height\":1830},{\"@type\":\"BreadcrumbList\",\"@id\":\"https:\\\/\\\/aufildespierres.com\\\/index.php\\\/product\\\/galet-de-purpurite\\\/#breadcrumb\",\"itemListElement\":[{\"@type\":\"ListItem\",\"position\":1,\"name\":\"Accueil\",\"item\":\"https:\\\/\\\/aufildespierres.com\\\/\"},{\"@type\":\"ListItem\",\"position\":2,\"name\":\"Boutique de Lithoth\u00e9rapie\",\"item\":\"https:\\\/\\\/aufildespierres.com\\\/index.php\\\/boutique-de-lithotherapie\\\/\"},{\"@type\":\"ListItem\",\"position\":3,\"name\":\"Galet de Purpurite\"}]},{\"@type\":\"WebSite\",\"@id\":\"https:\\\/\\\/aufildespierres.com\\\/#website\",\"url\":\"https:\\\/\\\/aufildespierres.com\\\/\",\"name\":\"Au fil des pierres\",\"description\":\"Au fil des pierres\",\"publisher\":{\"@id\":\"https:\\\/\\\/aufildespierres.com\\\/#organization\"},\"potentialAction\":[{\"@type\":\"SearchAction\",\"target\":{\"@type\":\"EntryPoint\",\"urlTemplate\":\"https:\\\/\\\/aufildespierres.com\\\/?s={search_term_string}\"},\"query-input\":{\"@type\":\"PropertyValueSpecification\",\"valueRequired\":true,\"valueName\":\"search_term_string\"}}],\"inLanguage\":\"fr-FR\"},{\"@type\":\"Organization\",\"@id\":\"https:\\\/\\\/aufildespierres.com\\\/#organization\",\"name\":\"Au fil des pierres\",\"url\":\"https:\\\/\\\/aufildespierres.com\\\/\",\"logo\":{\"@type\":\"ImageObject\",\"inLanguage\":\"fr-FR\",\"@id\":\"https:\\\/\\\/aufildespierres.com\\\/#\\\/schema\\\/logo\\\/image\\\/\",\"url\":\"https:\\\/\\\/aufildespierres.com\\\/wp-content\\\/uploads\\\/2023\\\/05\\\/cropped-Logo-PNG-Transparent.png\",\"contentUrl\":\"https:\\\/\\\/aufildespierres.com\\\/wp-content\\\/uploads\\\/2023\\\/05\\\/cropped-Logo-PNG-Transparent.png\",\"width\":1776,\"height\":1625,\"caption\":\"Au fil des pierres\"},\"image\":{\"@id\":\"https:\\\/\\\/aufildespierres.com\\\/#\\\/schema\\\/logo\\\/image\\\/\"}}]}<\/script>\n<!-- \/ Yoast SEO plugin. -->","yoast_head_json":{"title":"Galet de Purpurite - Au fil des pierres","description":"Galet de Purpurite : pierre violette rare id\u00e9ale pour intuition, m\u00e9ditation et lib\u00e9ration \u00e9motionnelle. Favorise clart\u00e9 mentale et \u00e9veil spirituel.","robots":{"index":"index","follow":"follow","max-snippet":"max-snippet:-1","max-image-preview":"max-image-preview:large","max-video-preview":"max-video-preview:-1"},"canonical":"https:\/\/aufildespierres.com\/index.php\/product\/galet-de-purpurite\/","og_locale":"fr_FR","og_type":"article","og_title":"Galet de Purpurite - Au fil des pierres","og_description":"Galet de Purpurite : pierre violette rare id\u00e9ale pour intuition, m\u00e9ditation et lib\u00e9ration \u00e9motionnelle. Favorise clart\u00e9 mentale et \u00e9veil spirituel.","og_url":"https:\/\/aufildespierres.com\/index.php\/product\/galet-de-purpurite\/","og_site_name":"Au fil des pierres","article_modified_time":"2026-01-13T22:59:19+00:00","og_image":[{"width":2296,"height":1830,"url":"https:\/\/aufildespierres.com\/wp-content\/uploads\/2026\/01\/20260104_154851.jpg","type":"image\/jpeg"}],"twitter_card":"summary_large_image","twitter_misc":{"Dur\u00e9e de lecture estim\u00e9e":"2 minutes"},"schema":{"@context":"https:\/\/schema.org","@graph":[{"@type":"WebPage","@id":"https:\/\/aufildespierres.com\/index.php\/product\/galet-de-purpurite\/","url":"https:\/\/aufildespierres.com\/index.php\/product\/galet-de-purpurite\/","name":"Galet de Purpurite - Au fil des pierres","isPartOf":{"@id":"https:\/\/aufildespierres.com\/#website"},"primaryImageOfPage":{"@id":"https:\/\/aufildespierres.com\/index.php\/product\/galet-de-purpurite\/#primaryimage"},"image":{"@id":"https:\/\/aufildespierres.com\/index.php\/product\/galet-de-purpurite\/#primaryimage"},"thumbnailUrl":"https:\/\/aufildespierres.com\/wp-content\/uploads\/2026\/01\/20260104_154851.jpg","datePublished":"2026-01-13T22:59:18+00:00","dateModified":"2026-01-13T22:59:19+00:00","description":"Galet de Purpurite : pierre violette rare id\u00e9ale pour intuition, m\u00e9ditation et lib\u00e9ration \u00e9motionnelle. Favorise clart\u00e9 mentale et \u00e9veil spirituel.","breadcrumb":{"@id":"https:\/\/aufildespierres.com\/index.php\/product\/galet-de-purpurite\/#breadcrumb"},"inLanguage":"fr-FR","potentialAction":[{"@type":"ReadAction","target":["https:\/\/aufildespierres.com\/index.php\/product\/galet-de-purpurite\/"]}]},{"@type":"ImageObject","inLanguage":"fr-FR","@id":"https:\/\/aufildespierres.com\/index.php\/product\/galet-de-purpurite\/#primaryimage","url":"https:\/\/aufildespierres.com\/wp-content\/uploads\/2026\/01\/20260104_154851.jpg","contentUrl":"https:\/\/aufildespierres.com\/wp-content\/uploads\/2026\/01\/20260104_154851.jpg","width":2296,"height":1830},{"@type":"BreadcrumbList","@id":"https:\/\/aufildespierres.com\/index.php\/product\/galet-de-purpurite\/#breadcrumb","itemListElement":[{"@type":"ListItem","position":1,"name":"Accueil","item":"https:\/\/aufildespierres.com\/"},{"@type":"ListItem","position":2,"name":"Boutique de Lithoth\u00e9rapie","item":"https:\/\/aufildespierres.com\/index.php\/boutique-de-lithotherapie\/"},{"@type":"ListItem","position":3,"name":"Galet de Purpurite"}]},{"@type":"WebSite","@id":"https:\/\/aufildespierres.com\/#website","url":"https:\/\/aufildespierres.com\/","name":"Au fil des pierres","description":"Au fil des pierres","publisher":{"@id":"https:\/\/aufildespierres.com\/#organization"},"potentialAction":[{"@type":"SearchAction","target":{"@type":"EntryPoint","urlTemplate":"https:\/\/aufildespierres.com\/?s={search_term_string}"},"query-input":{"@type":"PropertyValueSpecification","valueRequired":true,"valueName":"search_term_string"}}],"inLanguage":"fr-FR"},{"@type":"Organization","@id":"https:\/\/aufildespierres.com\/#organization","name":"Au fil des pierres","url":"https:\/\/aufildespierres.com\/","logo":{"@type":"ImageObject","inLanguage":"fr-FR","@id":"https:\/\/aufildespierres.com\/#\/schema\/logo\/image\/","url":"https:\/\/aufildespierres.com\/wp-content\/uploads\/2023\/05\/cropped-Logo-PNG-Transparent.png","contentUrl":"https:\/\/aufildespierres.com\/wp-content\/uploads\/2023\/05\/cropped-Logo-PNG-Transparent.png","width":1776,"height":1625,"caption":"Au fil des pierres"},"image":{"@id":"https:\/\/aufildespierres.com\/#\/schema\/logo\/image\/"}}]}},"_links":{"self":[{"href":"https:\/\/aufildespierres.com\/index.php\/wp-json\/wp\/v2\/product\/4572","targetHints":{"allow":["GET"]}}],"collection":[{"href":"https:\/\/aufildespierres.com\/index.php\/wp-json\/wp\/v2\/product"}],"about":[{"href":"https:\/\/aufildespierres.com\/index.php\/wp-json\/wp\/v2\/types\/product"}],"replies":[{"embeddable":true,"href":"https:\/\/aufildespierres.com\/index.php\/wp-json\/wp\/v2\/comments?post=4572"}],"wp:featuredmedia":[{"embeddable":true,"href":"https:\/\/aufildespierres.com\/index.php\/wp-json\/wp\/v2\/media\/4573"}],"wp:attachment":[{"href":"https:\/\/aufildespierres.com\/index.php\/wp-json\/wp\/v2\/media?parent=4572"}],"wp:term":[{"taxonomy":"product_brand","embeddable":true,"href":"https:\/\/aufildespierres.com\/index.php\/wp-json\/wp\/v2\/product_brand?post=4572"},{"taxonomy":"product_cat","embeddable":true,"href":"https:\/\/aufildespierres.com\/index.php\/wp-json\/wp\/v2\/product_cat?post=4572"},{"taxonomy":"product_tag","embeddable":true,"href":"https:\/\/aufildespierres.com\/index.php\/wp-json\/wp\/v2\/product_tag?post=4572"}],"curies":[{"name":"wp","href":"https:\/\/api.w.org\/{rel}","templated":true}]}}