{"id":4700,"date":"2026-03-26T15:48:24","date_gmt":"2026-03-26T14:48:24","guid":{"rendered":"https:\/\/aufildespierres.com\/?post_type=product&#038;p=4700"},"modified":"2026-03-26T18:25:46","modified_gmt":"2026-03-26T17:25:46","slug":"bracelet-quartz-fraise-amethyste-rhodonite","status":"publish","type":"product","link":"https:\/\/aufildespierres.com\/index.php\/product\/bracelet-quartz-fraise-amethyste-rhodonite\/","title":{"rendered":"Bracelet Quartz fraise Am\u00e9thyste Rhodonite"},"content":{"rendered":"<div class=\"relative z-0 flex min-h-0 w-full flex-1\">\n<div class=\"relative flex min-h-0 w-full flex-1\">\n<div class=\"@container\/main relative flex min-w-0 flex-1 flex-col -translate-y-[calc(env(safe-area-inset-bottom,0px)\/2)] pt-[calc(env(safe-area-inset-bottom,0px)\/2)]\">\n<div class=\"@w-sm\/main:[scrollbar-gutter:var(--stage-scroll-gutter)] touch:[scrollbar-width:none] group\/scroll-root relative flex min-h-0 min-w-0 flex-1 flex-col [scrollbar-gutter:stable] not-print:overflow-x-clip not-print:overflow-y-auto group-data-stream-active\/scroll-root:[overflow-anchor:none] scroll-pt-(--header-height) [--sticky-padding-top:var(--header-height)] [--sticky-padding-bottom:0px] [--scroll-root-safe-area-inset-top:calc(var(--sticky-padding-top)+env(safe-area-inset-top,0px))] [--scroll-root-safe-area-inset-bottom:calc(var(--sticky-padding-bottom)+var(--screen-keyboard-height,0px)+env(safe-area-inset-bottom,0px))] [--scroll-root-safe-area-height:calc(100lvh-var(--scroll-root-safe-area-inset-top)-var(--scroll-root-safe-area-inset-bottom))] has-data-[fixed-header=less-than-xl]:@w-xl\/main:scroll-pt-0 has-data-[fixed-header=less-than-xl]:@w-xl\/main:[--sticky-padding-top:0px] has-data-[fixed-header=less-than-xxl]:@w-2xl\/main:scroll-pt-0 has-data-[fixed-header=less-than-xxl]:@w-2xl\/main:[--sticky-padding-top:0px]\" data-scroll-root=\"\" data-scroll-from-top=\"\">\n<p>&nbsp;<\/p>\n<div id=\"thread\" class=\"group\/thread flex flex-col min-h-full\">\n<div class=\"composer-parent flex flex-1 flex-col focus-visible:outline-0\" role=\"presentation\">\n<div class=\"relative basis-auto flex-col -mb-(--composer-overlap-px) pb-(--composer-overlap-px) [--composer-overlap-px:28px] grow flex\">\n<div class=\"flex flex-col text-sm pb-25\">\n<section class=\"text-token-text-primary w-full focus:outline-none [--shadow-height:45px] has-data-writing-block:pointer-events-none has-data-writing-block:-mt-(--shadow-height) has-data-writing-block:pt-(--shadow-height) [&amp;:has([data-writing-block])&gt;*]:pointer-events-auto scroll-mt-(--header-height)\" dir=\"auto\" data-turn-id=\"34c7248c-d5b6-4842-8864-7e22e8cf3dc6\" data-testid=\"conversation-turn-1\" data-scroll-anchor=\"false\" data-turn=\"user\"><\/section>\n<section class=\"text-token-text-primary w-full focus:outline-none [--shadow-height:45px] has-data-writing-block:pointer-events-none has-data-writing-block:-mt-(--shadow-height) has-data-writing-block:pt-(--shadow-height) [&amp;:has([data-writing-block])&gt;*]:pointer-events-auto scroll-mt-[calc(var(--header-height)+min(200px,max(70px,20svh)))]\" dir=\"auto\" data-turn-id=\"request-WEB:7638e75a-2306-42da-9abc-200be50f43c0-0\" data-testid=\"conversation-turn-2\" data-scroll-anchor=\"true\" data-turn=\"assistant\">\n<div class=\"text-base my-auto mx-auto pb-10 [--thread-content-margin:var(--thread-content-margin-xs,calc(var(--spacing)*4))] @w-sm\/main:[--thread-content-margin:var(--thread-content-margin-sm,calc(var(--spacing)*6))] @w-lg\/main:[--thread-content-margin:var(--thread-content-margin-lg,calc(var(--spacing)*16))] px-(--thread-content-margin)\">\n<div class=\"[--thread-content-max-width:40rem] @w-lg\/main:[--thread-content-max-width:48rem] mx-auto max-w-(--thread-content-max-width) flex-1 group\/turn-messages focus-visible:outline-hidden relative flex w-full min-w-0 flex-col agent-turn\">\n<div class=\"flex max-w-full flex-col gap-4 grow\">\n<div class=\"min-h-8 text-message relative flex w-full flex-col items-end gap-2 text-start break-words whitespace-normal outline-none keyboard-focused:focus-ring [.text-message+&amp;]:mt-1\" dir=\"auto\" tabindex=\"0\" data-message-author-role=\"assistant\" data-message-id=\"18891d5a-fe7f-4aa0-b805-033add5ae944\" data-message-model-slug=\"gpt-5-3\" data-turn-start-message=\"true\">\n<div class=\"flex w-full flex-col gap-1 empty:hidden\">\n<div class=\"markdown prose dark:prose-invert w-full wrap-break-word light markdown-new-styling\">\n<p data-start=\"0\" data-end=\"338\">D\u00e9couvrez ce bracelet en pierres naturelles, pens\u00e9 pour accompagner la gu\u00e9rison \u00e9motionnelle et favoriser l\u2019ouverture du c\u0153ur. \u00c0 l\u2019approche du printemps, il symbolise la renaissance int\u00e9rieure, l\u2019\u00e9panouissement personnel et le retour \u00e0 la douceur. Gr\u00e2ce \u00e0 l\u2019association de ses pierres, il diffuse une \u00e9nergie apaisante et transformatrice.<\/p>\n<p data-start=\"340\" data-end=\"587\">Ce bracelet se compose de Quartz Fraise, d\u2019Am\u00e9thyste, de Rhodonite, ainsi que d\u2019une perle sculpt\u00e9e en forme de fleur, symbole d\u2019\u00e9veil et de croissance. Ensemble, ces \u00e9l\u00e9ments agissent en synergie pour r\u00e9\u00e9quilibrer les \u00e9motions et calmer le mental.<\/p>\n<p data-start=\"589\" data-end=\"1035\">D\u2019une part, le Quartz Fraise apporte une vibration douce et r\u00e9confortante. Il encourage l\u2019amour de soi, d\u00e9veloppe la gratitude et invite \u00e0 plus de l\u00e9g\u00e8ret\u00e9 au quotidien. D\u2019autre part, l\u2019Am\u00e9thyste apaise les pens\u00e9es, stimule l\u2019intuition et favorise un \u00e9tat de s\u00e9r\u00e9nit\u00e9 propice \u00e0 la m\u00e9ditation. Enfin, la Rhodonite soutient une gu\u00e9rison \u00e9motionnelle profonde : elle aide \u00e0 lib\u00e9rer les blessures affectives, \u00e0 pardonner et \u00e0 stabiliser les \u00e9motions.<\/p>\n<p data-start=\"1037\" data-end=\"1290\">Ainsi, ce bracelet convient particuli\u00e8rement aux personnes traversant une p\u00e9riode \u00e9motionnelle d\u00e9licate ou souhaitant apaiser un mental trop actif. Il accompagne \u00e9galement celles et ceux qui cherchent \u00e0 retrouver confiance, paix int\u00e9rieure et \u00e9quilibre.<\/p>\n<p data-start=\"1292\" data-end=\"1504\">Par ailleurs, son action globale harmonise le c\u0153ur, le mental et la dimension spirituelle. En cons\u00e9quence, il peut contribuer \u00e0 r\u00e9duire la fatigue nerveuse, am\u00e9liorer le sommeil et rel\u00e2cher les tensions internes.<\/p>\n<p data-start=\"1506\" data-end=\"1678\">Pour pr\u00e9server ses bienfaits, purifiez r\u00e9guli\u00e8rement votre bracelet \u00e0 l\u2019eau claire ou par fumigation. Ensuite, rechargez-le \u00e0 la lumi\u00e8re lunaire ou sur une g\u00e9ode de quartz.<\/p>\n<p data-start=\"1680\" data-end=\"1849\" data-is-last-node=\"\" data-is-only-node=\"\">En r\u00e9sum\u00e9, ce bijou \u00e9nerg\u00e9tique vous guide vers une transformation int\u00e9rieure douce et profonde, tout en vous aidant \u00e0 cultiver amour, s\u00e9r\u00e9nit\u00e9 et harmonie au quotidien.<\/p>\n<\/div>\n<\/div>\n<\/div>\n<\/div>\n<div class=\"z-0 flex min-h-[46px] justify-start\"><\/div>\n<\/div>\n<\/div>\n<\/section>\n<\/div>\n<div class=\"pointer-events-none h-px w-px absolute bottom-0\" aria-hidden=\"true\" data-edge=\"true\"><\/div>\n<\/div>\n<\/div>\n<\/div>\n<p>&nbsp;<\/p>\n<\/div>\n<\/div>\n<\/div>\n<\/div>\n<div>\n<div class=\"z-[100] w-full max-w-full overflow-hidden bg-token-bg-tertiary border-token-border-heavy flex flex-col gap-2 border-t p-4 pb-6\" role=\"dialog\" aria-modal=\"true\" aria-live=\"polite\">\n<div class=\"flex flex-col flex-wrap items-start justify-between gap-4 md:flex-row md:items-center\">\n<p class=\"text-token-text-secondary max-w-2xl flex-1 text-sm text-balance md:min-w-md\">\n<\/div>\n<\/div>\n<\/div>\n","protected":false},"excerpt":{"rendered":"<p>&nbsp; D\u00e9couvrez ce bracelet en pierres naturelles, pens\u00e9 pour accompagner la gu\u00e9rison \u00e9motionnelle et favoriser l\u2019ouverture du c\u0153ur. \u00c0 l\u2019approche du printemps, il symbolise la renaissance int\u00e9rieure, l\u2019\u00e9panouissement personnel et le retour \u00e0 la douceur. Gr\u00e2ce \u00e0 l\u2019association de ses pierres, il diffuse une \u00e9nergie apaisante et transformatrice. Ce bracelet se compose de Quartz Fraise, [&hellip;]<\/p>\n","protected":false},"featured_media":4701,"comment_status":"open","ping_status":"closed","template":"","meta":{"site-sidebar-layout":"default","site-content-layout":"","ast-site-content-layout":"default","site-content-style":"default","site-sidebar-style":"default","ast-global-header-display":"","ast-banner-title-visibility":"","ast-main-header-display":"","ast-hfb-above-header-display":"","ast-hfb-below-header-display":"","ast-hfb-mobile-header-display":"","site-post-title":"","ast-breadcrumbs-content":"","ast-featured-img":"","footer-sml-layout":"","ast-disable-related-posts":"","theme-transparent-header-meta":"default","adv-header-id-meta":"","stick-header-meta":"","header-above-stick-meta":"","header-main-stick-meta":"","header-below-stick-meta":"","astra-migrate-meta-layouts":"set","ast-page-background-enabled":"default","ast-page-background-meta":{"desktop":{"background-color":"var(--ast-global-color-4)","background-image":"","background-repeat":"repeat","background-position":"center center","background-size":"auto","background-attachment":"scroll","background-type":"","background-media":"","overlay-type":"","overlay-color":"","overlay-opacity":"","overlay-gradient":""},"tablet":{"background-color":"","background-image":"","background-repeat":"repeat","background-position":"center center","background-size":"auto","background-attachment":"scroll","background-type":"","background-media":"","overlay-type":"","overlay-color":"","overlay-opacity":"","overlay-gradient":""},"mobile":{"background-color":"","background-image":"","background-repeat":"repeat","background-position":"center center","background-size":"auto","background-attachment":"scroll","background-type":"","background-media":"","overlay-type":"","overlay-color":"","overlay-opacity":"","overlay-gradient":""}},"ast-content-background-meta":{"desktop":{"background-color":"var(--ast-global-color-5)","background-image":"","background-repeat":"repeat","background-position":"center center","background-size":"auto","background-attachment":"scroll","background-type":"","background-media":"","overlay-type":"","overlay-color":"","overlay-opacity":"","overlay-gradient":""},"tablet":{"background-color":"var(--ast-global-color-5)","background-image":"","background-repeat":"repeat","background-position":"center center","background-size":"auto","background-attachment":"scroll","background-type":"","background-media":"","overlay-type":"","overlay-color":"","overlay-opacity":"","overlay-gradient":""},"mobile":{"background-color":"var(--ast-global-color-5)","background-image":"","background-repeat":"repeat","background-position":"center center","background-size":"auto","background-attachment":"scroll","background-type":"","background-media":"","overlay-type":"","overlay-color":"","overlay-opacity":"","overlay-gradient":""}},"_glsr_average":0,"_glsr_ranking":0,"_glsr_reviews":0},"product_brand":[],"product_cat":[54,70,56,290,272,204,90,65,63,69],"product_tag":[],"class_list":{"0":"post-4700","1":"product","2":"type-product","3":"status-publish","4":"has-post-thumbnail","6":"product_cat-8-mm","7":"product_cat-amethyste","8":"product_cat-bracelets-de-lithotherapie","9":"product_cat-bracelets-de-lithotherapie-femmes","10":"product_cat-equilibre-emotionnel","11":"product_cat-quartz-fraise","12":"product_cat-rhodonite","13":"product_cat-rose","14":"product_cat-stress-angoisses","15":"product_cat-violet","16":"desktop-align-left","17":"tablet-align-left","18":"mobile-align-left","20":"first","21":"instock","22":"purchasable","23":"product-type-variable"},"yoast_head":"<!-- This site is optimized with the Yoast SEO plugin v27.5 - https:\/\/yoast.com\/product\/yoast-seo-wordpress\/ -->\n<title>Bracelet Quartz fraise Am\u00e9thyste Rhodonite - Au fil des pierres<\/title>\n<meta name=\"description\" content=\"Bracelet Quartz Fraise, Am\u00e9thyste et Rhodonite : apaise le mental, favorise la gu\u00e9rison \u00e9motionnelle et ouvre le c\u0153ur pour plus de douceur, d\u2019\u00e9quilibre et de s\u00e9r\u00e9nit\u00e9 au quotidien.\" \/>\n<meta name=\"robots\" content=\"index, follow, max-snippet:-1, max-image-preview:large, max-video-preview:-1\" \/>\n<link rel=\"canonical\" href=\"https:\/\/aufildespierres.com\/index.php\/product\/bracelet-quartz-fraise-amethyste-rhodonite\/\" \/>\n<meta property=\"og:locale\" content=\"fr_FR\" \/>\n<meta property=\"og:type\" content=\"article\" \/>\n<meta property=\"og:title\" content=\"Bracelet Quartz fraise Am\u00e9thyste Rhodonite - Au fil des pierres\" \/>\n<meta property=\"og:description\" content=\"Bracelet Quartz Fraise, Am\u00e9thyste et Rhodonite : apaise le mental, favorise la gu\u00e9rison \u00e9motionnelle et ouvre le c\u0153ur pour plus de douceur, d\u2019\u00e9quilibre et de s\u00e9r\u00e9nit\u00e9 au quotidien.\" \/>\n<meta property=\"og:url\" content=\"https:\/\/aufildespierres.com\/index.php\/product\/bracelet-quartz-fraise-amethyste-rhodonite\/\" \/>\n<meta property=\"og:site_name\" content=\"Au fil des pierres\" \/>\n<meta property=\"article:modified_time\" content=\"2026-03-26T17:25:46+00:00\" \/>\n<meta property=\"og:image\" content=\"https:\/\/aufildespierres.com\/wp-content\/uploads\/2026\/03\/20260312_181826-scaled.jpg\" \/>\n\t<meta property=\"og:image:width\" content=\"1641\" \/>\n\t<meta property=\"og:image:height\" content=\"2560\" \/>\n\t<meta property=\"og:image:type\" content=\"image\/jpeg\" \/>\n<meta name=\"twitter:card\" content=\"summary_large_image\" \/>\n<meta name=\"twitter:label1\" content=\"Dur\u00e9e de lecture estim\u00e9e\" \/>\n\t<meta name=\"twitter:data1\" content=\"2 minutes\" \/>\n<script type=\"application\/ld+json\" class=\"yoast-schema-graph\">{\"@context\":\"https:\\\/\\\/schema.org\",\"@graph\":[{\"@type\":\"WebPage\",\"@id\":\"https:\\\/\\\/aufildespierres.com\\\/index.php\\\/product\\\/bracelet-quartz-fraise-amethyste-rhodonite\\\/\",\"url\":\"https:\\\/\\\/aufildespierres.com\\\/index.php\\\/product\\\/bracelet-quartz-fraise-amethyste-rhodonite\\\/\",\"name\":\"Bracelet Quartz fraise Am\u00e9thyste Rhodonite - Au fil des pierres\",\"isPartOf\":{\"@id\":\"https:\\\/\\\/aufildespierres.com\\\/#website\"},\"primaryImageOfPage\":{\"@id\":\"https:\\\/\\\/aufildespierres.com\\\/index.php\\\/product\\\/bracelet-quartz-fraise-amethyste-rhodonite\\\/#primaryimage\"},\"image\":{\"@id\":\"https:\\\/\\\/aufildespierres.com\\\/index.php\\\/product\\\/bracelet-quartz-fraise-amethyste-rhodonite\\\/#primaryimage\"},\"thumbnailUrl\":\"https:\\\/\\\/aufildespierres.com\\\/wp-content\\\/uploads\\\/2026\\\/03\\\/20260312_181826-scaled.jpg\",\"datePublished\":\"2026-03-26T14:48:24+00:00\",\"dateModified\":\"2026-03-26T17:25:46+00:00\",\"description\":\"Bracelet Quartz Fraise, Am\u00e9thyste et Rhodonite : apaise le mental, favorise la gu\u00e9rison \u00e9motionnelle et ouvre le c\u0153ur pour plus de douceur, d\u2019\u00e9quilibre et de s\u00e9r\u00e9nit\u00e9 au quotidien.\",\"breadcrumb\":{\"@id\":\"https:\\\/\\\/aufildespierres.com\\\/index.php\\\/product\\\/bracelet-quartz-fraise-amethyste-rhodonite\\\/#breadcrumb\"},\"inLanguage\":\"fr-FR\",\"potentialAction\":[{\"@type\":\"ReadAction\",\"target\":[\"https:\\\/\\\/aufildespierres.com\\\/index.php\\\/product\\\/bracelet-quartz-fraise-amethyste-rhodonite\\\/\"]}]},{\"@type\":\"ImageObject\",\"inLanguage\":\"fr-FR\",\"@id\":\"https:\\\/\\\/aufildespierres.com\\\/index.php\\\/product\\\/bracelet-quartz-fraise-amethyste-rhodonite\\\/#primaryimage\",\"url\":\"https:\\\/\\\/aufildespierres.com\\\/wp-content\\\/uploads\\\/2026\\\/03\\\/20260312_181826-scaled.jpg\",\"contentUrl\":\"https:\\\/\\\/aufildespierres.com\\\/wp-content\\\/uploads\\\/2026\\\/03\\\/20260312_181826-scaled.jpg\",\"width\":1641,\"height\":2560,\"caption\":\"Bracelet Quartz fraise Amethyste Rhodonite\"},{\"@type\":\"BreadcrumbList\",\"@id\":\"https:\\\/\\\/aufildespierres.com\\\/index.php\\\/product\\\/bracelet-quartz-fraise-amethyste-rhodonite\\\/#breadcrumb\",\"itemListElement\":[{\"@type\":\"ListItem\",\"position\":1,\"name\":\"Accueil\",\"item\":\"https:\\\/\\\/aufildespierres.com\\\/\"},{\"@type\":\"ListItem\",\"position\":2,\"name\":\"Boutique de Lithoth\u00e9rapie\",\"item\":\"https:\\\/\\\/aufildespierres.com\\\/index.php\\\/boutique-de-lithotherapie\\\/\"},{\"@type\":\"ListItem\",\"position\":3,\"name\":\"Bracelet Quartz fraise Am\u00e9thyste Rhodonite\"}]},{\"@type\":\"WebSite\",\"@id\":\"https:\\\/\\\/aufildespierres.com\\\/#website\",\"url\":\"https:\\\/\\\/aufildespierres.com\\\/\",\"name\":\"Au fil des pierres\",\"description\":\"Au fil des pierres\",\"publisher\":{\"@id\":\"https:\\\/\\\/aufildespierres.com\\\/#organization\"},\"potentialAction\":[{\"@type\":\"SearchAction\",\"target\":{\"@type\":\"EntryPoint\",\"urlTemplate\":\"https:\\\/\\\/aufildespierres.com\\\/?s={search_term_string}\"},\"query-input\":{\"@type\":\"PropertyValueSpecification\",\"valueRequired\":true,\"valueName\":\"search_term_string\"}}],\"inLanguage\":\"fr-FR\"},{\"@type\":\"Organization\",\"@id\":\"https:\\\/\\\/aufildespierres.com\\\/#organization\",\"name\":\"Au fil des pierres\",\"url\":\"https:\\\/\\\/aufildespierres.com\\\/\",\"logo\":{\"@type\":\"ImageObject\",\"inLanguage\":\"fr-FR\",\"@id\":\"https:\\\/\\\/aufildespierres.com\\\/#\\\/schema\\\/logo\\\/image\\\/\",\"url\":\"https:\\\/\\\/aufildespierres.com\\\/wp-content\\\/uploads\\\/2023\\\/05\\\/cropped-Logo-PNG-Transparent.png\",\"contentUrl\":\"https:\\\/\\\/aufildespierres.com\\\/wp-content\\\/uploads\\\/2023\\\/05\\\/cropped-Logo-PNG-Transparent.png\",\"width\":1776,\"height\":1625,\"caption\":\"Au fil des pierres\"},\"image\":{\"@id\":\"https:\\\/\\\/aufildespierres.com\\\/#\\\/schema\\\/logo\\\/image\\\/\"}}]}<\/script>\n<!-- \/ Yoast SEO plugin. -->","yoast_head_json":{"title":"Bracelet Quartz fraise Am\u00e9thyste Rhodonite - Au fil des pierres","description":"Bracelet Quartz Fraise, Am\u00e9thyste et Rhodonite : apaise le mental, favorise la gu\u00e9rison \u00e9motionnelle et ouvre le c\u0153ur pour plus de douceur, d\u2019\u00e9quilibre et de s\u00e9r\u00e9nit\u00e9 au quotidien.","robots":{"index":"index","follow":"follow","max-snippet":"max-snippet:-1","max-image-preview":"max-image-preview:large","max-video-preview":"max-video-preview:-1"},"canonical":"https:\/\/aufildespierres.com\/index.php\/product\/bracelet-quartz-fraise-amethyste-rhodonite\/","og_locale":"fr_FR","og_type":"article","og_title":"Bracelet Quartz fraise Am\u00e9thyste Rhodonite - Au fil des pierres","og_description":"Bracelet Quartz Fraise, Am\u00e9thyste et Rhodonite : apaise le mental, favorise la gu\u00e9rison \u00e9motionnelle et ouvre le c\u0153ur pour plus de douceur, d\u2019\u00e9quilibre et de s\u00e9r\u00e9nit\u00e9 au quotidien.","og_url":"https:\/\/aufildespierres.com\/index.php\/product\/bracelet-quartz-fraise-amethyste-rhodonite\/","og_site_name":"Au fil des pierres","article_modified_time":"2026-03-26T17:25:46+00:00","og_image":[{"width":1641,"height":2560,"url":"https:\/\/aufildespierres.com\/wp-content\/uploads\/2026\/03\/20260312_181826-scaled.jpg","type":"image\/jpeg"}],"twitter_card":"summary_large_image","twitter_misc":{"Dur\u00e9e de lecture estim\u00e9e":"2 minutes"},"schema":{"@context":"https:\/\/schema.org","@graph":[{"@type":"WebPage","@id":"https:\/\/aufildespierres.com\/index.php\/product\/bracelet-quartz-fraise-amethyste-rhodonite\/","url":"https:\/\/aufildespierres.com\/index.php\/product\/bracelet-quartz-fraise-amethyste-rhodonite\/","name":"Bracelet Quartz fraise Am\u00e9thyste Rhodonite - Au fil des pierres","isPartOf":{"@id":"https:\/\/aufildespierres.com\/#website"},"primaryImageOfPage":{"@id":"https:\/\/aufildespierres.com\/index.php\/product\/bracelet-quartz-fraise-amethyste-rhodonite\/#primaryimage"},"image":{"@id":"https:\/\/aufildespierres.com\/index.php\/product\/bracelet-quartz-fraise-amethyste-rhodonite\/#primaryimage"},"thumbnailUrl":"https:\/\/aufildespierres.com\/wp-content\/uploads\/2026\/03\/20260312_181826-scaled.jpg","datePublished":"2026-03-26T14:48:24+00:00","dateModified":"2026-03-26T17:25:46+00:00","description":"Bracelet Quartz Fraise, Am\u00e9thyste et Rhodonite : apaise le mental, favorise la gu\u00e9rison \u00e9motionnelle et ouvre le c\u0153ur pour plus de douceur, d\u2019\u00e9quilibre et de s\u00e9r\u00e9nit\u00e9 au quotidien.","breadcrumb":{"@id":"https:\/\/aufildespierres.com\/index.php\/product\/bracelet-quartz-fraise-amethyste-rhodonite\/#breadcrumb"},"inLanguage":"fr-FR","potentialAction":[{"@type":"ReadAction","target":["https:\/\/aufildespierres.com\/index.php\/product\/bracelet-quartz-fraise-amethyste-rhodonite\/"]}]},{"@type":"ImageObject","inLanguage":"fr-FR","@id":"https:\/\/aufildespierres.com\/index.php\/product\/bracelet-quartz-fraise-amethyste-rhodonite\/#primaryimage","url":"https:\/\/aufildespierres.com\/wp-content\/uploads\/2026\/03\/20260312_181826-scaled.jpg","contentUrl":"https:\/\/aufildespierres.com\/wp-content\/uploads\/2026\/03\/20260312_181826-scaled.jpg","width":1641,"height":2560,"caption":"Bracelet Quartz fraise Amethyste Rhodonite"},{"@type":"BreadcrumbList","@id":"https:\/\/aufildespierres.com\/index.php\/product\/bracelet-quartz-fraise-amethyste-rhodonite\/#breadcrumb","itemListElement":[{"@type":"ListItem","position":1,"name":"Accueil","item":"https:\/\/aufildespierres.com\/"},{"@type":"ListItem","position":2,"name":"Boutique de Lithoth\u00e9rapie","item":"https:\/\/aufildespierres.com\/index.php\/boutique-de-lithotherapie\/"},{"@type":"ListItem","position":3,"name":"Bracelet Quartz fraise Am\u00e9thyste Rhodonite"}]},{"@type":"WebSite","@id":"https:\/\/aufildespierres.com\/#website","url":"https:\/\/aufildespierres.com\/","name":"Au fil des pierres","description":"Au fil des pierres","publisher":{"@id":"https:\/\/aufildespierres.com\/#organization"},"potentialAction":[{"@type":"SearchAction","target":{"@type":"EntryPoint","urlTemplate":"https:\/\/aufildespierres.com\/?s={search_term_string}"},"query-input":{"@type":"PropertyValueSpecification","valueRequired":true,"valueName":"search_term_string"}}],"inLanguage":"fr-FR"},{"@type":"Organization","@id":"https:\/\/aufildespierres.com\/#organization","name":"Au fil des pierres","url":"https:\/\/aufildespierres.com\/","logo":{"@type":"ImageObject","inLanguage":"fr-FR","@id":"https:\/\/aufildespierres.com\/#\/schema\/logo\/image\/","url":"https:\/\/aufildespierres.com\/wp-content\/uploads\/2023\/05\/cropped-Logo-PNG-Transparent.png","contentUrl":"https:\/\/aufildespierres.com\/wp-content\/uploads\/2023\/05\/cropped-Logo-PNG-Transparent.png","width":1776,"height":1625,"caption":"Au fil des pierres"},"image":{"@id":"https:\/\/aufildespierres.com\/#\/schema\/logo\/image\/"}}]}},"_links":{"self":[{"href":"https:\/\/aufildespierres.com\/index.php\/wp-json\/wp\/v2\/product\/4700","targetHints":{"allow":["GET"]}}],"collection":[{"href":"https:\/\/aufildespierres.com\/index.php\/wp-json\/wp\/v2\/product"}],"about":[{"href":"https:\/\/aufildespierres.com\/index.php\/wp-json\/wp\/v2\/types\/product"}],"replies":[{"embeddable":true,"href":"https:\/\/aufildespierres.com\/index.php\/wp-json\/wp\/v2\/comments?post=4700"}],"wp:featuredmedia":[{"embeddable":true,"href":"https:\/\/aufildespierres.com\/index.php\/wp-json\/wp\/v2\/media\/4701"}],"wp:attachment":[{"href":"https:\/\/aufildespierres.com\/index.php\/wp-json\/wp\/v2\/media?parent=4700"}],"wp:term":[{"taxonomy":"product_brand","embeddable":true,"href":"https:\/\/aufildespierres.com\/index.php\/wp-json\/wp\/v2\/product_brand?post=4700"},{"taxonomy":"product_cat","embeddable":true,"href":"https:\/\/aufildespierres.com\/index.php\/wp-json\/wp\/v2\/product_cat?post=4700"},{"taxonomy":"product_tag","embeddable":true,"href":"https:\/\/aufildespierres.com\/index.php\/wp-json\/wp\/v2\/product_tag?post=4700"}],"curies":[{"name":"wp","href":"https:\/\/api.w.org\/{rel}","templated":true}]}}