{"id":649,"date":"2023-09-18T17:59:57","date_gmt":"2023-09-18T15:59:57","guid":{"rendered":"https:\/\/aufildespierres.com\/?post_type=product&#038;p=649"},"modified":"2025-04-23T19:26:46","modified_gmt":"2025-04-23T17:26:46","slug":"pendentif-en-quartz-rose","status":"publish","type":"product","link":"https:\/\/aufildespierres.com\/index.php\/product\/pendentif-en-quartz-rose\/","title":{"rendered":"Pendentif en Quartz rose"},"content":{"rendered":"<p>Pendentif en Quartz rose de Madagascar<\/p>\n<p>50 x 30 mm environ<\/p>\n<p>poids : 23 grammes<\/p>\n<p>B\u00e9li\u00e8re dor\u00e9e en acier inoxydable<\/p>\n<p><strong>\u00a0<\/strong><\/p>\n<p><strong>Propri\u00e9t\u00e9s psychiques\u00a0: <\/strong><\/p>\n<p>&nbsp;<\/p>\n<ul>\n<li>Associ\u00e9e au chakra du c\u0153ur le quartz rose apporte douceur, tendresse, paix et calme int\u00e9rieur, apaise les blessures profondes, les traumas et peines de c\u0153ur r\u00e9cents ou de l\u2019enfance<\/li>\n<li>Aide \u00e0 prendre conscience de l&rsquo;amour de soi et s&rsquo;accepter tel que l&rsquo;on est, apprendre \u00e0 s\u2019aimer et d\u2019avoir une meilleure image de soi<\/li>\n<li>Augmente confiance et estime de soi, s\u00e9curise les enfants jusqu\u2019\u00e0 la pubert\u00e9 (\u00e9nergie d\u2019amour maternel)<\/li>\n<li>Aide \u00e0 pardonne et respecter, redonne tendresse, affection, \u00e9coute et sagesse pour donner et recevoir de l&rsquo;amour.<\/li>\n<li>Aide \u00e0 trouver de l\u2019inspiration cr\u00e9ative.<\/li>\n<\/ul>\n<p>&nbsp;<\/p>\n<p><em>Propri\u00e9t\u00e9s physiques :<\/em><\/p>\n<ul>\n<li>Am\u00e9liore le syst\u00e8me circulatoire et apaise les bleus<\/li>\n<li>Diminue la tension art\u00e9rielle et lutte contre les infections ou maladies d\u00e9g\u00e9n\u00e9ratives du syst\u00e8me nerveux<\/li>\n<li>Calme hyperactivit\u00e9, stress, angoisses<\/li>\n<li>Prot\u00e8ge poumons, c\u0153ur et voies respiratoires<\/li>\n<li>R\u00e9duit les ulc\u00e8res dus au stress<\/li>\n<li>Elimine les toxines du corps via les surr\u00e9nales<\/li>\n<li>Augmente la fertilit\u00e9<\/li>\n<li>Aide contre les insomnies et maux de t\u00eate.<\/li>\n<li>Diminue les rides ( appliqu\u00e9 en roll on de massage )<\/li>\n<li>Att\u00e9nue les perturbations g\u00e9o biologiques.<\/li>\n<\/ul>\n<p>&nbsp;<\/p>\n<p>Une pierre de quartz rose peut se placer dans une pi\u00e8ce \u00e0 vivre ou dans une chambre pour apaiser les tensions, r\u00e9unifier,<\/p>\n<p><strong><u> Cot\u00e9 amour\u00a0: <\/u><\/strong><\/p>\n<p>Pour soi- m\u00eame, pour consolider les liens ou pour un nouvel amour<\/p>\n<p>Pierre de l\u2019amour en g\u00e9n\u00e9ral y compris celui de soi et de l\u2019humanit\u00e9, si on d\u00e9veloppe un amour de soi qui rayonne \u00e0 l\u2019ext\u00e9rieur on pourra plus facilement attirer de bonnes relations \u00e0 nous.<\/p>\n<p>&nbsp;<\/p>\n<p>&nbsp;<\/p>\n","protected":false},"excerpt":{"rendered":"<p>Pendentif en Quartz rose de Madagascar 50 x 30 mm environ poids : 23 grammes B\u00e9li\u00e8re dor\u00e9e en acier inoxydable \u00a0 Propri\u00e9t\u00e9s psychiques\u00a0: &nbsp; Associ\u00e9e au chakra du c\u0153ur le quartz rose apporte douceur, tendresse, paix et calme int\u00e9rieur, apaise les blessures profondes, les traumas et peines de c\u0153ur r\u00e9cents ou de l\u2019enfance Aide \u00e0 [&hellip;]<\/p>\n","protected":false},"featured_media":646,"comment_status":"open","ping_status":"closed","template":"","meta":{"site-sidebar-layout":"default","site-content-layout":"","ast-site-content-layout":"default","site-content-style":"default","site-sidebar-style":"default","ast-global-header-display":"","ast-banner-title-visibility":"","ast-main-header-display":"","ast-hfb-above-header-display":"","ast-hfb-below-header-display":"","ast-hfb-mobile-header-display":"","site-post-title":"","ast-breadcrumbs-content":"","ast-featured-img":"","footer-sml-layout":"","ast-disable-related-posts":"","theme-transparent-header-meta":"default","adv-header-id-meta":"","stick-header-meta":"","header-above-stick-meta":"","header-main-stick-meta":"","header-below-stick-meta":"","astra-migrate-meta-layouts":"set","ast-page-background-enabled":"default","ast-page-background-meta":{"desktop":{"background-color":"var(--ast-global-color-4)","background-image":"","background-repeat":"repeat","background-position":"center center","background-size":"auto","background-attachment":"scroll","background-type":"","background-media":"","overlay-type":"","overlay-color":"","overlay-opacity":"","overlay-gradient":""},"tablet":{"background-color":"","background-image":"","background-repeat":"repeat","background-position":"center center","background-size":"auto","background-attachment":"scroll","background-type":"","background-media":"","overlay-type":"","overlay-color":"","overlay-opacity":"","overlay-gradient":""},"mobile":{"background-color":"","background-image":"","background-repeat":"repeat","background-position":"center center","background-size":"auto","background-attachment":"scroll","background-type":"","background-media":"","overlay-type":"","overlay-color":"","overlay-opacity":"","overlay-gradient":""}},"ast-content-background-meta":{"desktop":{"background-color":"var(--ast-global-color-5)","background-image":"","background-repeat":"repeat","background-position":"center center","background-size":"auto","background-attachment":"scroll","background-type":"","background-media":"","overlay-type":"","overlay-color":"","overlay-opacity":"","overlay-gradient":""},"tablet":{"background-color":"var(--ast-global-color-5)","background-image":"","background-repeat":"repeat","background-position":"center center","background-size":"auto","background-attachment":"scroll","background-type":"","background-media":"","overlay-type":"","overlay-color":"","overlay-opacity":"","overlay-gradient":""},"mobile":{"background-color":"var(--ast-global-color-5)","background-image":"","background-repeat":"repeat","background-position":"center center","background-size":"auto","background-attachment":"scroll","background-type":"","background-media":"","overlay-type":"","overlay-color":"","overlay-opacity":"","overlay-gradient":""}},"_glsr_average":0,"_glsr_ranking":0,"_glsr_reviews":0},"product_brand":[],"product_cat":[40,26,49,21,75,65,63],"product_tag":[],"class_list":{"0":"post-649","1":"product","2":"type-product","3":"status-publish","4":"has-post-thumbnail","6":"product_cat-bienfaits","7":"product_cat-bijoux","8":"product_cat-confiance-en-soi","9":"product_cat-pendentifs-de-lithotherapie","10":"product_cat-quartz-rose","11":"product_cat-rose","12":"product_cat-stress-angoisses","13":"desktop-align-left","14":"tablet-align-left","15":"mobile-align-left","17":"first","18":"instock","19":"purchasable","20":"product-type-simple"},"yoast_head":"<!-- This site is optimized with the Yoast SEO plugin v27.5 - https:\/\/yoast.com\/product\/yoast-seo-wordpress\/ -->\n<title>Pendentif en Quartz rose - Au fil des pierres<\/title>\n<meta name=\"robots\" content=\"index, follow, max-snippet:-1, max-image-preview:large, max-video-preview:-1\" \/>\n<link rel=\"canonical\" href=\"https:\/\/aufildespierres.com\/index.php\/product\/pendentif-en-quartz-rose\/\" \/>\n<meta property=\"og:locale\" content=\"fr_FR\" \/>\n<meta property=\"og:type\" content=\"article\" \/>\n<meta property=\"og:title\" content=\"Pendentif en Quartz rose - Au fil des pierres\" \/>\n<meta property=\"og:description\" content=\"Pendentif en Quartz rose de Madagascar 50 x 30 mm environ poids : 23 grammes B\u00e9li\u00e8re dor\u00e9e en acier inoxydable \u00a0 Propri\u00e9t\u00e9s psychiques\u00a0: &nbsp; Associ\u00e9e au chakra du c\u0153ur le quartz rose apporte douceur, tendresse, paix et calme int\u00e9rieur, apaise les blessures profondes, les traumas et peines de c\u0153ur r\u00e9cents ou de l\u2019enfance Aide \u00e0 [&hellip;]\" \/>\n<meta property=\"og:url\" content=\"https:\/\/aufildespierres.com\/index.php\/product\/pendentif-en-quartz-rose\/\" \/>\n<meta property=\"og:site_name\" content=\"Au fil des pierres\" \/>\n<meta property=\"article:modified_time\" content=\"2025-04-23T17:26:46+00:00\" \/>\n<meta property=\"og:image\" content=\"https:\/\/aufildespierres.com\/wp-content\/uploads\/2023\/09\/20230918_174012-scaled.jpg\" \/>\n\t<meta property=\"og:image:width\" content=\"2194\" \/>\n\t<meta property=\"og:image:height\" content=\"2560\" \/>\n\t<meta property=\"og:image:type\" content=\"image\/jpeg\" \/>\n<meta name=\"twitter:card\" content=\"summary_large_image\" \/>\n<meta name=\"twitter:label1\" content=\"Dur\u00e9e de lecture estim\u00e9e\" \/>\n\t<meta name=\"twitter:data1\" content=\"2 minutes\" \/>\n<script type=\"application\/ld+json\" class=\"yoast-schema-graph\">{\"@context\":\"https:\\\/\\\/schema.org\",\"@graph\":[{\"@type\":\"WebPage\",\"@id\":\"https:\\\/\\\/aufildespierres.com\\\/index.php\\\/product\\\/pendentif-en-quartz-rose\\\/\",\"url\":\"https:\\\/\\\/aufildespierres.com\\\/index.php\\\/product\\\/pendentif-en-quartz-rose\\\/\",\"name\":\"Pendentif en Quartz rose - Au fil des pierres\",\"isPartOf\":{\"@id\":\"https:\\\/\\\/aufildespierres.com\\\/#website\"},\"primaryImageOfPage\":{\"@id\":\"https:\\\/\\\/aufildespierres.com\\\/index.php\\\/product\\\/pendentif-en-quartz-rose\\\/#primaryimage\"},\"image\":{\"@id\":\"https:\\\/\\\/aufildespierres.com\\\/index.php\\\/product\\\/pendentif-en-quartz-rose\\\/#primaryimage\"},\"thumbnailUrl\":\"https:\\\/\\\/aufildespierres.com\\\/wp-content\\\/uploads\\\/2023\\\/09\\\/20230918_174012-scaled.jpg\",\"datePublished\":\"2023-09-18T15:59:57+00:00\",\"dateModified\":\"2025-04-23T17:26:46+00:00\",\"breadcrumb\":{\"@id\":\"https:\\\/\\\/aufildespierres.com\\\/index.php\\\/product\\\/pendentif-en-quartz-rose\\\/#breadcrumb\"},\"inLanguage\":\"fr-FR\",\"potentialAction\":[{\"@type\":\"ReadAction\",\"target\":[\"https:\\\/\\\/aufildespierres.com\\\/index.php\\\/product\\\/pendentif-en-quartz-rose\\\/\"]}]},{\"@type\":\"ImageObject\",\"inLanguage\":\"fr-FR\",\"@id\":\"https:\\\/\\\/aufildespierres.com\\\/index.php\\\/product\\\/pendentif-en-quartz-rose\\\/#primaryimage\",\"url\":\"https:\\\/\\\/aufildespierres.com\\\/wp-content\\\/uploads\\\/2023\\\/09\\\/20230918_174012-scaled.jpg\",\"contentUrl\":\"https:\\\/\\\/aufildespierres.com\\\/wp-content\\\/uploads\\\/2023\\\/09\\\/20230918_174012-scaled.jpg\",\"width\":2194,\"height\":2560},{\"@type\":\"BreadcrumbList\",\"@id\":\"https:\\\/\\\/aufildespierres.com\\\/index.php\\\/product\\\/pendentif-en-quartz-rose\\\/#breadcrumb\",\"itemListElement\":[{\"@type\":\"ListItem\",\"position\":1,\"name\":\"Accueil\",\"item\":\"https:\\\/\\\/aufildespierres.com\\\/\"},{\"@type\":\"ListItem\",\"position\":2,\"name\":\"Boutique de Lithoth\u00e9rapie\",\"item\":\"https:\\\/\\\/aufildespierres.com\\\/index.php\\\/boutique-de-lithotherapie\\\/\"},{\"@type\":\"ListItem\",\"position\":3,\"name\":\"Pendentif en Quartz rose\"}]},{\"@type\":\"WebSite\",\"@id\":\"https:\\\/\\\/aufildespierres.com\\\/#website\",\"url\":\"https:\\\/\\\/aufildespierres.com\\\/\",\"name\":\"Au fil des pierres\",\"description\":\"Au fil des pierres\",\"publisher\":{\"@id\":\"https:\\\/\\\/aufildespierres.com\\\/#organization\"},\"potentialAction\":[{\"@type\":\"SearchAction\",\"target\":{\"@type\":\"EntryPoint\",\"urlTemplate\":\"https:\\\/\\\/aufildespierres.com\\\/?s={search_term_string}\"},\"query-input\":{\"@type\":\"PropertyValueSpecification\",\"valueRequired\":true,\"valueName\":\"search_term_string\"}}],\"inLanguage\":\"fr-FR\"},{\"@type\":\"Organization\",\"@id\":\"https:\\\/\\\/aufildespierres.com\\\/#organization\",\"name\":\"Au fil des pierres\",\"url\":\"https:\\\/\\\/aufildespierres.com\\\/\",\"logo\":{\"@type\":\"ImageObject\",\"inLanguage\":\"fr-FR\",\"@id\":\"https:\\\/\\\/aufildespierres.com\\\/#\\\/schema\\\/logo\\\/image\\\/\",\"url\":\"https:\\\/\\\/aufildespierres.com\\\/wp-content\\\/uploads\\\/2023\\\/05\\\/cropped-Logo-PNG-Transparent.png\",\"contentUrl\":\"https:\\\/\\\/aufildespierres.com\\\/wp-content\\\/uploads\\\/2023\\\/05\\\/cropped-Logo-PNG-Transparent.png\",\"width\":1776,\"height\":1625,\"caption\":\"Au fil des pierres\"},\"image\":{\"@id\":\"https:\\\/\\\/aufildespierres.com\\\/#\\\/schema\\\/logo\\\/image\\\/\"}}]}<\/script>\n<!-- \/ Yoast SEO plugin. -->","yoast_head_json":{"title":"Pendentif en Quartz rose - Au fil des pierres","robots":{"index":"index","follow":"follow","max-snippet":"max-snippet:-1","max-image-preview":"max-image-preview:large","max-video-preview":"max-video-preview:-1"},"canonical":"https:\/\/aufildespierres.com\/index.php\/product\/pendentif-en-quartz-rose\/","og_locale":"fr_FR","og_type":"article","og_title":"Pendentif en Quartz rose - Au fil des pierres","og_description":"Pendentif en Quartz rose de Madagascar 50 x 30 mm environ poids : 23 grammes B\u00e9li\u00e8re dor\u00e9e en acier inoxydable \u00a0 Propri\u00e9t\u00e9s psychiques\u00a0: &nbsp; Associ\u00e9e au chakra du c\u0153ur le quartz rose apporte douceur, tendresse, paix et calme int\u00e9rieur, apaise les blessures profondes, les traumas et peines de c\u0153ur r\u00e9cents ou de l\u2019enfance Aide \u00e0 [&hellip;]","og_url":"https:\/\/aufildespierres.com\/index.php\/product\/pendentif-en-quartz-rose\/","og_site_name":"Au fil des pierres","article_modified_time":"2025-04-23T17:26:46+00:00","og_image":[{"width":2194,"height":2560,"url":"https:\/\/aufildespierres.com\/wp-content\/uploads\/2023\/09\/20230918_174012-scaled.jpg","type":"image\/jpeg"}],"twitter_card":"summary_large_image","twitter_misc":{"Dur\u00e9e de lecture estim\u00e9e":"2 minutes"},"schema":{"@context":"https:\/\/schema.org","@graph":[{"@type":"WebPage","@id":"https:\/\/aufildespierres.com\/index.php\/product\/pendentif-en-quartz-rose\/","url":"https:\/\/aufildespierres.com\/index.php\/product\/pendentif-en-quartz-rose\/","name":"Pendentif en Quartz rose - Au fil des pierres","isPartOf":{"@id":"https:\/\/aufildespierres.com\/#website"},"primaryImageOfPage":{"@id":"https:\/\/aufildespierres.com\/index.php\/product\/pendentif-en-quartz-rose\/#primaryimage"},"image":{"@id":"https:\/\/aufildespierres.com\/index.php\/product\/pendentif-en-quartz-rose\/#primaryimage"},"thumbnailUrl":"https:\/\/aufildespierres.com\/wp-content\/uploads\/2023\/09\/20230918_174012-scaled.jpg","datePublished":"2023-09-18T15:59:57+00:00","dateModified":"2025-04-23T17:26:46+00:00","breadcrumb":{"@id":"https:\/\/aufildespierres.com\/index.php\/product\/pendentif-en-quartz-rose\/#breadcrumb"},"inLanguage":"fr-FR","potentialAction":[{"@type":"ReadAction","target":["https:\/\/aufildespierres.com\/index.php\/product\/pendentif-en-quartz-rose\/"]}]},{"@type":"ImageObject","inLanguage":"fr-FR","@id":"https:\/\/aufildespierres.com\/index.php\/product\/pendentif-en-quartz-rose\/#primaryimage","url":"https:\/\/aufildespierres.com\/wp-content\/uploads\/2023\/09\/20230918_174012-scaled.jpg","contentUrl":"https:\/\/aufildespierres.com\/wp-content\/uploads\/2023\/09\/20230918_174012-scaled.jpg","width":2194,"height":2560},{"@type":"BreadcrumbList","@id":"https:\/\/aufildespierres.com\/index.php\/product\/pendentif-en-quartz-rose\/#breadcrumb","itemListElement":[{"@type":"ListItem","position":1,"name":"Accueil","item":"https:\/\/aufildespierres.com\/"},{"@type":"ListItem","position":2,"name":"Boutique de Lithoth\u00e9rapie","item":"https:\/\/aufildespierres.com\/index.php\/boutique-de-lithotherapie\/"},{"@type":"ListItem","position":3,"name":"Pendentif en Quartz rose"}]},{"@type":"WebSite","@id":"https:\/\/aufildespierres.com\/#website","url":"https:\/\/aufildespierres.com\/","name":"Au fil des pierres","description":"Au fil des pierres","publisher":{"@id":"https:\/\/aufildespierres.com\/#organization"},"potentialAction":[{"@type":"SearchAction","target":{"@type":"EntryPoint","urlTemplate":"https:\/\/aufildespierres.com\/?s={search_term_string}"},"query-input":{"@type":"PropertyValueSpecification","valueRequired":true,"valueName":"search_term_string"}}],"inLanguage":"fr-FR"},{"@type":"Organization","@id":"https:\/\/aufildespierres.com\/#organization","name":"Au fil des pierres","url":"https:\/\/aufildespierres.com\/","logo":{"@type":"ImageObject","inLanguage":"fr-FR","@id":"https:\/\/aufildespierres.com\/#\/schema\/logo\/image\/","url":"https:\/\/aufildespierres.com\/wp-content\/uploads\/2023\/05\/cropped-Logo-PNG-Transparent.png","contentUrl":"https:\/\/aufildespierres.com\/wp-content\/uploads\/2023\/05\/cropped-Logo-PNG-Transparent.png","width":1776,"height":1625,"caption":"Au fil des pierres"},"image":{"@id":"https:\/\/aufildespierres.com\/#\/schema\/logo\/image\/"}}]}},"_links":{"self":[{"href":"https:\/\/aufildespierres.com\/index.php\/wp-json\/wp\/v2\/product\/649","targetHints":{"allow":["GET"]}}],"collection":[{"href":"https:\/\/aufildespierres.com\/index.php\/wp-json\/wp\/v2\/product"}],"about":[{"href":"https:\/\/aufildespierres.com\/index.php\/wp-json\/wp\/v2\/types\/product"}],"replies":[{"embeddable":true,"href":"https:\/\/aufildespierres.com\/index.php\/wp-json\/wp\/v2\/comments?post=649"}],"wp:featuredmedia":[{"embeddable":true,"href":"https:\/\/aufildespierres.com\/index.php\/wp-json\/wp\/v2\/media\/646"}],"wp:attachment":[{"href":"https:\/\/aufildespierres.com\/index.php\/wp-json\/wp\/v2\/media?parent=649"}],"wp:term":[{"taxonomy":"product_brand","embeddable":true,"href":"https:\/\/aufildespierres.com\/index.php\/wp-json\/wp\/v2\/product_brand?post=649"},{"taxonomy":"product_cat","embeddable":true,"href":"https:\/\/aufildespierres.com\/index.php\/wp-json\/wp\/v2\/product_cat?post=649"},{"taxonomy":"product_tag","embeddable":true,"href":"https:\/\/aufildespierres.com\/index.php\/wp-json\/wp\/v2\/product_tag?post=649"}],"curies":[{"name":"wp","href":"https:\/\/api.w.org\/{rel}","templated":true}]}}