{"id":711,"date":"2023-09-24T16:04:01","date_gmt":"2023-09-24T14:04:01","guid":{"rendered":"https:\/\/aufildespierres.com\/?post_type=product&#038;p=711"},"modified":"2024-12-30T22:43:27","modified_gmt":"2024-12-30T21:43:27","slug":"bracelet-agate-indienne","status":"publish","type":"product","link":"https:\/\/aufildespierres.com\/index.php\/product\/bracelet-agate-indienne\/","title":{"rendered":"Bracelet Agate Indienne"},"content":{"rendered":"<p>Bracelet en Agate Indienne compos\u00e9 de 20 perles en India Agate et 1 perle forme coeur<\/p>\n<p>2 perles acier inoxydable<\/p>\n<p>1 breloque alliage tib\u00e9tain<\/p>\n<p>L&rsquo;appareil photo amplifie les couleurs qui sont en r\u00e9alit\u00e9 moins vives sur les perles jaune ( plut\u00f4t brun moutarde ) et rouge ( rouge brique ) .<\/p>\n<p>le mod\u00e8le pr\u00e9sent\u00e9 correspond \u00e0 un poignet de 17 cm .<\/p>\n<p><strong>Agate indienne :\u00a0<\/strong><\/p>\n<p><em>Propri\u00e9t\u00e9s psychiques :<\/em><\/p>\n<ul>\n<li>Calme les \u00e9motions apaise et relaxe, favorise le bien \u00eatre mental<\/li>\n<li>Equilibre le yin et le yang<\/li>\n<li>Pierre de chance et prosp\u00e9rit\u00e9, de protection, de long\u00e9vit\u00e9<\/li>\n<li>Renforce le courage et la confiance en soi et l&rsquo;acceptation des choses, donne de la force si on traverse un moment difficile<\/li>\n<li>Soulage stress et anxi\u00e9t\u00e9, peurs, col\u00e8re<\/li>\n<li>Augmente la concentration et favorise les capacit\u00e9s intellectuelles<\/li>\n<li>Convient aux enfants agit\u00e9s qui tombent souvent .<\/li>\n<\/ul>\n<p><em>Propri\u00e9t\u00e9s physiques :<\/em><\/p>\n<ul>\n<li>Apporte de l&rsquo;\u00e9nergie si on en manque<\/li>\n<li>Agit sur le syst\u00e8me lymphatique, intestinal (colon pancr\u00e9as) probl\u00e8mes oculaires et pulmonaires ,maux de gorge et dentaire<\/li>\n<li>Soutient la circulation sanguine, le m\u00e9tabolisme en g\u00e9n\u00e9ral<\/li>\n<li>Favorise une r\u00e9cup\u00e9ration musculaire pour les sportifs.<\/li>\n<\/ul>\n","protected":false},"excerpt":{"rendered":"<p>Bracelet en Agate Indienne compos\u00e9 de 20 perles en India Agate et 1 perle forme coeur 2 perles acier inoxydable 1 breloque alliage tib\u00e9tain L&rsquo;appareil photo amplifie les couleurs qui sont en r\u00e9alit\u00e9 moins vives sur les perles jaune ( plut\u00f4t brun moutarde ) et rouge ( rouge brique ) . le mod\u00e8le pr\u00e9sent\u00e9 correspond [&hellip;]<\/p>\n","protected":false},"featured_media":717,"comment_status":"open","ping_status":"closed","template":"","meta":{"site-sidebar-layout":"default","site-content-layout":"","ast-site-content-layout":"default","site-content-style":"default","site-sidebar-style":"default","ast-global-header-display":"","ast-banner-title-visibility":"","ast-main-header-display":"","ast-hfb-above-header-display":"","ast-hfb-below-header-display":"","ast-hfb-mobile-header-display":"","site-post-title":"","ast-breadcrumbs-content":"","ast-featured-img":"","footer-sml-layout":"","ast-disable-related-posts":"","theme-transparent-header-meta":"default","adv-header-id-meta":"","stick-header-meta":"","header-above-stick-meta":"","header-main-stick-meta":"","header-below-stick-meta":"","astra-migrate-meta-layouts":"set","ast-page-background-enabled":"default","ast-page-background-meta":{"desktop":{"background-color":"var(--ast-global-color-4)","background-image":"","background-repeat":"repeat","background-position":"center center","background-size":"auto","background-attachment":"scroll","background-type":"","background-media":"","overlay-type":"","overlay-color":"","overlay-opacity":"","overlay-gradient":""},"tablet":{"background-color":"","background-image":"","background-repeat":"repeat","background-position":"center center","background-size":"auto","background-attachment":"scroll","background-type":"","background-media":"","overlay-type":"","overlay-color":"","overlay-opacity":"","overlay-gradient":""},"mobile":{"background-color":"","background-image":"","background-repeat":"repeat","background-position":"center center","background-size":"auto","background-attachment":"scroll","background-type":"","background-media":"","overlay-type":"","overlay-color":"","overlay-opacity":"","overlay-gradient":""}},"ast-content-background-meta":{"desktop":{"background-color":"var(--ast-global-color-5)","background-image":"","background-repeat":"repeat","background-position":"center center","background-size":"auto","background-attachment":"scroll","background-type":"","background-media":"","overlay-type":"","overlay-color":"","overlay-opacity":"","overlay-gradient":""},"tablet":{"background-color":"var(--ast-global-color-5)","background-image":"","background-repeat":"repeat","background-position":"center center","background-size":"auto","background-attachment":"scroll","background-type":"","background-media":"","overlay-type":"","overlay-color":"","overlay-opacity":"","overlay-gradient":""},"mobile":{"background-color":"var(--ast-global-color-5)","background-image":"","background-repeat":"repeat","background-position":"center center","background-size":"auto","background-attachment":"scroll","background-type":"","background-media":"","overlay-type":"","overlay-color":"","overlay-opacity":"","overlay-gradient":""}},"_glsr_average":0,"_glsr_ranking":0,"_glsr_reviews":0},"product_brand":[],"product_cat":[15],"product_tag":[],"class_list":{"0":"post-711","1":"product","2":"type-product","3":"status-publish","4":"has-post-thumbnail","6":"product_cat-tout","7":"desktop-align-left","8":"tablet-align-left","9":"mobile-align-left","11":"first","12":"outofstock","13":"purchasable","14":"product-type-variable"},"yoast_head":"<!-- This site is optimized with the Yoast SEO plugin v27.2 - https:\/\/yoast.com\/product\/yoast-seo-wordpress\/ -->\n<title>Bracelet Agate Indienne - Au fil des pierres<\/title>\n<meta name=\"robots\" content=\"index, follow, max-snippet:-1, max-image-preview:large, max-video-preview:-1\" \/>\n<link rel=\"canonical\" href=\"https:\/\/aufildespierres.com\/index.php\/product\/bracelet-agate-indienne\/\" \/>\n<meta property=\"og:locale\" content=\"fr_FR\" \/>\n<meta property=\"og:type\" content=\"article\" \/>\n<meta property=\"og:title\" content=\"Bracelet Agate Indienne - Au fil des pierres\" \/>\n<meta property=\"og:description\" content=\"Bracelet en Agate Indienne compos\u00e9 de 20 perles en India Agate et 1 perle forme coeur 2 perles acier inoxydable 1 breloque alliage tib\u00e9tain L&rsquo;appareil photo amplifie les couleurs qui sont en r\u00e9alit\u00e9 moins vives sur les perles jaune ( plut\u00f4t brun moutarde ) et rouge ( rouge brique ) . le mod\u00e8le pr\u00e9sent\u00e9 correspond [&hellip;]\" \/>\n<meta property=\"og:url\" content=\"https:\/\/aufildespierres.com\/index.php\/product\/bracelet-agate-indienne\/\" \/>\n<meta property=\"og:site_name\" content=\"Au fil des pierres\" \/>\n<meta property=\"article:modified_time\" content=\"2024-12-30T21:43:27+00:00\" \/>\n<meta property=\"og:image\" content=\"https:\/\/aufildespierres.com\/wp-content\/uploads\/2023\/09\/20230924_154506.jpg\" \/>\n\t<meta property=\"og:image:width\" content=\"2461\" \/>\n\t<meta property=\"og:image:height\" content=\"2240\" \/>\n\t<meta property=\"og:image:type\" content=\"image\/jpeg\" \/>\n<meta name=\"twitter:card\" content=\"summary_large_image\" \/>\n<meta name=\"twitter:label1\" content=\"Dur\u00e9e de lecture estim\u00e9e\" \/>\n\t<meta name=\"twitter:data1\" content=\"2 minutes\" \/>\n<script type=\"application\/ld+json\" class=\"yoast-schema-graph\">{\"@context\":\"https:\/\/schema.org\",\"@graph\":[{\"@type\":\"WebPage\",\"@id\":\"https:\/\/aufildespierres.com\/index.php\/product\/bracelet-agate-indienne\/\",\"url\":\"https:\/\/aufildespierres.com\/index.php\/product\/bracelet-agate-indienne\/\",\"name\":\"Bracelet Agate Indienne - Au fil des pierres\",\"isPartOf\":{\"@id\":\"https:\/\/aufildespierres.com\/#website\"},\"primaryImageOfPage\":{\"@id\":\"https:\/\/aufildespierres.com\/index.php\/product\/bracelet-agate-indienne\/#primaryimage\"},\"image\":{\"@id\":\"https:\/\/aufildespierres.com\/index.php\/product\/bracelet-agate-indienne\/#primaryimage\"},\"thumbnailUrl\":\"https:\/\/aufildespierres.com\/wp-content\/uploads\/2023\/09\/20230924_154506.jpg\",\"datePublished\":\"2023-09-24T14:04:01+00:00\",\"dateModified\":\"2024-12-30T21:43:27+00:00\",\"breadcrumb\":{\"@id\":\"https:\/\/aufildespierres.com\/index.php\/product\/bracelet-agate-indienne\/#breadcrumb\"},\"inLanguage\":\"fr-FR\",\"potentialAction\":[{\"@type\":\"ReadAction\",\"target\":[\"https:\/\/aufildespierres.com\/index.php\/product\/bracelet-agate-indienne\/\"]}]},{\"@type\":\"ImageObject\",\"inLanguage\":\"fr-FR\",\"@id\":\"https:\/\/aufildespierres.com\/index.php\/product\/bracelet-agate-indienne\/#primaryimage\",\"url\":\"https:\/\/aufildespierres.com\/wp-content\/uploads\/2023\/09\/20230924_154506.jpg\",\"contentUrl\":\"https:\/\/aufildespierres.com\/wp-content\/uploads\/2023\/09\/20230924_154506.jpg\",\"width\":2461,\"height\":2240},{\"@type\":\"BreadcrumbList\",\"@id\":\"https:\/\/aufildespierres.com\/index.php\/product\/bracelet-agate-indienne\/#breadcrumb\",\"itemListElement\":[{\"@type\":\"ListItem\",\"position\":1,\"name\":\"Accueil\",\"item\":\"https:\/\/aufildespierres.com\/\"},{\"@type\":\"ListItem\",\"position\":2,\"name\":\"Boutique de Lithoth\u00e9rapie\",\"item\":\"https:\/\/aufildespierres.com\/index.php\/boutique-de-lithotherapie\/\"},{\"@type\":\"ListItem\",\"position\":3,\"name\":\"Bracelet Agate Indienne\"}]},{\"@type\":\"WebSite\",\"@id\":\"https:\/\/aufildespierres.com\/#website\",\"url\":\"https:\/\/aufildespierres.com\/\",\"name\":\"Au fil des pierres\",\"description\":\"Au fil des pierres\",\"publisher\":{\"@id\":\"https:\/\/aufildespierres.com\/#organization\"},\"potentialAction\":[{\"@type\":\"SearchAction\",\"target\":{\"@type\":\"EntryPoint\",\"urlTemplate\":\"https:\/\/aufildespierres.com\/?s={search_term_string}\"},\"query-input\":{\"@type\":\"PropertyValueSpecification\",\"valueRequired\":true,\"valueName\":\"search_term_string\"}}],\"inLanguage\":\"fr-FR\"},{\"@type\":\"Organization\",\"@id\":\"https:\/\/aufildespierres.com\/#organization\",\"name\":\"Au fil des pierres\",\"url\":\"https:\/\/aufildespierres.com\/\",\"logo\":{\"@type\":\"ImageObject\",\"inLanguage\":\"fr-FR\",\"@id\":\"https:\/\/aufildespierres.com\/#\/schema\/logo\/image\/\",\"url\":\"https:\/\/aufildespierres.com\/wp-content\/uploads\/2023\/05\/cropped-Logo-PNG-Transparent.png\",\"contentUrl\":\"https:\/\/aufildespierres.com\/wp-content\/uploads\/2023\/05\/cropped-Logo-PNG-Transparent.png\",\"width\":1776,\"height\":1625,\"caption\":\"Au fil des pierres\"},\"image\":{\"@id\":\"https:\/\/aufildespierres.com\/#\/schema\/logo\/image\/\"}}]}<\/script>\n<!-- \/ Yoast SEO plugin. -->","yoast_head_json":{"title":"Bracelet Agate Indienne - Au fil des pierres","robots":{"index":"index","follow":"follow","max-snippet":"max-snippet:-1","max-image-preview":"max-image-preview:large","max-video-preview":"max-video-preview:-1"},"canonical":"https:\/\/aufildespierres.com\/index.php\/product\/bracelet-agate-indienne\/","og_locale":"fr_FR","og_type":"article","og_title":"Bracelet Agate Indienne - Au fil des pierres","og_description":"Bracelet en Agate Indienne compos\u00e9 de 20 perles en India Agate et 1 perle forme coeur 2 perles acier inoxydable 1 breloque alliage tib\u00e9tain L&rsquo;appareil photo amplifie les couleurs qui sont en r\u00e9alit\u00e9 moins vives sur les perles jaune ( plut\u00f4t brun moutarde ) et rouge ( rouge brique ) . le mod\u00e8le pr\u00e9sent\u00e9 correspond [&hellip;]","og_url":"https:\/\/aufildespierres.com\/index.php\/product\/bracelet-agate-indienne\/","og_site_name":"Au fil des pierres","article_modified_time":"2024-12-30T21:43:27+00:00","og_image":[{"width":2461,"height":2240,"url":"https:\/\/aufildespierres.com\/wp-content\/uploads\/2023\/09\/20230924_154506.jpg","type":"image\/jpeg"}],"twitter_card":"summary_large_image","twitter_misc":{"Dur\u00e9e de lecture estim\u00e9e":"2 minutes"},"schema":{"@context":"https:\/\/schema.org","@graph":[{"@type":"WebPage","@id":"https:\/\/aufildespierres.com\/index.php\/product\/bracelet-agate-indienne\/","url":"https:\/\/aufildespierres.com\/index.php\/product\/bracelet-agate-indienne\/","name":"Bracelet Agate Indienne - Au fil des pierres","isPartOf":{"@id":"https:\/\/aufildespierres.com\/#website"},"primaryImageOfPage":{"@id":"https:\/\/aufildespierres.com\/index.php\/product\/bracelet-agate-indienne\/#primaryimage"},"image":{"@id":"https:\/\/aufildespierres.com\/index.php\/product\/bracelet-agate-indienne\/#primaryimage"},"thumbnailUrl":"https:\/\/aufildespierres.com\/wp-content\/uploads\/2023\/09\/20230924_154506.jpg","datePublished":"2023-09-24T14:04:01+00:00","dateModified":"2024-12-30T21:43:27+00:00","breadcrumb":{"@id":"https:\/\/aufildespierres.com\/index.php\/product\/bracelet-agate-indienne\/#breadcrumb"},"inLanguage":"fr-FR","potentialAction":[{"@type":"ReadAction","target":["https:\/\/aufildespierres.com\/index.php\/product\/bracelet-agate-indienne\/"]}]},{"@type":"ImageObject","inLanguage":"fr-FR","@id":"https:\/\/aufildespierres.com\/index.php\/product\/bracelet-agate-indienne\/#primaryimage","url":"https:\/\/aufildespierres.com\/wp-content\/uploads\/2023\/09\/20230924_154506.jpg","contentUrl":"https:\/\/aufildespierres.com\/wp-content\/uploads\/2023\/09\/20230924_154506.jpg","width":2461,"height":2240},{"@type":"BreadcrumbList","@id":"https:\/\/aufildespierres.com\/index.php\/product\/bracelet-agate-indienne\/#breadcrumb","itemListElement":[{"@type":"ListItem","position":1,"name":"Accueil","item":"https:\/\/aufildespierres.com\/"},{"@type":"ListItem","position":2,"name":"Boutique de Lithoth\u00e9rapie","item":"https:\/\/aufildespierres.com\/index.php\/boutique-de-lithotherapie\/"},{"@type":"ListItem","position":3,"name":"Bracelet Agate Indienne"}]},{"@type":"WebSite","@id":"https:\/\/aufildespierres.com\/#website","url":"https:\/\/aufildespierres.com\/","name":"Au fil des pierres","description":"Au fil des pierres","publisher":{"@id":"https:\/\/aufildespierres.com\/#organization"},"potentialAction":[{"@type":"SearchAction","target":{"@type":"EntryPoint","urlTemplate":"https:\/\/aufildespierres.com\/?s={search_term_string}"},"query-input":{"@type":"PropertyValueSpecification","valueRequired":true,"valueName":"search_term_string"}}],"inLanguage":"fr-FR"},{"@type":"Organization","@id":"https:\/\/aufildespierres.com\/#organization","name":"Au fil des pierres","url":"https:\/\/aufildespierres.com\/","logo":{"@type":"ImageObject","inLanguage":"fr-FR","@id":"https:\/\/aufildespierres.com\/#\/schema\/logo\/image\/","url":"https:\/\/aufildespierres.com\/wp-content\/uploads\/2023\/05\/cropped-Logo-PNG-Transparent.png","contentUrl":"https:\/\/aufildespierres.com\/wp-content\/uploads\/2023\/05\/cropped-Logo-PNG-Transparent.png","width":1776,"height":1625,"caption":"Au fil des pierres"},"image":{"@id":"https:\/\/aufildespierres.com\/#\/schema\/logo\/image\/"}}]}},"_links":{"self":[{"href":"https:\/\/aufildespierres.com\/index.php\/wp-json\/wp\/v2\/product\/711","targetHints":{"allow":["GET"]}}],"collection":[{"href":"https:\/\/aufildespierres.com\/index.php\/wp-json\/wp\/v2\/product"}],"about":[{"href":"https:\/\/aufildespierres.com\/index.php\/wp-json\/wp\/v2\/types\/product"}],"replies":[{"embeddable":true,"href":"https:\/\/aufildespierres.com\/index.php\/wp-json\/wp\/v2\/comments?post=711"}],"wp:featuredmedia":[{"embeddable":true,"href":"https:\/\/aufildespierres.com\/index.php\/wp-json\/wp\/v2\/media\/717"}],"wp:attachment":[{"href":"https:\/\/aufildespierres.com\/index.php\/wp-json\/wp\/v2\/media?parent=711"}],"wp:term":[{"taxonomy":"product_brand","embeddable":true,"href":"https:\/\/aufildespierres.com\/index.php\/wp-json\/wp\/v2\/product_brand?post=711"},{"taxonomy":"product_cat","embeddable":true,"href":"https:\/\/aufildespierres.com\/index.php\/wp-json\/wp\/v2\/product_cat?post=711"},{"taxonomy":"product_tag","embeddable":true,"href":"https:\/\/aufildespierres.com\/index.php\/wp-json\/wp\/v2\/product_tag?post=711"}],"curies":[{"name":"wp","href":"https:\/\/api.w.org\/{rel}","templated":true}]}}